{"id":60368,"date":"2021-04-30T11:04:14","date_gmt":"2021-04-30T09:04:14","guid":{"rendered":"https:\/\/nabytoklaguna.sk\/sk\/?post_type=product&#038;p=60368"},"modified":"2026-01-30T11:54:43","modified_gmt":"2026-01-30T10:54:43","slug":"fraga-detska-postel-adrk","status":"publish","type":"product","link":"https:\/\/nabytoklaguna.sk\/sk\/produkt\/fraga-detska-postel-adrk\/","title":{"rendered":"FRAGA detsk\u00e1 poste\u013e ADRK"},"content":{"rendered":"<p><strong>Jednoduch\u00e1<\/strong> poste\u013e <strong>Fraga\u00a0<\/strong>je vhodn\u00e1 do ka\u017edej\u00a0<strong>detskej<\/strong>\u00a0izbi\u010dky. M\u00e1te mo\u017enos\u0165 v\u00fdberu z r\u00f4znych\u00a0<strong>farebn\u00fdch<\/strong>\u00a0<strong>preveden\u00ed <\/strong>a <strong>biely<\/strong> <strong>r\u00e1m<\/strong> postie\u013eku e\u0161te viac roz\u017eiari.\u00a0\u010eal\u0161ou v\u00fdhodou je\u00a0<strong>pr\u00edstelka<\/strong>, ktor\u00e1 umo\u017en\u00ed prespanie detskej\u00a0<strong>n\u00e1v\u0161teve<\/strong>\u00a0V\u00e1\u0161ho die\u0165a\u0165a, pr\u00edpadne bude\u00a0<strong>skladnou<\/strong>\u00a0mo\u017enos\u0165ou pre\u00a0<strong>viac<\/strong>\u00a0<strong>det\u00ed<\/strong>\u00a0v rodine. Taktie\u017e ur\u010dite vyu\u017eijete\u00a0<strong>odkladac\u00ed<\/strong>\u00a0<strong>priestor<\/strong>\u00a0v podobe\u00a0<strong>dvoch<\/strong>\u00a0<strong>z\u00e1suviek<\/strong> umiestnen\u00fdch pod poste\u013eou. Poste\u013e sa dod\u00e1va <b>vr\u00e1tane matracov .<\/b><\/p>\n<p><strong>Rozmery (\u0160xVxH): <\/strong>206\u00a0x 65 x 96 cm<\/p>\n<ul>\n<li><b>Materi\u00e1l:<\/b>\u00a0laminovan\u00e1 DTD<\/li>\n<li><b>Farba:\u00a0<\/b>modr\u00e1, oran\u017eov\u00e1, ru\u017eov\u00e1,\u00a0zelen\u00e1, biela<\/li>\n<li><strong>Farba r\u00e1mu:\u00a0<\/strong>biela<\/li>\n<li><b>Rozmery (\u0160xVxH):\u00a0<\/b>206 x 65 x 96 cm<\/li>\n<li>Dod\u00e1van\u00e9 v demonte<\/li>\n<\/ul>\n","protected":false},"excerpt":{"rendered":"<p>Jednoduch\u00e1 poste\u013e Fraga\u00a0je vhodn\u00e1 do ka\u017edej\u00a0detskej\u00a0izbi\u010dky. M\u00e1te mo\u017enos\u0165 v\u00fdberu z r\u00f4znych\u00a0farebn\u00fdch\u00a0preveden\u00ed a biely r\u00e1m postie\u013eku e\u0161te viac roz\u017eiari.\u00a0\u010eal\u0161ou v\u00fdhodou je\u00a0pr\u00edstelka, ktor\u00e1 umo\u017en\u00ed prespanie detskej\u00a0n\u00e1v\u0161teve\u00a0V\u00e1\u0161ho die\u0165a\u0165a, pr\u00edpadne bude\u00a0skladnou\u00a0mo\u017enos\u0165ou pre\u00a0viac\u00a0det\u00ed\u00a0v rodine. Taktie\u017e ur\u010dite vyu\u017eijete\u00a0odkladac\u00ed\u00a0priestor\u00a0v podobe\u00a0dvoch\u00a0z\u00e1suviek umiestnen\u00fdch pod poste\u013eou. Poste\u013e sa dod\u00e1va vr\u00e1tane matracov . Rozmery (\u0160xVxH): 206\u00a0x 65 x 96 cm Materi\u00e1l:\u00a0laminovan\u00e1 DTD Farba:\u00a0modr\u00e1, oran\u017eov\u00e1, ru\u017eov\u00e1,\u00a0zelen\u00e1, biela&#8230;<\/p>\n","protected":false},"featured_media":60388,"comment_status":"closed","ping_status":"closed","template":"","meta":{"_seopress_robots_primary_cat":"209","_seopress_titles_title":"","_seopress_titles_desc":"","_seopress_robots_index":""},"product_brand":[],"product_cat":[233,234,209],"product_tag":[],"class_list":{"0":"post-60368","1":"product","2":"type-product","3":"status-publish","4":"has-post-thumbnail","6":"product_cat-poschodove-postele","7":"product_cat-detske-postele","8":"product_cat-detske-izby","9":"pa_farba-biela","10":"pa_farba-modra","11":"pa_farba-oranzova","12":"pa_farba-ruzova","13":"pa_farba-zelena","15":"first","16":"onbackorder","17":"shipping-taxable","18":"purchasable","19":"product-type-variable"},"_links":{"self":[{"href":"https:\/\/nabytoklaguna.sk\/sk\/wp-json\/wp\/v2\/product\/60368","targetHints":{"allow":["GET"]}}],"collection":[{"href":"https:\/\/nabytoklaguna.sk\/sk\/wp-json\/wp\/v2\/product"}],"about":[{"href":"https:\/\/nabytoklaguna.sk\/sk\/wp-json\/wp\/v2\/types\/product"}],"replies":[{"embeddable":true,"href":"https:\/\/nabytoklaguna.sk\/sk\/wp-json\/wp\/v2\/comments?post=60368"}],"wp:featuredmedia":[{"embeddable":true,"href":"https:\/\/nabytoklaguna.sk\/sk\/wp-json\/wp\/v2\/media\/60388"}],"wp:attachment":[{"href":"https:\/\/nabytoklaguna.sk\/sk\/wp-json\/wp\/v2\/media?parent=60368"}],"wp:term":[{"taxonomy":"product_brand","embeddable":true,"href":"https:\/\/nabytoklaguna.sk\/sk\/wp-json\/wp\/v2\/product_brand?post=60368"},{"taxonomy":"product_cat","embeddable":true,"href":"https:\/\/nabytoklaguna.sk\/sk\/wp-json\/wp\/v2\/product_cat?post=60368"},{"taxonomy":"product_tag","embeddable":true,"href":"https:\/\/nabytoklaguna.sk\/sk\/wp-json\/wp\/v2\/product_tag?post=60368"}],"curies":[{"name":"wp","href":"https:\/\/api.w.org\/{rel}","templated":true}]}}

FRAGA detská posteľ ADRK

<p><strong>Jednoduchá</strong> posteľ <strong>Fraga </strong>je vhodná do každej <strong>detskej</strong> izbičky. Máte možnosť výberu z rôznych <strong>farebných</strong> <strong>prevedení </strong>a <strong>biely</strong> <strong>rám</strong> postieľku ešte viac rozžiari. Ďalšou výhodou je <strong>prístelka</strong>, ktorá umožní prespanie detskej <strong>návšteve</strong> Vášho dieťaťa, prípadne bude <strong>skladnou</strong> možnosťou pre <strong>viac</strong> <strong>detí</strong> v rodine. Taktiež určite využijete <strong>odkladací</strong> <strong>priestor</strong> v podobe <strong>dvoch</strong> <strong>zásuviek</strong> umiestnených pod posteľou. Posteľ sa dodáva <b>vrátane matracov .</b></p>
<p><strong>Rozmery (ŠxVxH): </strong>206 x 65 x 96 cm</p>
<ul>
<li><b>Materiál:</b> laminovaná DTD</li>
<li><b>Farba: </b>modrá, oranžová, ružová, zelená, biela</li>
<li><strong>Farba rámu: </strong>biela</li>
<li><b>Rozmery (ŠxVxH): </b>206 x 65 x 96 cm</li>
<li>Dodávané v demonte</li>
</ul>

<p>Jednoduchá posteľ Fraga je vhodná do každej detskej izbičky. Máte možnosť výberu z rôznych farebných prevedení a biely rám postieľku ešte viac rozžiari. Ďalšou výhodou je prístelka, ktorá umožní prespanie detskej návšteve Vášho dieťaťa, prípadne bude skladnou možnosťou pre viac detí v rodine. Taktiež určite využijete odkladací priestor v podobe dvoch zásuviek umiestnených pod posteľou. Posteľ sa dodáva vrátane matracov . Rozmery (ŠxVxH): 206 x 65 x 96 cm Materiál: laminovaná DTD Farba: modrá, oranžová, ružová, zelená, biela&#8230;</p>
