{"id":60391,"date":"2021-04-30T11:04:14","date_gmt":"2021-04-30T09:04:14","guid":{"rendered":"https:\/\/nabytoklaguna.sk\/sk\/?post_type=product&#038;p=60391"},"modified":"2026-01-26T12:53:17","modified_gmt":"2026-01-26T11:53:17","slug":"lena-detska-postel-adrk","status":"publish","type":"product","link":"https:\/\/nabytoklaguna.sk\/sk\/produkt\/lena-detska-postel-adrk\/","title":{"rendered":"LENA detsk\u00e1 poste\u013e ADRK"},"content":{"rendered":"<p><strong>Jednoduch\u00e1<\/strong> poste\u013e <strong>Lena\u00a0<\/strong>je vhodn\u00e1 do ka\u017edej\u00a0<strong>detskej<\/strong>\u00a0izbi\u010dky. M\u00e1te mo\u017enos\u0165 v\u00fdberu z r\u00f4znych\u00a0<strong>farebn\u00fdch<\/strong>\u00a0<strong>preveden\u00ed <\/strong>a <strong>biely<\/strong> <strong>r\u00e1m<\/strong> postie\u013eku e\u0161te viac roz\u017eiari.\u00a0\u010eal\u0161ou v\u00fdhodou je kr\u00e1tka <strong>z\u00e1brana<\/strong>, ktor\u00e1 <strong>minimalizuje<\/strong> riziko p\u00e1du V\u00e1\u0161ho die\u0165a\u0165a<b>.<\/b>\u00a0Taktie\u017e ur\u010dite vyu\u017eijete\u00a0<strong>odkladac\u00ed<\/strong>\u00a0<strong>priestor<\/strong>\u00a0v podobe\u00a0<strong>dvoch<\/strong>\u00a0<strong>z\u00e1suviek<\/strong> umiestnen\u00fdch pod poste\u013eou. Poste\u013e sa dod\u00e1va vr\u00e1tane matraca.<\/p>\n<p><strong>Rozmery (\u0160xVxH): <\/strong>165\u00a0x 75 x 91 cm<\/p>\n<ul>\n<li><b>Materi\u00e1l:<\/b>\u00a0laminovan\u00e1 DTD<\/li>\n<li><b>Farba:\u00a0<\/b>modr\u00e1, oran\u017eov\u00e1, ru\u017eov\u00e1,\u00a0zelen\u00e1, biela<\/li>\n<li><strong>Farba r\u00e1mu:\u00a0<\/strong>biela<\/li>\n<li><b>Rozmery (\u0160xVxH):\u00a0<\/b>165 x 75 x 91 cm<\/li>\n<li>Dod\u00e1van\u00e9 v demonte<\/li>\n<\/ul>\n","protected":false},"excerpt":{"rendered":"<p>Jednoduch\u00e1 poste\u013e Lena\u00a0je vhodn\u00e1 do ka\u017edej\u00a0detskej\u00a0izbi\u010dky. M\u00e1te mo\u017enos\u0165 v\u00fdberu z r\u00f4znych\u00a0farebn\u00fdch\u00a0preveden\u00ed a biely r\u00e1m postie\u013eku e\u0161te viac roz\u017eiari.\u00a0\u010eal\u0161ou v\u00fdhodou je kr\u00e1tka z\u00e1brana, ktor\u00e1 minimalizuje riziko p\u00e1du V\u00e1\u0161ho die\u0165a\u0165a.\u00a0Taktie\u017e ur\u010dite vyu\u017eijete\u00a0odkladac\u00ed\u00a0priestor\u00a0v podobe\u00a0dvoch\u00a0z\u00e1suviek umiestnen\u00fdch pod poste\u013eou. Poste\u013e sa dod\u00e1va vr\u00e1tane matraca. Rozmery (\u0160xVxH): 165\u00a0x 75 x 91 cm Materi\u00e1l:\u00a0laminovan\u00e1 DTD Farba:\u00a0modr\u00e1, oran\u017eov\u00e1, ru\u017eov\u00e1,\u00a0zelen\u00e1, biela Farba r\u00e1mu:\u00a0biela Rozmery&#8230;<\/p>\n","protected":false},"featured_media":60533,"comment_status":"closed","ping_status":"closed","template":"","meta":{"_seopress_robots_primary_cat":"209","_seopress_titles_title":"","_seopress_titles_desc":"","_seopress_robots_index":""},"product_brand":[],"product_cat":[234,209],"product_tag":[],"class_list":{"0":"post-60391","1":"product","2":"type-product","3":"status-publish","4":"has-post-thumbnail","6":"product_cat-detske-postele","7":"product_cat-detske-izby","8":"pa_farba-biela","9":"pa_farba-modra","10":"pa_farba-oranzova","11":"pa_farba-ruzova","12":"pa_farba-zelena","14":"first","15":"onbackorder","16":"shipping-taxable","17":"purchasable","18":"product-type-variable"},"_links":{"self":[{"href":"https:\/\/nabytoklaguna.sk\/sk\/wp-json\/wp\/v2\/product\/60391","targetHints":{"allow":["GET"]}}],"collection":[{"href":"https:\/\/nabytoklaguna.sk\/sk\/wp-json\/wp\/v2\/product"}],"about":[{"href":"https:\/\/nabytoklaguna.sk\/sk\/wp-json\/wp\/v2\/types\/product"}],"replies":[{"embeddable":true,"href":"https:\/\/nabytoklaguna.sk\/sk\/wp-json\/wp\/v2\/comments?post=60391"}],"wp:featuredmedia":[{"embeddable":true,"href":"https:\/\/nabytoklaguna.sk\/sk\/wp-json\/wp\/v2\/media\/60533"}],"wp:attachment":[{"href":"https:\/\/nabytoklaguna.sk\/sk\/wp-json\/wp\/v2\/media?parent=60391"}],"wp:term":[{"taxonomy":"product_brand","embeddable":true,"href":"https:\/\/nabytoklaguna.sk\/sk\/wp-json\/wp\/v2\/product_brand?post=60391"},{"taxonomy":"product_cat","embeddable":true,"href":"https:\/\/nabytoklaguna.sk\/sk\/wp-json\/wp\/v2\/product_cat?post=60391"},{"taxonomy":"product_tag","embeddable":true,"href":"https:\/\/nabytoklaguna.sk\/sk\/wp-json\/wp\/v2\/product_tag?post=60391"}],"curies":[{"name":"wp","href":"https:\/\/api.w.org\/{rel}","templated":true}]}}

LENA detská posteľ ADRK

<p><strong>Jednoduchá</strong> posteľ <strong>Lena </strong>je vhodná do každej <strong>detskej</strong> izbičky. Máte možnosť výberu z rôznych <strong>farebných</strong> <strong>prevedení </strong>a <strong>biely</strong> <strong>rám</strong> postieľku ešte viac rozžiari. Ďalšou výhodou je krátka <strong>zábrana</strong>, ktorá <strong>minimalizuje</strong> riziko pádu Vášho dieťaťa<b>.</b> Taktiež určite využijete <strong>odkladací</strong> <strong>priestor</strong> v podobe <strong>dvoch</strong> <strong>zásuviek</strong> umiestnených pod posteľou. Posteľ sa dodáva vrátane matraca.</p>
<p><strong>Rozmery (ŠxVxH): </strong>165 x 75 x 91 cm</p>
<ul>
<li><b>Materiál:</b> laminovaná DTD</li>
<li><b>Farba: </b>modrá, oranžová, ružová, zelená, biela</li>
<li><strong>Farba rámu: </strong>biela</li>
<li><b>Rozmery (ŠxVxH): </b>165 x 75 x 91 cm</li>
<li>Dodávané v demonte</li>
</ul>

<p>Jednoduchá posteľ Lena je vhodná do každej detskej izbičky. Máte možnosť výberu z rôznych farebných prevedení a biely rám postieľku ešte viac rozžiari. Ďalšou výhodou je krátka zábrana, ktorá minimalizuje riziko pádu Vášho dieťaťa. Taktiež určite využijete odkladací priestor v podobe dvoch zásuviek umiestnených pod posteľou. Posteľ sa dodáva vrátane matraca. Rozmery (ŠxVxH): 165 x 75 x 91 cm Materiál: laminovaná DTD Farba: modrá, oranžová, ružová, zelená, biela Farba rámu: biela Rozmery&#8230;</p>
