{"id":60636,"date":"2021-04-30T11:04:14","date_gmt":"2021-04-30T09:04:14","guid":{"rendered":"https:\/\/nabytoklaguna.sk\/sk\/?post_type=product&#038;p=60636"},"modified":"2023-07-11T19:54:48","modified_gmt":"2023-07-11T17:54:48","slug":"cezar-komoda-adrk","status":"publish","type":"product","link":"https:\/\/nabytoklaguna.sk\/sk\/produkt\/cezar-komoda-adrk\/","title":{"rendered":"CEZAR komoda ADRK"},"content":{"rendered":"<p><strong>\u0160t\u00fdlov\u00e1<\/strong> komoda je <strong>praktick\u00fdm<\/strong> pomocn\u00edkom v ka\u017edej miestnosti v <strong>byte<\/strong>, \u010di <strong>dome<\/strong>. \u010ci u\u017e je to predsie\u0148, ob\u00fdvacia izba, k\u00fapel\u0148a, detsk\u00e1 izba, \u010di sp\u00e1l\u0148a, umo\u017en\u00ed V\u00e1m <strong>roz\u0161\u00edri\u0165<\/strong> Va\u0161e <strong>skladovacie<\/strong> mo\u017enosti o <strong>\u010fal\u0161\u00ed priestor<\/strong>. V\u010faka <strong>trom<\/strong> farebn\u00fdm variantom je mo\u017en\u00e9 doplni\u0165 ju k <strong>ak\u00e9muko\u013evek<\/strong> <strong>n\u00e1bytku<\/strong>. <strong>Ozdobn\u00e9 kovov\u00e9 li\u0161ty<\/strong> a <strong>no\u017ei\u010dky<\/strong> dod\u00e1vaj\u00fa komode punc <strong>luxusu<\/strong>.<\/p>\n<p><strong>Rozmery \u0160xVxH: <\/strong>80 x 94 x 45 cm<\/p>\n","protected":false},"excerpt":{"rendered":"<p>\u0160t\u00fdlov\u00e1 komoda je praktick\u00fdm pomocn\u00edkom v ka\u017edej miestnosti v byte, \u010di dome. \u010ci u\u017e je to predsie\u0148, ob\u00fdvacia izba, k\u00fapel\u0148a, detsk\u00e1 izba, \u010di sp\u00e1l\u0148a, umo\u017en\u00ed V\u00e1m roz\u0161\u00edri\u0165 Va\u0161e skladovacie mo\u017enosti o \u010fal\u0161\u00ed priestor. V\u010faka trom farebn\u00fdm variantom je mo\u017en\u00e9 doplni\u0165 ju k ak\u00e9muko\u013evek n\u00e1bytku. Ozdobn\u00e9 kovov\u00e9 li\u0161ty a no\u017ei\u010dky dod\u00e1vaj\u00fa komode punc luxusu. Rozmery \u0160xVxH:&#8230;<\/p>\n","protected":false},"featured_media":60644,"comment_status":"closed","ping_status":"closed","template":"","meta":{"_seopress_robots_primary_cat":"222","_seopress_titles_title":"","_seopress_titles_desc":"","_seopress_robots_index":""},"product_brand":[],"product_cat":[222],"product_tag":[],"class_list":{"0":"post-60636","1":"product","2":"type-product","3":"status-publish","4":"has-post-thumbnail","6":"product_cat-komody","7":"pa_farba-ash-dark","8":"pa_farba-biela","9":"pa_farba-dub-sonoma","11":"first","12":"onbackorder","13":"shipping-taxable","14":"purchasable","15":"product-type-variable"},"_links":{"self":[{"href":"https:\/\/nabytoklaguna.sk\/sk\/wp-json\/wp\/v2\/product\/60636","targetHints":{"allow":["GET"]}}],"collection":[{"href":"https:\/\/nabytoklaguna.sk\/sk\/wp-json\/wp\/v2\/product"}],"about":[{"href":"https:\/\/nabytoklaguna.sk\/sk\/wp-json\/wp\/v2\/types\/product"}],"replies":[{"embeddable":true,"href":"https:\/\/nabytoklaguna.sk\/sk\/wp-json\/wp\/v2\/comments?post=60636"}],"wp:featuredmedia":[{"embeddable":true,"href":"https:\/\/nabytoklaguna.sk\/sk\/wp-json\/wp\/v2\/media\/60644"}],"wp:attachment":[{"href":"https:\/\/nabytoklaguna.sk\/sk\/wp-json\/wp\/v2\/media?parent=60636"}],"wp:term":[{"taxonomy":"product_brand","embeddable":true,"href":"https:\/\/nabytoklaguna.sk\/sk\/wp-json\/wp\/v2\/product_brand?post=60636"},{"taxonomy":"product_cat","embeddable":true,"href":"https:\/\/nabytoklaguna.sk\/sk\/wp-json\/wp\/v2\/product_cat?post=60636"},{"taxonomy":"product_tag","embeddable":true,"href":"https:\/\/nabytoklaguna.sk\/sk\/wp-json\/wp\/v2\/product_tag?post=60636"}],"curies":[{"name":"wp","href":"https:\/\/api.w.org\/{rel}","templated":true}]}}

<p><strong>Štýlová</strong> komoda je <strong>praktickým</strong> pomocníkom v každej miestnosti v <strong>byte</strong>, či <strong>dome</strong>. Či už je to predsieň, obývacia izba, kúpelňa, detská izba, či spálňa, umožní Vám <strong>rozšíriť</strong> Vaše <strong>skladovacie</strong> možnosti o <strong>ďalší priestor</strong>. Vďaka <strong>trom</strong> farebným variantom je možné doplniť ju k <strong>akémukoľvek</strong> <strong>nábytku</strong>. <strong>Ozdobné kovové lišty</strong> a <strong>nožičky</strong> dodávajú komode punc <strong>luxusu</strong>.</p>
<p><strong>Rozmery ŠxVxH: </strong>80 x 94 x 45 cm</p>

<p>Štýlová komoda je praktickým pomocníkom v každej miestnosti v byte, či dome. Či už je to predsieň, obývacia izba, kúpelňa, detská izba, či spálňa, umožní Vám rozšíriť Vaše skladovacie možnosti o ďalší priestor. Vďaka trom farebným variantom je možné doplniť ju k akémukoľvek nábytku. Ozdobné kovové lišty a nožičky dodávajú komode punc luxusu. Rozmery ŠxVxH:&#8230;</p>
