{"id":60646,"date":"2021-04-30T11:04:14","date_gmt":"2021-04-30T09:04:14","guid":{"rendered":"https:\/\/nabytoklaguna.sk\/sk\/?post_type=product&#038;p=60646"},"modified":"2022-08-19T11:29:58","modified_gmt":"2022-08-19T09:29:58","slug":"aub-2000","status":"publish","type":"product","link":"https:\/\/nabytoklaguna.sk\/sk\/produkt\/aub-2000\/","title":{"rendered":"AUT AUB-2000"},"content":{"rendered":"<p>Modern\u00fd ra\u0148ajkov\u00fd set, ktor\u00fd sa sklad\u00e1 z dvoch barov\u00fdch stoli\u010diek a ra\u0148ajkov\u00e9ho pultu. Svojou ve\u013ekos\u0165ou sa zmest\u00ed aj do men\u0161\u00edch priestorov. Doska stola je z MDF 1,5 cm a je pripevnen\u00e1 o pevn\u00fa kovov\u00fa kon\u0161trukciu, ktor\u00e1 je lakovan\u00e1 matnou \u010diernou farbou. Nohy stola s\u00fa vybaven\u00e9 plastov\u00fdmi klz\u00e1kmi, ktor\u00e9 chr\u00e1nia Va\u0161u podlahu pred po\u0161kriaban\u00edm.S\u00fa\u010das\u0165ou stol\u00edka je trojmiestna vinot\u00e9ka. T\u00e1 obsahuje tri men\u0161ie priehradky s rozmerom 27x31cm s v\u00fd\u0161kou 12 cm a 25 cm. St\u00f4l disponuje aj jednou v\u00e4\u010d\u0161ou priehradkou s rozmerom\u00a0 60x28cm a v\u00fd\u0161kou 18cm. Barov\u00e9 stoli\u010dky s\u00fa skladacie, maj\u00fa kovov\u00fa kon\u0161trukciu ktor\u00e1 je nalakovan\u00e1 \u010diernou matnou farbou. Sed\u00e1k aj operadlo s\u00fa z MDF. Stoli\u010dky maj\u00fa taktie\u017e plastov\u00e9 klz\u00e1ky. Dod\u00e1van\u00e9 v demonte. Nosnos\u0165 stoli\u010dky je 90 kg<\/p>\n<p>Tento SET sa vyr\u00e1ba vo farebnom preveden\u00ed: DUB SAN REMO alebo DIVOK\u00dd DUB<\/p>\n<p>ROZMERY<\/p>\n<p><strong>Stoli\u010dka<\/strong><\/p>\n<p>\u0160\u00edrka: 35 cm<\/p>\n<p>H\u013abka: 40 cm<\/p>\n<p>V\u00fd\u0161ka: 79 cm<\/p>\n<p>H\u013abka sedu: 30 cm<\/p>\n<p>V\u00fd\u0161ka sedu 57 cm<\/p>\n<p>&nbsp;<\/p>\n<p><strong>St\u00f4l<\/strong><\/p>\n<p>\u0160\u00edrka: 120 cm<\/p>\n<p>H\u013abka: 40 cm<\/p>\n<p>V\u00fd\u0161ka:88 cm<\/p>\n","protected":false},"excerpt":{"rendered":"<p>Modern\u00fd ra\u0148ajkov\u00fd set, ktor\u00fd sa sklad\u00e1 z dvoch barov\u00fdch stoli\u010diek a ra\u0148ajkov\u00e9ho pultu. Svojou ve\u013ekos\u0165ou sa zmest\u00ed aj do men\u0161\u00edch priestorov. Doska stola je z MDF 1,5 cm a je pripevnen\u00e1 o pevn\u00fa kovov\u00fa kon\u0161trukciu, ktor\u00e1 je lakovan\u00e1 matnou \u010diernou farbou. Nohy stola s\u00fa vybaven\u00e9 plastov\u00fdmi klz\u00e1kmi, ktor\u00e9 chr\u00e1nia Va\u0161u podlahu pred po\u0161kriaban\u00edm.S\u00fa\u010das\u0165ou stol\u00edka je&#8230;<\/p>\n","protected":false},"featured_media":60649,"comment_status":"closed","ping_status":"closed","template":"","meta":{"_seopress_robots_primary_cat":"none","_seopress_titles_title":"                                    ","_seopress_titles_desc":"                                    ","_seopress_robots_index":""},"product_brand":[],"product_cat":[246,243],"product_tag":[],"class_list":{"0":"post-60646","1":"product","2":"type-product","3":"status-publish","4":"has-post-thumbnail","6":"product_cat-jedalenske-sety","7":"product_cat-stoly","9":"first","10":"onbackorder","11":"shipping-taxable","12":"purchasable","13":"product-type-variable"},"_links":{"self":[{"href":"https:\/\/nabytoklaguna.sk\/sk\/wp-json\/wp\/v2\/product\/60646","targetHints":{"allow":["GET"]}}],"collection":[{"href":"https:\/\/nabytoklaguna.sk\/sk\/wp-json\/wp\/v2\/product"}],"about":[{"href":"https:\/\/nabytoklaguna.sk\/sk\/wp-json\/wp\/v2\/types\/product"}],"replies":[{"embeddable":true,"href":"https:\/\/nabytoklaguna.sk\/sk\/wp-json\/wp\/v2\/comments?post=60646"}],"wp:featuredmedia":[{"embeddable":true,"href":"https:\/\/nabytoklaguna.sk\/sk\/wp-json\/wp\/v2\/media\/60649"}],"wp:attachment":[{"href":"https:\/\/nabytoklaguna.sk\/sk\/wp-json\/wp\/v2\/media?parent=60646"}],"wp:term":[{"taxonomy":"product_brand","embeddable":true,"href":"https:\/\/nabytoklaguna.sk\/sk\/wp-json\/wp\/v2\/product_brand?post=60646"},{"taxonomy":"product_cat","embeddable":true,"href":"https:\/\/nabytoklaguna.sk\/sk\/wp-json\/wp\/v2\/product_cat?post=60646"},{"taxonomy":"product_tag","embeddable":true,"href":"https:\/\/nabytoklaguna.sk\/sk\/wp-json\/wp\/v2\/product_tag?post=60646"}],"curies":[{"name":"wp","href":"https:\/\/api.w.org\/{rel}","templated":true}]}}

<p>Moderný raňajkový set, ktorý sa skladá z dvoch barových stoličiek a raňajkového pultu. Svojou veľkosťou sa zmestí aj do menších priestorov. Doska stola je z MDF 1,5 cm a je pripevnená o pevnú kovovú konštrukciu, ktorá je lakovaná matnou čiernou farbou. Nohy stola sú vybavené plastovými klzákmi, ktoré chránia Vašu podlahu pred poškriabaním.Súčasťou stolíka je trojmiestna vinotéka. Tá obsahuje tri menšie priehradky s rozmerom 27x31cm s výškou 12 cm a 25 cm. Stôl disponuje aj jednou väčšou priehradkou s rozmerom  60x28cm a výškou 18cm. Barové stoličky sú skladacie, majú kovovú konštrukciu ktorá je nalakovaná čiernou matnou farbou. Sedák aj operadlo sú z MDF. Stoličky majú taktiež plastové klzáky. Dodávané v demonte. Nosnosť stoličky je 90 kg</p>
<p>Tento SET sa vyrába vo farebnom prevedení: DUB SAN REMO alebo DIVOKÝ DUB</p>
<p>ROZMERY</p>
<p><strong>Stolička</strong></p>
<p>Šírka: 35 cm</p>
<p>Hĺbka: 40 cm</p>
<p>Výška: 79 cm</p>
<p>Hĺbka sedu: 30 cm</p>
<p>Výška sedu 57 cm</p>
<p>&nbsp;</p>
<p><strong>Stôl</strong></p>
<p>Šírka: 120 cm</p>
<p>Hĺbka: 40 cm</p>
<p>Výška:88 cm</p>

<p>Moderný raňajkový set, ktorý sa skladá z dvoch barových stoličiek a raňajkového pultu. Svojou veľkosťou sa zmestí aj do menších priestorov. Doska stola je z MDF 1,5 cm a je pripevnená o pevnú kovovú konštrukciu, ktorá je lakovaná matnou čiernou farbou. Nohy stola sú vybavené plastovými klzákmi, ktoré chránia Vašu podlahu pred poškriabaním.Súčasťou stolíka je&#8230;</p>
