{"id":60762,"date":"2021-04-30T11:04:14","date_gmt":"2021-04-30T09:04:14","guid":{"rendered":"https:\/\/nabytoklaguna.sk\/sk\/?post_type=product&#038;p=60762"},"modified":"2025-02-24T15:46:24","modified_gmt":"2025-02-24T14:46:24","slug":"tv-5053","status":"publish","type":"product","link":"https:\/\/nabytoklaguna.sk\/sk\/produkt\/tv-5053\/","title":{"rendered":"AUT TV-5053"},"content":{"rendered":"<p><strong>Pohodln\u00e9 telev\u00edzne kreslo<\/strong> je \u010dal\u00fanen\u00e9 pr\u00edjemnou po\u0165ahovou l\u00e1tkou. Kreslo m\u00e1 pevn\u00fa podno\u017e a v\u00fdnimo\u010dn\u00e9 polstrovanie vr\u00e1tanie opierok. Kreslo je polohovate\u013en\u00e9. Pomocou malej \u010diernej areta\u010dnej p\u00e1ky na vonkaj\u0161om boku kresla uvo\u013en\u00edte poistku podno\u017eky a operadla. N\u00e1sledne potom vlastnou v\u00e1hou prisp\u00f4sob\u00edte polohu kresla. Na vonkaj\u0161om boku kresla je tie\u017e praktick\u00e1 l\u00e1tkov\u00e1 kapsa. Nosnos\u0165 kresla je 130 kg<\/p>\n<p><strong>ROZMERY<\/strong><\/p>\n<p>\u0160\u00edrka: 84 cm<\/p>\n<p>H\u013abka: 80-165 cm<\/p>\n<p>V\u00fd\u0161ka: 108 cm<\/p>\n<p>H\u013abka sedu: 53 cm<\/p>\n<p>V\u00fd\u0161ka sedu: 50cm<\/p>\n","protected":false},"excerpt":{"rendered":"<p>Pohodln\u00e9 telev\u00edzne kreslo je \u010dal\u00fanen\u00e9 pr\u00edjemnou po\u0165ahovou l\u00e1tkou. Kreslo m\u00e1 pevn\u00fa podno\u017e a v\u00fdnimo\u010dn\u00e9 polstrovanie vr\u00e1tanie opierok. Kreslo je polohovate\u013en\u00e9. Pomocou malej \u010diernej areta\u010dnej p\u00e1ky na vonkaj\u0161om boku kresla uvo\u013en\u00edte poistku podno\u017eky a operadla. N\u00e1sledne potom vlastnou v\u00e1hou prisp\u00f4sob\u00edte polohu kresla. Na vonkaj\u0161om boku kresla je tie\u017e praktick\u00e1 l\u00e1tkov\u00e1 kapsa. Nosnos\u0165 kresla je 130 kg&#8230;<\/p>\n","protected":false},"featured_media":60763,"comment_status":"closed","ping_status":"closed","template":"","meta":{"_seopress_robots_primary_cat":"231","_seopress_titles_title":"","_seopress_titles_desc":"","_seopress_robots_index":""},"product_brand":[],"product_cat":[231],"product_tag":[],"class_list":{"0":"post-60762","1":"product","2":"type-product","3":"status-publish","4":"has-post-thumbnail","6":"product_cat-kresla","7":"pa_farba-hneda","8":"pa_farba-siva","10":"first","11":"onbackorder","12":"shipping-taxable","13":"purchasable","14":"product-type-variable"},"_links":{"self":[{"href":"https:\/\/nabytoklaguna.sk\/sk\/wp-json\/wp\/v2\/product\/60762","targetHints":{"allow":["GET"]}}],"collection":[{"href":"https:\/\/nabytoklaguna.sk\/sk\/wp-json\/wp\/v2\/product"}],"about":[{"href":"https:\/\/nabytoklaguna.sk\/sk\/wp-json\/wp\/v2\/types\/product"}],"replies":[{"embeddable":true,"href":"https:\/\/nabytoklaguna.sk\/sk\/wp-json\/wp\/v2\/comments?post=60762"}],"wp:featuredmedia":[{"embeddable":true,"href":"https:\/\/nabytoklaguna.sk\/sk\/wp-json\/wp\/v2\/media\/60763"}],"wp:attachment":[{"href":"https:\/\/nabytoklaguna.sk\/sk\/wp-json\/wp\/v2\/media?parent=60762"}],"wp:term":[{"taxonomy":"product_brand","embeddable":true,"href":"https:\/\/nabytoklaguna.sk\/sk\/wp-json\/wp\/v2\/product_brand?post=60762"},{"taxonomy":"product_cat","embeddable":true,"href":"https:\/\/nabytoklaguna.sk\/sk\/wp-json\/wp\/v2\/product_cat?post=60762"},{"taxonomy":"product_tag","embeddable":true,"href":"https:\/\/nabytoklaguna.sk\/sk\/wp-json\/wp\/v2\/product_tag?post=60762"}],"curies":[{"name":"wp","href":"https:\/\/api.w.org\/{rel}","templated":true}]}}

<p><strong>Pohodlné televízne kreslo</strong> je čalúnené príjemnou poťahovou látkou. Kreslo má pevnú podnož a výnimočné polstrovanie vrátanie opierok. Kreslo je polohovateľné. Pomocou malej čiernej aretačnej páky na vonkajšom boku kresla uvoľníte poistku podnožky a operadla. Následne potom vlastnou váhou prispôsobíte polohu kresla. Na vonkajšom boku kresla je tiež praktická látková kapsa. Nosnosť kresla je 130 kg</p>
<p><strong>ROZMERY</strong></p>
<p>Šírka: 84 cm</p>
<p>Hĺbka: 80-165 cm</p>
<p>Výška: 108 cm</p>
<p>Hĺbka sedu: 53 cm</p>
<p>Výška sedu: 50cm</p>

<p>Pohodlné televízne kreslo je čalúnené príjemnou poťahovou látkou. Kreslo má pevnú podnož a výnimočné polstrovanie vrátanie opierok. Kreslo je polohovateľné. Pomocou malej čiernej aretačnej páky na vonkajšom boku kresla uvoľníte poistku podnožky a operadla. Následne potom vlastnou váhou prispôsobíte polohu kresla. Na vonkajšom boku kresla je tiež praktická látková kapsa. Nosnosť kresla je 130 kg&#8230;</p>
