{"id":60835,"date":"2021-04-30T11:04:14","date_gmt":"2021-04-30T09:04:14","guid":{"rendered":"https:\/\/nabytoklaguna.sk\/sk\/?post_type=product&#038;p=60835"},"modified":"2022-05-18T11:49:28","modified_gmt":"2022-05-18T09:49:28","slug":"hugo-komoda-adrk","status":"publish","type":"product","link":"https:\/\/nabytoklaguna.sk\/sk\/produkt\/hugo-komoda-adrk\/","title":{"rendered":"HUGO komoda ADRK"},"content":{"rendered":"<p><strong>\u0160t\u00fdlov\u00e1<\/strong>\u00a0komoda je\u00a0<strong>praktick\u00fdm<\/strong>\u00a0pomocn\u00edkom v ka\u017edej miestnosti v\u00a0<strong>byte<\/strong>, \u010di\u00a0<strong>dome<\/strong>. \u010ci u\u017e je to predsie\u0148, ob\u00fdvacia izba, k\u00fapel\u0148a, detsk\u00e1 izba, \u010di sp\u00e1l\u0148a, umo\u017en\u00ed V\u00e1m\u00a0<strong>roz\u0161\u00edri\u0165<\/strong>\u00a0Va\u0161e\u00a0<strong>skladovacie<\/strong>\u00a0mo\u017enosti o\u00a0<strong>\u010fal\u0161\u00ed priestor<\/strong>. V\u010faka\u00a0<strong>trom<\/strong>\u00a0farebn\u00fdm variantom je mo\u017en\u00e9 doplni\u0165 ju k\u00a0<strong>ak\u00e9muko\u013evek<\/strong>\u00a0<strong>n\u00e1bytku<\/strong>.\u00a0<strong>Ozdobn\u00e9 kovov\u00e9 li\u0161ty<\/strong>,\u00a0<strong>no\u017ei\u010dky<\/strong>\u00a0a prvky s\u00a0<strong>\u010diernym\u00a0<\/strong><strong>leskom<\/strong>\u00a0dod\u00e1vaj\u00fa komode punc\u00a0<strong>luxusu<\/strong>.<\/p>\n<p><strong>Rozmery (\u0160xVxH):\u00a0<\/strong>80 x 94 x 45 cm<\/p>\n","protected":false},"excerpt":{"rendered":"<p>\u0160t\u00fdlov\u00e1\u00a0komoda je\u00a0praktick\u00fdm\u00a0pomocn\u00edkom v ka\u017edej miestnosti v\u00a0byte, \u010di\u00a0dome. \u010ci u\u017e je to predsie\u0148, ob\u00fdvacia izba, k\u00fapel\u0148a, detsk\u00e1 izba, \u010di sp\u00e1l\u0148a, umo\u017en\u00ed V\u00e1m\u00a0roz\u0161\u00edri\u0165\u00a0Va\u0161e\u00a0skladovacie\u00a0mo\u017enosti o\u00a0\u010fal\u0161\u00ed priestor. V\u010faka\u00a0trom\u00a0farebn\u00fdm variantom je mo\u017en\u00e9 doplni\u0165 ju k\u00a0ak\u00e9muko\u013evek\u00a0n\u00e1bytku.\u00a0Ozdobn\u00e9 kovov\u00e9 li\u0161ty,\u00a0no\u017ei\u010dky\u00a0a prvky s\u00a0\u010diernym\u00a0leskom\u00a0dod\u00e1vaj\u00fa komode punc\u00a0luxusu. Rozmery (\u0160xVxH):\u00a080 x 94 x 45 cm<\/p>\n","protected":false},"featured_media":60841,"comment_status":"closed","ping_status":"closed","template":"","meta":{"_seopress_robots_primary_cat":"222","_seopress_titles_title":"","_seopress_titles_desc":"","_seopress_robots_index":""},"product_brand":[],"product_cat":[222],"product_tag":[],"class_list":{"0":"post-60835","1":"product","2":"type-product","3":"status-publish","4":"has-post-thumbnail","6":"product_cat-komody","7":"pa_farba-ash-dark","8":"pa_farba-biela","9":"pa_farba-dub-sonoma","11":"first","12":"onbackorder","13":"shipping-taxable","14":"purchasable","15":"product-type-variable"},"_links":{"self":[{"href":"https:\/\/nabytoklaguna.sk\/sk\/wp-json\/wp\/v2\/product\/60835","targetHints":{"allow":["GET"]}}],"collection":[{"href":"https:\/\/nabytoklaguna.sk\/sk\/wp-json\/wp\/v2\/product"}],"about":[{"href":"https:\/\/nabytoklaguna.sk\/sk\/wp-json\/wp\/v2\/types\/product"}],"replies":[{"embeddable":true,"href":"https:\/\/nabytoklaguna.sk\/sk\/wp-json\/wp\/v2\/comments?post=60835"}],"wp:featuredmedia":[{"embeddable":true,"href":"https:\/\/nabytoklaguna.sk\/sk\/wp-json\/wp\/v2\/media\/60841"}],"wp:attachment":[{"href":"https:\/\/nabytoklaguna.sk\/sk\/wp-json\/wp\/v2\/media?parent=60835"}],"wp:term":[{"taxonomy":"product_brand","embeddable":true,"href":"https:\/\/nabytoklaguna.sk\/sk\/wp-json\/wp\/v2\/product_brand?post=60835"},{"taxonomy":"product_cat","embeddable":true,"href":"https:\/\/nabytoklaguna.sk\/sk\/wp-json\/wp\/v2\/product_cat?post=60835"},{"taxonomy":"product_tag","embeddable":true,"href":"https:\/\/nabytoklaguna.sk\/sk\/wp-json\/wp\/v2\/product_tag?post=60835"}],"curies":[{"name":"wp","href":"https:\/\/api.w.org\/{rel}","templated":true}]}}

<p><strong>Štýlová</strong> komoda je <strong>praktickým</strong> pomocníkom v každej miestnosti v <strong>byte</strong>, či <strong>dome</strong>. Či už je to predsieň, obývacia izba, kúpelňa, detská izba, či spálňa, umožní Vám <strong>rozšíriť</strong> Vaše <strong>skladovacie</strong> možnosti o <strong>ďalší priestor</strong>. Vďaka <strong>trom</strong> farebným variantom je možné doplniť ju k <strong>akémukoľvek</strong> <strong>nábytku</strong>. <strong>Ozdobné kovové lišty</strong>, <strong>nožičky</strong> a prvky s <strong>čiernym </strong><strong>leskom</strong> dodávajú komode punc <strong>luxusu</strong>.</p>
<p><strong>Rozmery (ŠxVxH): </strong>80 x 94 x 45 cm</p>

<p>Štýlová komoda je praktickým pomocníkom v každej miestnosti v byte, či dome. Či už je to predsieň, obývacia izba, kúpelňa, detská izba, či spálňa, umožní Vám rozšíriť Vaše skladovacie možnosti o ďalší priestor. Vďaka trom farebným variantom je možné doplniť ju k akémukoľvek nábytku. Ozdobné kovové lišty, nožičky a prvky s čiernym leskom dodávajú komode punc luxusu. Rozmery (ŠxVxH): 80 x 94 x 45 cm</p>
