{"id":63872,"date":"2021-04-30T11:04:14","date_gmt":"2021-04-30T09:04:14","guid":{"rendered":"https:\/\/nabytoklaguna.sk\/sk\/?post_type=product&#038;p=63872"},"modified":"2025-09-02T13:26:08","modified_gmt":"2025-09-02T11:26:08","slug":"k-provensal-predsien","status":"publish","type":"product","link":"https:\/\/nabytoklaguna.sk\/sk\/produkt\/k-provensal-predsien\/","title":{"rendered":"K PROVENSAL"},"content":{"rendered":"<p>Predsie\u0148ov\u00e1 sektorov\u00e1 zostava v provens\u00e1lskom \u0161t\u00fdle. Ka\u017ed\u00fd \u010dlen si t\u00fato predsie\u0148 ur\u010dite zamiluje a to aj v\u010faka farebn\u00e9mu prevedeniu: korpus je biely, vrchn\u00e9 a spodn\u00e9 diely Dub San Remo. Komponenty sektorovej predsiene je mo\u017en\u00e9 zak\u00fapi\u0165 aj jednotlivo a tak si vysklad\u00e1te predsie\u0148 pod\u013ea vlastn\u00fdch predst\u00e1v<\/p>\n<p>ROZMER<\/p>\n<p><strong>Skri\u0148a policov\u00e1<br \/>\n<\/strong>\u0160\u00edrka: 76cm<br \/>\nV\u00fd\u0161ka: 201 cm<br \/>\nH\u013abka: 39 cm<\/p>\n<p><strong>Zrkadlo<br \/>\n<\/strong>\u0160\u00edrka: 95 cm<br \/>\nV\u00fd\u0161ka: 92 cm<br \/>\nH\u013abka: 4 cm<\/p>\n<p><strong>Ve\u0161iakov\u00fd panel<br \/>\n<\/strong>\u0160\u00edrka:\u00a0 59 cm<br \/>\nV\u00fd\u0161ka: 143 cm<br \/>\nH\u013abka: 30 cm<\/p>\n<p><strong>Botn\u00edk<br \/>\n<\/strong>\u0160\u00edrka:\u00a0 76 cm<br \/>\nV\u00fd\u0161ka: 50 cm<br \/>\nH\u013abka:38 cm<\/p>\n<p><strong>Komoda<br \/>\n<\/strong>\u0160\u00edrka:\u00a0 96cm<br \/>\nV\u00fd\u0161ka: 91 cm<br \/>\nH\u013abka: 38 cm<\/p>\n","protected":false},"excerpt":{"rendered":"<p>Predsie\u0148ov\u00e1 sektorov\u00e1 zostava v provens\u00e1lskom \u0161t\u00fdle. Ka\u017ed\u00fd \u010dlen si t\u00fato predsie\u0148 ur\u010dite zamiluje a to aj v\u010faka farebn\u00e9mu prevedeniu: korpus je biely, vrchn\u00e9 a spodn\u00e9 diely Dub San Remo. Komponenty sektorovej predsiene je mo\u017en\u00e9 zak\u00fapi\u0165 aj jednotlivo a tak si vysklad\u00e1te predsie\u0148 pod\u013ea vlastn\u00fdch predst\u00e1v ROZMER Skri\u0148a policov\u00e1 \u0160\u00edrka: 76cm V\u00fd\u0161ka: 201 cm H\u013abka: 39&#8230;<\/p>\n","protected":false},"featured_media":63874,"comment_status":"closed","ping_status":"closed","template":"","meta":{"_seopress_robots_primary_cat":"257","_seopress_titles_title":"","_seopress_titles_desc":"","_seopress_robots_index":""},"product_brand":[],"product_cat":[2139,6943,257,222],"product_tag":[],"class_list":{"0":"post-63872","1":"product","2":"type-product","3":"status-publish","4":"has-post-thumbnail","6":"product_cat-predsiene-predsiene","7":"product_cat-predsiene-zostavy","8":"product_cat-predsiene","9":"product_cat-komody","10":"pa_typ-produktu-botnik","11":"pa_typ-produktu-komoda","12":"pa_typ-produktu-predsienova-zostava","13":"pa_typ-produktu-skrina-policova","14":"pa_typ-produktu-vesiakovy-panel","15":"pa_typ-produktu-zrkadlo","17":"first","18":"onbackorder","19":"shipping-taxable","20":"purchasable","21":"product-type-variable"},"_links":{"self":[{"href":"https:\/\/nabytoklaguna.sk\/sk\/wp-json\/wp\/v2\/product\/63872","targetHints":{"allow":["GET"]}}],"collection":[{"href":"https:\/\/nabytoklaguna.sk\/sk\/wp-json\/wp\/v2\/product"}],"about":[{"href":"https:\/\/nabytoklaguna.sk\/sk\/wp-json\/wp\/v2\/types\/product"}],"replies":[{"embeddable":true,"href":"https:\/\/nabytoklaguna.sk\/sk\/wp-json\/wp\/v2\/comments?post=63872"}],"wp:featuredmedia":[{"embeddable":true,"href":"https:\/\/nabytoklaguna.sk\/sk\/wp-json\/wp\/v2\/media\/63874"}],"wp:attachment":[{"href":"https:\/\/nabytoklaguna.sk\/sk\/wp-json\/wp\/v2\/media?parent=63872"}],"wp:term":[{"taxonomy":"product_brand","embeddable":true,"href":"https:\/\/nabytoklaguna.sk\/sk\/wp-json\/wp\/v2\/product_brand?post=63872"},{"taxonomy":"product_cat","embeddable":true,"href":"https:\/\/nabytoklaguna.sk\/sk\/wp-json\/wp\/v2\/product_cat?post=63872"},{"taxonomy":"product_tag","embeddable":true,"href":"https:\/\/nabytoklaguna.sk\/sk\/wp-json\/wp\/v2\/product_tag?post=63872"}],"curies":[{"name":"wp","href":"https:\/\/api.w.org\/{rel}","templated":true}]}}

<p>Predsieňová sektorová zostava v provensálskom štýle. Každý člen si túto predsieň určite zamiluje a to aj vďaka farebnému prevedeniu: korpus je biely, vrchné a spodné diely Dub San Remo. Komponenty sektorovej predsiene je možné zakúpiť aj jednotlivo a tak si vyskladáte predsieň podľa vlastných predstáv</p>
<p>ROZMER</p>
<p><strong>Skriňa policová<br />
</strong>Šírka: 76cm<br />
Výška: 201 cm<br />
Hĺbka: 39 cm</p>
<p><strong>Zrkadlo<br />
</strong>Šírka: 95 cm<br />
Výška: 92 cm<br />
Hĺbka: 4 cm</p>
<p><strong>Vešiakový panel<br />
</strong>Šírka:  59 cm<br />
Výška: 143 cm<br />
Hĺbka: 30 cm</p>
<p><strong>Botník<br />
</strong>Šírka:  76 cm<br />
Výška: 50 cm<br />
Hĺbka:38 cm</p>
<p><strong>Komoda<br />
</strong>Šírka:  96cm<br />
Výška: 91 cm<br />
Hĺbka: 38 cm</p>

<p>Predsieňová sektorová zostava v provensálskom štýle. Každý člen si túto predsieň určite zamiluje a to aj vďaka farebnému prevedeniu: korpus je biely, vrchné a spodné diely Dub San Remo. Komponenty sektorovej predsiene je možné zakúpiť aj jednotlivo a tak si vyskladáte predsieň podľa vlastných predstáv ROZMER Skriňa policová Šírka: 76cm Výška: 201 cm Hĺbka: 39&#8230;</p>
