{"id":63894,"date":"2021-04-30T11:04:14","date_gmt":"2021-04-30T09:04:14","guid":{"rendered":"https:\/\/nabytoklaguna.sk\/sk\/?post_type=product&#038;p=63894"},"modified":"2025-09-02T13:22:26","modified_gmt":"2025-09-02T11:22:26","slug":"k-space-predsien","status":"publish","type":"product","link":"https:\/\/nabytoklaguna.sk\/sk\/produkt\/k-space-predsien\/","title":{"rendered":"K SPACE predsie\u0148"},"content":{"rendered":"<p>Elegantn\u00e1\u00a0 predsie\u0148ov\u00e1 sektorov\u00e1 zostava je navrhnut\u00e1 tak, aby p\u00f4sobila atrakt\u00edvne a moderne.\u00a0 Predsie\u0148 je vyroben\u00e1 z kvalitn\u00e9ho materi\u00e1lu MDF v bielom preveden\u00ed extra vysok\u00e9ho lesku.(Korpus: biely, predn\u00e9 diely: MDF biely vysok\u00e9 lesk).Komponenty sektorovej predsiene je mo\u017en\u00e9 zak\u00fapi\u0165 aj jednotlivo a tak si vysklad\u00e1te predsie\u0148 pod\u013ea vlastn\u00fdch predst\u00e1v<\/p>\n<p>ROZMER<\/p>\n<p><strong>Skri\u0148a<\/strong><\/p>\n<p>\u0160\u00edrka: 60 cm<\/p>\n<p>V\u00fd\u0161ka: 198 cm<\/p>\n<p>H\u013abka: 40 cm<\/p>\n<p><strong>Zrkadlo<\/strong><\/p>\n<p>\u0160\u00edrka: 70 cm<\/p>\n<p>V\u00fd\u0161ka: 90 cm<\/p>\n<p>H\u013abka: 2cm<\/p>\n<p><strong>Ve\u0161iakov\u00fd panel<\/strong><\/p>\n<p>\u0160\u00edrka: 80 cm<\/p>\n<p>V\u00fd\u0161ka: 119 cm<\/p>\n<p>H\u013abka: 30 cm<\/p>\n<p><strong>Botn\u00edk<\/strong><\/p>\n<p>\u0160\u00edrka: 80 cm<\/p>\n<p>V\u00fd\u0161ka: 43 cm<\/p>\n<p>H\u013abka: 40 cm<\/p>\n<p><strong>Komoda<\/strong><\/p>\n<p>\u0160\u00edrka: 70 cm<\/p>\n<p>V\u00fd\u0161ka: 101 cm<\/p>\n<p>H\u013abka: 40 cm<\/p>\n","protected":false},"excerpt":{"rendered":"<p>Elegantn\u00e1\u00a0 predsie\u0148ov\u00e1 sektorov\u00e1 zostava je navrhnut\u00e1 tak, aby p\u00f4sobila atrakt\u00edvne a moderne.\u00a0 Predsie\u0148 je vyroben\u00e1 z kvalitn\u00e9ho materi\u00e1lu MDF v bielom preveden\u00ed extra vysok\u00e9ho lesku.(Korpus: biely, predn\u00e9 diely: MDF biely vysok\u00e9 lesk).Komponenty sektorovej predsiene je mo\u017en\u00e9 zak\u00fapi\u0165 aj jednotlivo a tak si vysklad\u00e1te predsie\u0148 pod\u013ea vlastn\u00fdch predst\u00e1v ROZMER Skri\u0148a \u0160\u00edrka: 60 cm V\u00fd\u0161ka: 198 cm&#8230;<\/p>\n","protected":false},"featured_media":63895,"comment_status":"closed","ping_status":"closed","template":"","meta":{"_seopress_robots_primary_cat":"257","_seopress_titles_title":"","_seopress_titles_desc":"","_seopress_robots_index":""},"product_brand":[],"product_cat":[2139,6943,257],"product_tag":[],"class_list":{"0":"post-63894","1":"product","2":"type-product","3":"status-publish","4":"has-post-thumbnail","6":"product_cat-predsiene-predsiene","7":"product_cat-predsiene-zostavy","8":"product_cat-predsiene","9":"pa_typ-produktu-botnik","10":"pa_typ-produktu-komoda","11":"pa_typ-produktu-predsienova-zostava","12":"pa_typ-produktu-skrina","13":"pa_typ-produktu-vesiakovy-panel","14":"pa_typ-produktu-zrkadlo","16":"first","17":"onbackorder","18":"shipping-taxable","19":"purchasable","20":"product-type-variable"},"_links":{"self":[{"href":"https:\/\/nabytoklaguna.sk\/sk\/wp-json\/wp\/v2\/product\/63894","targetHints":{"allow":["GET"]}}],"collection":[{"href":"https:\/\/nabytoklaguna.sk\/sk\/wp-json\/wp\/v2\/product"}],"about":[{"href":"https:\/\/nabytoklaguna.sk\/sk\/wp-json\/wp\/v2\/types\/product"}],"replies":[{"embeddable":true,"href":"https:\/\/nabytoklaguna.sk\/sk\/wp-json\/wp\/v2\/comments?post=63894"}],"wp:featuredmedia":[{"embeddable":true,"href":"https:\/\/nabytoklaguna.sk\/sk\/wp-json\/wp\/v2\/media\/63895"}],"wp:attachment":[{"href":"https:\/\/nabytoklaguna.sk\/sk\/wp-json\/wp\/v2\/media?parent=63894"}],"wp:term":[{"taxonomy":"product_brand","embeddable":true,"href":"https:\/\/nabytoklaguna.sk\/sk\/wp-json\/wp\/v2\/product_brand?post=63894"},{"taxonomy":"product_cat","embeddable":true,"href":"https:\/\/nabytoklaguna.sk\/sk\/wp-json\/wp\/v2\/product_cat?post=63894"},{"taxonomy":"product_tag","embeddable":true,"href":"https:\/\/nabytoklaguna.sk\/sk\/wp-json\/wp\/v2\/product_tag?post=63894"}],"curies":[{"name":"wp","href":"https:\/\/api.w.org\/{rel}","templated":true}]}}

K SPACE predsieň

<p>Elegantná  predsieňová sektorová zostava je navrhnutá tak, aby pôsobila atraktívne a moderne.  Predsieň je vyrobená z kvalitného materiálu MDF v bielom prevedení extra vysokého lesku.(Korpus: biely, predné diely: MDF biely vysoké lesk).Komponenty sektorovej predsiene je možné zakúpiť aj jednotlivo a tak si vyskladáte predsieň podľa vlastných predstáv</p>
<p>ROZMER</p>
<p><strong>Skriňa</strong></p>
<p>Šírka: 60 cm</p>
<p>Výška: 198 cm</p>
<p>Hĺbka: 40 cm</p>
<p><strong>Zrkadlo</strong></p>
<p>Šírka: 70 cm</p>
<p>Výška: 90 cm</p>
<p>Hĺbka: 2cm</p>
<p><strong>Vešiakový panel</strong></p>
<p>Šírka: 80 cm</p>
<p>Výška: 119 cm</p>
<p>Hĺbka: 30 cm</p>
<p><strong>Botník</strong></p>
<p>Šírka: 80 cm</p>
<p>Výška: 43 cm</p>
<p>Hĺbka: 40 cm</p>
<p><strong>Komoda</strong></p>
<p>Šírka: 70 cm</p>
<p>Výška: 101 cm</p>
<p>Hĺbka: 40 cm</p>

<p>Elegantná  predsieňová sektorová zostava je navrhnutá tak, aby pôsobila atraktívne a moderne.  Predsieň je vyrobená z kvalitného materiálu MDF v bielom prevedení extra vysokého lesku.(Korpus: biely, predné diely: MDF biely vysoké lesk).Komponenty sektorovej predsiene je možné zakúpiť aj jednotlivo a tak si vyskladáte predsieň podľa vlastných predstáv ROZMER Skriňa Šírka: 60 cm Výška: 198 cm&#8230;</p>
