{"id":65609,"date":"2021-04-30T11:04:14","date_gmt":"2021-04-30T09:04:14","guid":{"rendered":"https:\/\/nabytoklaguna.sk\/sk\/?post_type=product&#038;p=65609"},"modified":"2025-10-24T16:18:54","modified_gmt":"2025-10-24T14:18:54","slug":"k-torana","status":"publish","type":"product","link":"https:\/\/nabytoklaguna.sk\/sk\/produkt\/k-torana\/","title":{"rendered":"K TORANA"},"content":{"rendered":"<p>Jednoduch\u00e1, dizajnov\u00e1 pre\u0161\u00edvan\u00e1 barov\u00e1 stoli\u010dka TORANA vytv\u00e1ra dokonal\u00fd kontrast medzi lemom a sedadlom. T\u00e1to stoli\u010dka zabezpe\u010d\u00ed pohodlie a chr\u00e1ni va\u0161u chrbticu v\u010faka prisp\u00f4soben\u00e9mu tvaru. Stoj\u00ed na kovov\u00fdch noh\u00e1ch vo farebnom preveden\u00ed buk, \u010dierna.<\/p>\n<ul>\n<li><b>Materi\u00e1l:\u00a0<\/b>l\u00e1tka\/kov<\/li>\n<li><b>Farba: <\/b>\u00a0svetlosiv\u00e1\/siv\u00e1\/\u010dierna<\/li>\n<li><b>Rozmery (\u0160xHxV):\u00a0<\/b>41x52x106 cm<\/li>\n<li><b>V\u00fd\u0161ka sedu:\u00a0<\/b>76 cm<\/li>\n<li><b>H\u013abka sedu:\u00a0<\/b>42 cm<\/li>\n<li>Pre\u0161\u00edvan\u00e1 sedacia \u010das\u0165<\/li>\n<\/ul>\n<p>&nbsp;<\/p>\n","protected":false},"excerpt":{"rendered":"<p>Jednoduch\u00e1, dizajnov\u00e1 pre\u0161\u00edvan\u00e1 barov\u00e1 stoli\u010dka TORANA vytv\u00e1ra dokonal\u00fd kontrast medzi lemom a sedadlom. T\u00e1to stoli\u010dka zabezpe\u010d\u00ed pohodlie a chr\u00e1ni va\u0161u chrbticu v\u010faka prisp\u00f4soben\u00e9mu tvaru. Stoj\u00ed na kovov\u00fdch noh\u00e1ch vo farebnom preveden\u00ed buk, \u010dierna. Materi\u00e1l:\u00a0l\u00e1tka\/kov Farba: \u00a0svetlosiv\u00e1\/siv\u00e1\/\u010dierna Rozmery (\u0160xHxV):\u00a041x52x106 cm V\u00fd\u0161ka sedu:\u00a076 cm H\u013abka sedu:\u00a042 cm Pre\u0161\u00edvan\u00e1 sedacia \u010das\u0165 &nbsp;<\/p>\n","protected":false},"featured_media":65617,"comment_status":"closed","ping_status":"closed","template":"","meta":{"_seopress_robots_primary_cat":"241","_seopress_titles_title":"","_seopress_titles_desc":"","_seopress_robots_index":""},"product_brand":[],"product_cat":[241],"product_tag":[],"class_list":{"0":"post-65609","1":"product","2":"type-product","3":"status-publish","4":"has-post-thumbnail","6":"product_cat-barove-stolicky","7":"pa_farba-svetlohnedahnedabuk","8":"pa_farba-svetlosivasivacierna","10":"first","11":"onbackorder","12":"shipping-taxable","13":"purchasable","14":"product-type-variable"},"_links":{"self":[{"href":"https:\/\/nabytoklaguna.sk\/sk\/wp-json\/wp\/v2\/product\/65609","targetHints":{"allow":["GET"]}}],"collection":[{"href":"https:\/\/nabytoklaguna.sk\/sk\/wp-json\/wp\/v2\/product"}],"about":[{"href":"https:\/\/nabytoklaguna.sk\/sk\/wp-json\/wp\/v2\/types\/product"}],"replies":[{"embeddable":true,"href":"https:\/\/nabytoklaguna.sk\/sk\/wp-json\/wp\/v2\/comments?post=65609"}],"wp:featuredmedia":[{"embeddable":true,"href":"https:\/\/nabytoklaguna.sk\/sk\/wp-json\/wp\/v2\/media\/65617"}],"wp:attachment":[{"href":"https:\/\/nabytoklaguna.sk\/sk\/wp-json\/wp\/v2\/media?parent=65609"}],"wp:term":[{"taxonomy":"product_brand","embeddable":true,"href":"https:\/\/nabytoklaguna.sk\/sk\/wp-json\/wp\/v2\/product_brand?post=65609"},{"taxonomy":"product_cat","embeddable":true,"href":"https:\/\/nabytoklaguna.sk\/sk\/wp-json\/wp\/v2\/product_cat?post=65609"},{"taxonomy":"product_tag","embeddable":true,"href":"https:\/\/nabytoklaguna.sk\/sk\/wp-json\/wp\/v2\/product_tag?post=65609"}],"curies":[{"name":"wp","href":"https:\/\/api.w.org\/{rel}","templated":true}]}}

<p>Jednoduchá, dizajnová prešívaná barová stolička TORANA vytvára dokonalý kontrast medzi lemom a sedadlom. Táto stolička zabezpečí pohodlie a chráni vašu chrbticu vďaka prispôsobenému tvaru. Stojí na kovových nohách vo farebnom prevedení buk, čierna.</p>
<ul>
<li><b>Materiál: </b>látka/kov</li>
<li><b>Farba: </b> svetlosivá/sivá/čierna</li>
<li><b>Rozmery (ŠxHxV): </b>41x52x106 cm</li>
<li><b>Výška sedu: </b>76 cm</li>
<li><b>Hĺbka sedu: </b>42 cm</li>
<li>Prešívaná sedacia časť</li>
</ul>
<p>&nbsp;</p>

<p>Jednoduchá, dizajnová prešívaná barová stolička TORANA vytvára dokonalý kontrast medzi lemom a sedadlom. Táto stolička zabezpečí pohodlie a chráni vašu chrbticu vďaka prispôsobenému tvaru. Stojí na kovových nohách vo farebnom prevedení buk, čierna. Materiál: látka/kov Farba:  svetlosivá/sivá/čierna Rozmery (ŠxHxV): 41x52x106 cm Výška sedu: 76 cm Hĺbka sedu: 42 cm Prešívaná sedacia časť &nbsp;</p>
