{"id":65858,"date":"2021-04-30T11:04:14","date_gmt":"2021-04-30T09:04:14","guid":{"rendered":"https:\/\/nabytoklaguna.sk\/sk\/?post_type=product&#038;p=65858"},"modified":"2025-02-19T14:21:50","modified_gmt":"2025-02-19T13:21:50","slug":"tempo-kondela-ginio","status":"publish","type":"product","link":"https:\/\/nabytoklaguna.sk\/sk\/produkt\/tempo-kondela-ginio\/","title":{"rendered":"TK GINIO"},"content":{"rendered":"<p><strong>M\u00f3dna, trendov\u00e1 a kr\u00e1sna<\/strong>,\u00a0sedacia s\u00faprava <strong>GINIO<\/strong> jednozna\u010dne zaujme. Luxusn\u00e1 sedacia s\u00faprava<strong> GINIO<\/strong> zapadne do ka\u017ed\u00e9ho interi\u00e9ru. \u010cal\u00fanen\u00e1 je l\u00e1tkou v <strong>medovom preveden\u00ed<\/strong>, doplnen\u00e1 je\u00a0dvoma dekorat\u00edvnymi vank\u00fa\u0161mi\u00a0<strong>v\u00a0petrolejovej farbe<\/strong>. Sedacia s\u00faprava ponuka <strong>\u00falo\u017en\u00fd priestor<\/strong> a <strong>je\u00a0rozkladacia<\/strong>, v\u010faka funkcie rozklad poskytuje\u00a0plochu na spanie\u00a0s rozmerom\u00a0127&#215;233 cm. K v\u00e1\u0161mu maxim\u00e1lnemu pohodliu prispej\u00fa aj<strong>\u00a0polohovacie opierky hlavy<\/strong>,\u00a0pru\u017eina <strong>Falista a HR pena<\/strong>. Mo\u017enos\u0165 v\u00fdberu prav\u00e9ho \u010di \u013eav\u00e9ho prevedenia. Sedaciu s\u00fapravu je mo\u017en\u00e9 umiestni\u0165 do priestoru, preto\u017ee m\u00e1<strong> o\u010dal\u00fanen\u00fd chrb\u00e1t.<\/strong><\/p>\n<p>Mo\u017enos\u0165 objednania v 7 farebn\u00fdch prevedeniach l\u00e1tky Kronos a v 2 farebn\u00fdch prevedeniach l\u00e1tky Paros. Doba dodania 8-10t\u00fd\u017ed\u0148ov.<\/p>\n<ul>\n<li>\n<h3 class=\"page-product-heading\">VLASTNOSTI<\/h3>\n<table class=\"table-data-sheet\">\n<tbody>\n<tr class=\"odd\">\n<td>H\u013abka<\/td>\n<td>183 cm<\/td>\n<\/tr>\n<tr class=\"even\">\n<td>\u0160\u00edrka<\/td>\n<td>298 cm<\/td>\n<\/tr>\n<tr class=\"odd\">\n<td>V\u00fd\u0161ka<\/td>\n<td>88-106 cm<\/td>\n<\/tr>\n<tr class=\"even\">\n<td>Vhodn\u00e1 miestnos\u0165<\/td>\n<td>ob\u00fdva\u010dka, spolo\u010densk\u00e1 miestnos\u0165, hotely, kaviarne<\/td>\n<\/tr>\n<tr class=\"odd\">\n<td>Typ n\u00e1bytku<\/td>\n<td>rohov\u00e1 sedacia s\u00faprava<\/td>\n<\/tr>\n<tr class=\"even\">\n<td>\u0160t\u00fdl n\u00e1bytku<\/td>\n<td>modern\u00fd<\/td>\n<\/tr>\n<tr class=\"odd\">\n<td>Z\u00e1ruka<\/td>\n<td>2 roky<\/td>\n<\/tr>\n<tr class=\"even\">\n<td>Sp\u00f4sob dodania<\/td>\n<td>demont v dvoch bal\u00edkoch<\/td>\n<\/tr>\n<tr class=\"odd\">\n<td>Hmotnos\u0165<\/td>\n<td>120 kg<\/td>\n<\/tr>\n<tr class=\"even\">\n<td>\u00dalo\u017en\u00fd priestor<\/td>\n<td>\u00e1no<\/td>\n<\/tr>\n<tr class=\"odd\">\n<td>Rohov\u00e9 prevedenie<\/td>\n<td>\u00e1no<\/td>\n<\/tr>\n<tr class=\"even\">\n<td>V\u00fd\u0161ka sed\u00e1ka<\/td>\n<td>46 cm<\/td>\n<\/tr>\n<tr class=\"odd\">\n<td>V\u00fd\u0161ka zadn\u00e9ho \u010dela<\/td>\n<td>max. 106 cm<\/td>\n<\/tr>\n<tr class=\"even\">\n<td>Mo\u017enos\u0165 rozkladania<\/td>\n<td>\u00e1no<\/td>\n<\/tr>\n<tr class=\"odd\">\n<td>Plocha na spanie:<\/td>\n<td>127x233cm<\/td>\n<\/tr>\n<tr class=\"even\">\n<td>Kon\u0161trukcia<\/td>\n<td>DTD<\/td>\n<\/tr>\n<tr class=\"odd\">\n<td>N\u00f4\u017eky<\/td>\n<td>kov<\/td>\n<\/tr>\n<tr class=\"even\">\n<td>Obsahuje vank\u00fa\u0161e<\/td>\n<td>nie<\/td>\n<\/tr>\n<tr class=\"odd\">\n<td>Nastavenie opierok<\/td>\n<td>\u00e1no<\/td>\n<\/tr>\n<tr class=\"even\">\n<td>V\u00fdpl\u0148 seda\u010dky<\/td>\n<td>pena+ pru\u017eina<\/td>\n<\/tr>\n<\/tbody>\n<\/table>\n<p>&nbsp;<\/li>\n<\/ul>\n","protected":false},"excerpt":{"rendered":"<p>M\u00f3dna, trendov\u00e1 a kr\u00e1sna,\u00a0sedacia s\u00faprava GINIO jednozna\u010dne zaujme. Luxusn\u00e1 sedacia s\u00faprava GINIO zapadne do ka\u017ed\u00e9ho interi\u00e9ru. \u010cal\u00fanen\u00e1 je l\u00e1tkou v medovom preveden\u00ed, doplnen\u00e1 je\u00a0dvoma dekorat\u00edvnymi vank\u00fa\u0161mi\u00a0v\u00a0petrolejovej farbe. Sedacia s\u00faprava ponuka \u00falo\u017en\u00fd priestor a je\u00a0rozkladacia, v\u010faka funkcie rozklad poskytuje\u00a0plochu na spanie\u00a0s rozmerom\u00a0127&#215;233 cm. K v\u00e1\u0161mu maxim\u00e1lnemu pohodliu prispej\u00fa aj\u00a0polohovacie opierky hlavy,\u00a0pru\u017eina Falista a HR pena. Mo\u017enos\u0165&#8230;<\/p>\n","protected":false},"featured_media":65863,"comment_status":"closed","ping_status":"closed","template":"","meta":{"_seopress_robots_primary_cat":"140","_seopress_titles_title":"","_seopress_titles_desc":"","_seopress_robots_index":""},"product_brand":[],"product_cat":[255,140],"product_tag":[],"class_list":{"0":"post-65858","1":"product","2":"type-product","3":"status-publish","4":"has-post-thumbnail","6":"product_cat-rohove-supravy","7":"product_cat-sedacie-supravy","9":"first","10":"onbackorder","11":"shipping-taxable","12":"purchasable","13":"product-type-variable"},"_links":{"self":[{"href":"https:\/\/nabytoklaguna.sk\/sk\/wp-json\/wp\/v2\/product\/65858","targetHints":{"allow":["GET"]}}],"collection":[{"href":"https:\/\/nabytoklaguna.sk\/sk\/wp-json\/wp\/v2\/product"}],"about":[{"href":"https:\/\/nabytoklaguna.sk\/sk\/wp-json\/wp\/v2\/types\/product"}],"replies":[{"embeddable":true,"href":"https:\/\/nabytoklaguna.sk\/sk\/wp-json\/wp\/v2\/comments?post=65858"}],"wp:featuredmedia":[{"embeddable":true,"href":"https:\/\/nabytoklaguna.sk\/sk\/wp-json\/wp\/v2\/media\/65863"}],"wp:attachment":[{"href":"https:\/\/nabytoklaguna.sk\/sk\/wp-json\/wp\/v2\/media?parent=65858"}],"wp:term":[{"taxonomy":"product_brand","embeddable":true,"href":"https:\/\/nabytoklaguna.sk\/sk\/wp-json\/wp\/v2\/product_brand?post=65858"},{"taxonomy":"product_cat","embeddable":true,"href":"https:\/\/nabytoklaguna.sk\/sk\/wp-json\/wp\/v2\/product_cat?post=65858"},{"taxonomy":"product_tag","embeddable":true,"href":"https:\/\/nabytoklaguna.sk\/sk\/wp-json\/wp\/v2\/product_tag?post=65858"}],"curies":[{"name":"wp","href":"https:\/\/api.w.org\/{rel}","templated":true}]}}

<p><strong>Módna, trendová a krásna</strong>, sedacia súprava <strong>GINIO</strong> jednoznačne zaujme. Luxusná sedacia súprava<strong> GINIO</strong> zapadne do každého interiéru. Čalúnená je látkou v <strong>medovom prevedení</strong>, doplnená je dvoma dekoratívnymi vankúšmi <strong>v petrolejovej farbe</strong>. Sedacia súprava ponuka <strong>úložný priestor</strong> a <strong>je rozkladacia</strong>, vďaka funkcie rozklad poskytuje plochu na spanie s rozmerom 127&#215;233 cm. K vášmu maximálnemu pohodliu prispejú aj<strong> polohovacie opierky hlavy</strong>, pružina <strong>Falista a HR pena</strong>. Možnosť výberu pravého či ľavého prevedenia. Sedaciu súpravu je možné umiestniť do priestoru, pretože má<strong> očalúnený chrbát.</strong></p>
<p>Možnosť objednania v 7 farebných prevedeniach látky Kronos a v 2 farebných prevedeniach látky Paros. Doba dodania 8-10týždňov.</p>
<ul>
<li>
<h3 class="page-product-heading">VLASTNOSTI</h3>
<table class="table-data-sheet">
<tbody>
<tr class="odd">
<td>Hĺbka</td>
<td>183 cm</td>
</tr>
<tr class="even">
<td>Šírka</td>
<td>298 cm</td>
</tr>
<tr class="odd">
<td>Výška</td>
<td>88-106 cm</td>
</tr>
<tr class="even">
<td>Vhodná miestnosť</td>
<td>obývačka, spoločenská miestnosť, hotely, kaviarne</td>
</tr>
<tr class="odd">
<td>Typ nábytku</td>
<td>rohová sedacia súprava</td>
</tr>
<tr class="even">
<td>Štýl nábytku</td>
<td>moderný</td>
</tr>
<tr class="odd">
<td>Záruka</td>
<td>2 roky</td>
</tr>
<tr class="even">
<td>Spôsob dodania</td>
<td>demont v dvoch balíkoch</td>
</tr>
<tr class="odd">
<td>Hmotnosť</td>
<td>120 kg</td>
</tr>
<tr class="even">
<td>Úložný priestor</td>
<td>áno</td>
</tr>
<tr class="odd">
<td>Rohové prevedenie</td>
<td>áno</td>
</tr>
<tr class="even">
<td>Výška sedáka</td>
<td>46 cm</td>
</tr>
<tr class="odd">
<td>Výška zadného čela</td>
<td>max. 106 cm</td>
</tr>
<tr class="even">
<td>Možnosť rozkladania</td>
<td>áno</td>
</tr>
<tr class="odd">
<td>Plocha na spanie:</td>
<td>127x233cm</td>
</tr>
<tr class="even">
<td>Konštrukcia</td>
<td>DTD</td>
</tr>
<tr class="odd">
<td>Nôžky</td>
<td>kov</td>
</tr>
<tr class="even">
<td>Obsahuje vankúše</td>
<td>nie</td>
</tr>
<tr class="odd">
<td>Nastavenie opierok</td>
<td>áno</td>
</tr>
<tr class="even">
<td>Výplň sedačky</td>
<td>pena+ pružina</td>
</tr>
</tbody>
</table>
<p>&nbsp;</li>
</ul>

<p>Módna, trendová a krásna, sedacia súprava GINIO jednoznačne zaujme. Luxusná sedacia súprava GINIO zapadne do každého interiéru. Čalúnená je látkou v medovom prevedení, doplnená je dvoma dekoratívnymi vankúšmi v petrolejovej farbe. Sedacia súprava ponuka úložný priestor a je rozkladacia, vďaka funkcie rozklad poskytuje plochu na spanie s rozmerom 127&#215;233 cm. K vášmu maximálnemu pohodliu prispejú aj polohovacie opierky hlavy, pružina Falista a HR pena. Možnosť&#8230;</p>
