{"id":66631,"date":"2021-04-30T11:04:14","date_gmt":"2021-04-30T09:04:14","guid":{"rendered":"https:\/\/nabytoklaguna.sk\/sk\/?post_type=product&#038;p=66631"},"modified":"2025-11-17T16:39:13","modified_gmt":"2025-11-17T15:39:13","slug":"k-zeron","status":"publish","type":"product","link":"https:\/\/nabytoklaguna.sk\/sk\/produkt\/k-zeron\/","title":{"rendered":"K ZERON"},"content":{"rendered":"<p>Dizajnov\u00e9 kreslo\u00a0<strong> ZERON<\/strong>, ktor\u00e9 o\u017eiv\u00ed ka\u017ed\u00fd interi\u00e9r je vyroben\u00e9 z kvalitnej zamatovej\u00a0 l\u00e1tky vo farebnom preveden\u00ed svetlosiv\u00e1, hor\u010dicov\u00e1. O stabilitu sa postaraj\u00fa kovov\u00e9 no\u017ei\u010dky v \u010diernej farbe. Pri farebnom preveden\u00ed hnedozlat\u00e1 s\u00fa no\u017ei\u010dky v preveden\u00ed dub. Dekorat\u00edvne pre\u0161itie rob\u00ed kreslo e\u0161te viac modern\u00fdm.<\/p>\n<p><strong>VLASTNOSTI<\/strong><\/p>\n<ul>\n<li><b>Materi\u00e1l:<\/b>\u00a0l\u00e1tka Velvet\/kov<\/li>\n<li><b>Farba:<\/b> svetlosiv\u00e1\/\u010dierna, hor\u010dicov\u00e1\/\u010dierna, hnedozlat\u00e1\/dub<\/li>\n<li><b>Rozmery (\u0160xHxV):<\/b>\u00a057x64x84,5 cm<\/li>\n<li><b>V\u00fd\u0161ka sedu:<\/b>\u00a050 cm<\/li>\n<li><b>H\u013abka sedu:<\/b>\u00a044 cm<\/li>\n<li><b>Nosnos\u0165:<\/b>\u00a090 kg<\/li>\n<li>Dod\u00e1van\u00e9 v demonte<\/li>\n<\/ul>\n","protected":false},"excerpt":{"rendered":"<p>Dizajnov\u00e9 kreslo\u00a0 ZERON, ktor\u00e9 o\u017eiv\u00ed ka\u017ed\u00fd interi\u00e9r je vyroben\u00e9 z kvalitnej zamatovej\u00a0 l\u00e1tky vo farebnom preveden\u00ed svetlosiv\u00e1, hor\u010dicov\u00e1. O stabilitu sa postaraj\u00fa kovov\u00e9 no\u017ei\u010dky v \u010diernej farbe. Pri farebnom preveden\u00ed hnedozlat\u00e1 s\u00fa no\u017ei\u010dky v preveden\u00ed dub. Dekorat\u00edvne pre\u0161itie rob\u00ed kreslo e\u0161te viac modern\u00fdm. VLASTNOSTI Materi\u00e1l:\u00a0l\u00e1tka Velvet\/kov Farba: svetlosiv\u00e1\/\u010dierna, hor\u010dicov\u00e1\/\u010dierna, hnedozlat\u00e1\/dub Rozmery (\u0160xHxV):\u00a057x64x84,5 cm V\u00fd\u0161ka sedu:\u00a050&#8230;<\/p>\n","protected":false},"featured_media":92145,"comment_status":"closed","ping_status":"closed","template":"","meta":{"_seopress_robots_primary_cat":"none","_seopress_titles_title":"","_seopress_titles_desc":"","_seopress_robots_index":""},"product_brand":[],"product_cat":[239,237],"product_tag":[],"class_list":{"0":"post-66631","1":"product","2":"type-product","3":"status-publish","4":"has-post-thumbnail","6":"product_cat-kovove-stolicky","7":"product_cat-stolicky","8":"pa_farba-hnedozlata","9":"pa_farba-horcicova","10":"pa_farba-svetlosiva","12":"first","13":"onbackorder","14":"shipping-taxable","15":"purchasable","16":"product-type-variable"},"_links":{"self":[{"href":"https:\/\/nabytoklaguna.sk\/sk\/wp-json\/wp\/v2\/product\/66631","targetHints":{"allow":["GET"]}}],"collection":[{"href":"https:\/\/nabytoklaguna.sk\/sk\/wp-json\/wp\/v2\/product"}],"about":[{"href":"https:\/\/nabytoklaguna.sk\/sk\/wp-json\/wp\/v2\/types\/product"}],"replies":[{"embeddable":true,"href":"https:\/\/nabytoklaguna.sk\/sk\/wp-json\/wp\/v2\/comments?post=66631"}],"wp:featuredmedia":[{"embeddable":true,"href":"https:\/\/nabytoklaguna.sk\/sk\/wp-json\/wp\/v2\/media\/92145"}],"wp:attachment":[{"href":"https:\/\/nabytoklaguna.sk\/sk\/wp-json\/wp\/v2\/media?parent=66631"}],"wp:term":[{"taxonomy":"product_brand","embeddable":true,"href":"https:\/\/nabytoklaguna.sk\/sk\/wp-json\/wp\/v2\/product_brand?post=66631"},{"taxonomy":"product_cat","embeddable":true,"href":"https:\/\/nabytoklaguna.sk\/sk\/wp-json\/wp\/v2\/product_cat?post=66631"},{"taxonomy":"product_tag","embeddable":true,"href":"https:\/\/nabytoklaguna.sk\/sk\/wp-json\/wp\/v2\/product_tag?post=66631"}],"curies":[{"name":"wp","href":"https:\/\/api.w.org\/{rel}","templated":true}]}}

<p>Dizajnové kreslo <strong> ZERON</strong>, ktoré oživí každý interiér je vyrobené z kvalitnej zamatovej  látky vo farebnom prevedení svetlosivá, horčicová. O stabilitu sa postarajú kovové nožičky v čiernej farbe. Pri farebnom prevedení hnedozlatá sú nožičky v prevedení dub. Dekoratívne prešitie robí kreslo ešte viac moderným.</p>
<p><strong>VLASTNOSTI</strong></p>
<ul>
<li><b>Materiál:</b> látka Velvet/kov</li>
<li><b>Farba:</b> svetlosivá/čierna, horčicová/čierna, hnedozlatá/dub</li>
<li><b>Rozmery (ŠxHxV):</b> 57x64x84,5 cm</li>
<li><b>Výška sedu:</b> 50 cm</li>
<li><b>Hĺbka sedu:</b> 44 cm</li>
<li><b>Nosnosť:</b> 90 kg</li>
<li>Dodávané v demonte</li>
</ul>

<p>Dizajnové kreslo  ZERON, ktoré oživí každý interiér je vyrobené z kvalitnej zamatovej  látky vo farebnom prevedení svetlosivá, horčicová. O stabilitu sa postarajú kovové nožičky v čiernej farbe. Pri farebnom prevedení hnedozlatá sú nožičky v prevedení dub. Dekoratívne prešitie robí kreslo ešte viac moderným. VLASTNOSTI Materiál: látka Velvet/kov Farba: svetlosivá/čierna, horčicová/čierna, hnedozlatá/dub Rozmery (ŠxHxV): 57x64x84,5 cm Výška sedu: 50&#8230;</p>
