{"id":66650,"date":"2021-04-30T11:04:14","date_gmt":"2021-04-30T09:04:14","guid":{"rendered":"https:\/\/nabytoklaguna.sk\/sk\/?post_type=product&#038;p=66650"},"modified":"2025-02-24T10:45:54","modified_gmt":"2025-02-24T09:45:54","slug":"tempo-kondela-zander","status":"publish","type":"product","link":"https:\/\/nabytoklaguna.sk\/sk\/produkt\/tempo-kondela-zander\/","title":{"rendered":"TK ZANDER"},"content":{"rendered":"<p>Kreslo s podno\u017eou ZANDER si ur\u010dite ob\u013e\u00fabite ak t\u00fa\u017eite po svojej vlastnej o\u00e1ze relaxu. Je vyroben\u00e9 z kvalitnej sivej alebo mentolovej l\u00e1tky v kombin\u00e1cii s mas\u00edvnymi dreven\u00fdmi nohami. Ocen\u00edte aj to, \u017ee kreslo je polohovacie. Svoju chv\u00ed\u013eku oddychu si u\u017eijete aj v\u010faka taburetu, ktor\u00fd je s\u00fa\u010das\u0165ou dod\u00e1vky.<\/p>\n<ul>\n<li><b>Materi\u00e1l:<\/b>\u00a0l\u00e1tka\/drevo<\/li>\n<li><b>Farba:<\/b>\u00a0svetlosiv\u00e1\/pr\u00edrodn\u00e1<\/li>\n<li><b>Rozmery kreslo:<\/b>\u00a082x83x99 cm<\/li>\n<li><b>H\u013abka sedu:<\/b>\u00a049,5 cm<\/li>\n<li>S taburetom<\/li>\n<li><b>Rozmery podno\u017e (\u0160xHxV):<\/b>\u00a063x51x40 cm<\/li>\n<li><b>Nosnos\u0165 kresla:<\/b>\u00a0100 kg<\/li>\n<li><b>Nosnos\u0165 podno\u017ee:<\/b>\u00a090 kg<\/li>\n<li>Polohovacie<\/li>\n<li>S podno\u017eou<\/li>\n<li>Dod\u00e1van\u00e9 v demonte<\/li>\n<\/ul>\n","protected":false},"excerpt":{"rendered":"<p>Kreslo s podno\u017eou ZANDER si ur\u010dite ob\u013e\u00fabite ak t\u00fa\u017eite po svojej vlastnej o\u00e1ze relaxu. Je vyroben\u00e9 z kvalitnej sivej alebo mentolovej l\u00e1tky v kombin\u00e1cii s mas\u00edvnymi dreven\u00fdmi nohami. Ocen\u00edte aj to, \u017ee kreslo je polohovacie. Svoju chv\u00ed\u013eku oddychu si u\u017eijete aj v\u010faka taburetu, ktor\u00fd je s\u00fa\u010das\u0165ou dod\u00e1vky. Materi\u00e1l:\u00a0l\u00e1tka\/drevo Farba:\u00a0svetlosiv\u00e1\/pr\u00edrodn\u00e1 Rozmery kreslo:\u00a082x83x99 cm H\u013abka sedu:\u00a049,5 cm&#8230;<\/p>\n","protected":false},"featured_media":66656,"comment_status":"closed","ping_status":"closed","template":"","meta":{"_seopress_robots_primary_cat":"231","_seopress_titles_title":"                                    ","_seopress_titles_desc":"                                    ","_seopress_robots_index":""},"product_brand":[],"product_cat":[231],"product_tag":[],"class_list":{"0":"post-66650","1":"product","2":"type-product","3":"status-publish","4":"has-post-thumbnail","6":"product_cat-kresla","7":"pa_farba-mentolova","8":"pa_farba-siva","10":"first","11":"onbackorder","12":"shipping-taxable","13":"purchasable","14":"product-type-variable"},"_links":{"self":[{"href":"https:\/\/nabytoklaguna.sk\/sk\/wp-json\/wp\/v2\/product\/66650","targetHints":{"allow":["GET"]}}],"collection":[{"href":"https:\/\/nabytoklaguna.sk\/sk\/wp-json\/wp\/v2\/product"}],"about":[{"href":"https:\/\/nabytoklaguna.sk\/sk\/wp-json\/wp\/v2\/types\/product"}],"replies":[{"embeddable":true,"href":"https:\/\/nabytoklaguna.sk\/sk\/wp-json\/wp\/v2\/comments?post=66650"}],"wp:featuredmedia":[{"embeddable":true,"href":"https:\/\/nabytoklaguna.sk\/sk\/wp-json\/wp\/v2\/media\/66656"}],"wp:attachment":[{"href":"https:\/\/nabytoklaguna.sk\/sk\/wp-json\/wp\/v2\/media?parent=66650"}],"wp:term":[{"taxonomy":"product_brand","embeddable":true,"href":"https:\/\/nabytoklaguna.sk\/sk\/wp-json\/wp\/v2\/product_brand?post=66650"},{"taxonomy":"product_cat","embeddable":true,"href":"https:\/\/nabytoklaguna.sk\/sk\/wp-json\/wp\/v2\/product_cat?post=66650"},{"taxonomy":"product_tag","embeddable":true,"href":"https:\/\/nabytoklaguna.sk\/sk\/wp-json\/wp\/v2\/product_tag?post=66650"}],"curies":[{"name":"wp","href":"https:\/\/api.w.org\/{rel}","templated":true}]}}

<p>Kreslo s podnožou ZANDER si určite obľúbite ak túžite po svojej vlastnej oáze relaxu. Je vyrobené z kvalitnej sivej alebo mentolovej látky v kombinácii s masívnymi drevenými nohami. Oceníte aj to, že kreslo je polohovacie. Svoju chvíľku oddychu si užijete aj vďaka taburetu, ktorý je súčasťou dodávky.</p>
<ul>
<li><b>Materiál:</b> látka/drevo</li>
<li><b>Farba:</b> svetlosivá/prírodná</li>
<li><b>Rozmery kreslo:</b> 82x83x99 cm</li>
<li><b>Hĺbka sedu:</b> 49,5 cm</li>
<li>S taburetom</li>
<li><b>Rozmery podnož (ŠxHxV):</b> 63x51x40 cm</li>
<li><b>Nosnosť kresla:</b> 100 kg</li>
<li><b>Nosnosť podnože:</b> 90 kg</li>
<li>Polohovacie</li>
<li>S podnožou</li>
<li>Dodávané v demonte</li>
</ul>

<p>Kreslo s podnožou ZANDER si určite obľúbite ak túžite po svojej vlastnej oáze relaxu. Je vyrobené z kvalitnej sivej alebo mentolovej látky v kombinácii s masívnymi drevenými nohami. Oceníte aj to, že kreslo je polohovacie. Svoju chvíľku oddychu si užijete aj vďaka taburetu, ktorý je súčasťou dodávky. Materiál: látka/drevo Farba: svetlosivá/prírodná Rozmery kreslo: 82x83x99 cm Hĺbka sedu: 49,5 cm&#8230;</p>
