{"id":66673,"date":"2021-04-30T11:04:14","date_gmt":"2021-04-30T09:04:14","guid":{"rendered":"https:\/\/nabytoklaguna.sk\/sk\/?post_type=product&#038;p=66673"},"modified":"2025-02-24T15:38:41","modified_gmt":"2025-02-24T14:38:41","slug":"tempo-kondela-lerato","status":"publish","type":"product","link":"https:\/\/nabytoklaguna.sk\/sk\/produkt\/tempo-kondela-lerato\/","title":{"rendered":"K LERATO"},"content":{"rendered":"<p>Relaxa\u010dn\u00e9 kreslo <strong>LERATO<\/strong> v kombin\u00e1cii ekoko\u017ee alebo l\u00e1tky a dreven\u00fdch n\u00f4h sa hod\u00ed napr\u00edklad aj k va\u0161ej sedacej s\u00faprave. M\u00e1 funkciu ot\u00e1\u010dania a polohovania, \u010do ur\u010dite ocen\u00edte. Kreslo dod\u00e1vame spolu s podno\u017ekou.<\/p>\n<ul>\n<li><b>Materi\u00e1l:<\/b>\u00a0ekoko\u017ea\/drevo, l\u00e1tka\/drevo<\/li>\n<li><b>Farba:<\/b>\u00a0cappucino\/natural, tmavosiv\u00e1\/natural, hnedosiv\u00e1 l\u00e1tka+\/natural<\/li>\n<li><b>Rozmery (\u0160xHxV):<\/b>\u00a078x70x95 cm<\/li>\n<li><b>Rozmery podno\u017ee (\u0160xHxV):<\/b>\u00a050,5x51x43 cm<\/li>\n<li>Dod\u00e1van\u00e9 s podno\u017ekou<\/li>\n<li>Dod\u00e1van\u00e9 v demonte<\/li>\n<\/ul>\n","protected":false},"excerpt":{"rendered":"<p>Relaxa\u010dn\u00e9 kreslo LERATO v kombin\u00e1cii ekoko\u017ee alebo l\u00e1tky a dreven\u00fdch n\u00f4h sa hod\u00ed napr\u00edklad aj k va\u0161ej sedacej s\u00faprave. M\u00e1 funkciu ot\u00e1\u010dania a polohovania, \u010do ur\u010dite ocen\u00edte. Kreslo dod\u00e1vame spolu s podno\u017ekou. Materi\u00e1l:\u00a0ekoko\u017ea\/drevo, l\u00e1tka\/drevo Farba:\u00a0cappucino\/natural, tmavosiv\u00e1\/natural, hnedosiv\u00e1 l\u00e1tka+\/natural Rozmery (\u0160xHxV):\u00a078x70x95 cm Rozmery podno\u017ee (\u0160xHxV):\u00a050,5x51x43 cm Dod\u00e1van\u00e9 s podno\u017ekou Dod\u00e1van\u00e9 v demonte<\/p>\n","protected":false},"featured_media":66683,"comment_status":"closed","ping_status":"closed","template":"","meta":{"_seopress_robots_primary_cat":"231","_seopress_titles_title":"","_seopress_titles_desc":"","_seopress_robots_index":""},"product_brand":[],"product_cat":[231],"product_tag":[],"class_list":{"0":"post-66673","1":"product","2":"type-product","3":"status-publish","4":"has-post-thumbnail","6":"product_cat-kresla","7":"pa_farba-ekokoza-cappucino-natural","8":"pa_farba-ekokza-tmavosivanatural","9":"pa_farba-hnedosiva-latkanatural","10":"pa_farba-siva-latkanatural","12":"first","13":"onbackorder","14":"shipping-taxable","15":"purchasable","16":"product-type-variable"},"_links":{"self":[{"href":"https:\/\/nabytoklaguna.sk\/sk\/wp-json\/wp\/v2\/product\/66673","targetHints":{"allow":["GET"]}}],"collection":[{"href":"https:\/\/nabytoklaguna.sk\/sk\/wp-json\/wp\/v2\/product"}],"about":[{"href":"https:\/\/nabytoklaguna.sk\/sk\/wp-json\/wp\/v2\/types\/product"}],"replies":[{"embeddable":true,"href":"https:\/\/nabytoklaguna.sk\/sk\/wp-json\/wp\/v2\/comments?post=66673"}],"wp:featuredmedia":[{"embeddable":true,"href":"https:\/\/nabytoklaguna.sk\/sk\/wp-json\/wp\/v2\/media\/66683"}],"wp:attachment":[{"href":"https:\/\/nabytoklaguna.sk\/sk\/wp-json\/wp\/v2\/media?parent=66673"}],"wp:term":[{"taxonomy":"product_brand","embeddable":true,"href":"https:\/\/nabytoklaguna.sk\/sk\/wp-json\/wp\/v2\/product_brand?post=66673"},{"taxonomy":"product_cat","embeddable":true,"href":"https:\/\/nabytoklaguna.sk\/sk\/wp-json\/wp\/v2\/product_cat?post=66673"},{"taxonomy":"product_tag","embeddable":true,"href":"https:\/\/nabytoklaguna.sk\/sk\/wp-json\/wp\/v2\/product_tag?post=66673"}],"curies":[{"name":"wp","href":"https:\/\/api.w.org\/{rel}","templated":true}]}}

<p>Relaxačné kreslo <strong>LERATO</strong> v kombinácii ekokože alebo látky a drevených nôh sa hodí napríklad aj k vašej sedacej súprave. Má funkciu otáčania a polohovania, čo určite oceníte. Kreslo dodávame spolu s podnožkou.</p>
<ul>
<li><b>Materiál:</b> ekokoža/drevo, látka/drevo</li>
<li><b>Farba:</b> cappucino/natural, tmavosivá/natural, hnedosivá látka+/natural</li>
<li><b>Rozmery (ŠxHxV):</b> 78x70x95 cm</li>
<li><b>Rozmery podnože (ŠxHxV):</b> 50,5x51x43 cm</li>
<li>Dodávané s podnožkou</li>
<li>Dodávané v demonte</li>
</ul>

<p>Relaxačné kreslo LERATO v kombinácii ekokože alebo látky a drevených nôh sa hodí napríklad aj k vašej sedacej súprave. Má funkciu otáčania a polohovania, čo určite oceníte. Kreslo dodávame spolu s podnožkou. Materiál: ekokoža/drevo, látka/drevo Farba: cappucino/natural, tmavosivá/natural, hnedosivá látka+/natural Rozmery (ŠxHxV): 78x70x95 cm Rozmery podnože (ŠxHxV): 50,5x51x43 cm Dodávané s podnožkou Dodávané v demonte</p>
