{"id":66711,"date":"2021-04-30T11:04:14","date_gmt":"2021-04-30T09:04:14","guid":{"rendered":"https:\/\/nabytoklaguna.sk\/sk\/?post_type=product&#038;p=66711"},"modified":"2025-02-24T15:37:03","modified_gmt":"2025-02-24T14:37:03","slug":"tempo-kondela-rodeza-kreslo","status":"publish","type":"product","link":"https:\/\/nabytoklaguna.sk\/sk\/produkt\/tempo-kondela-rodeza-kreslo\/","title":{"rendered":"K RODEZA Kreslo"},"content":{"rendered":"<p>Kreslo <strong>RODEZA<\/strong> v\u00e1s dostane na prv\u00fd poh\u013ead. Vysok\u00e9 operadlo na hlavu, ktor\u00e9 ma po oboch stran\u00e1ch vysunut\u00fa opierku, komfortn\u00e9 sedenie a kvalitn\u00e9 \u010dalpnenie l\u00e1tkou Kronos a Panos v modern\u00fdch farebn\u00fdch prevedeniach. Stoj\u00ed na pevn\u00fdch \u010diernych alebo bukov\u00fdch no\u017ei\u010dk\u00e1ch-<\/p>\n<ul>\n<li><b>Materi\u00e1l:\u00a0<\/b>l\u00e1tka Kronos, Panos\/drevo<\/li>\n<li><b>Farba:\u00a0<\/b>meden\u00e1\/\u010dierna, kr\u00e9mov\u00e1\/\u010dierna, mentolov\u00e1\/buk, svetlosiv\u00e1\/\u010dierna,\u00a0 sivohned\u00e1\/buk<\/li>\n<li><b>Rozmery kresla (\u0160xHxV):\u00a0<\/b>80x84x104 cm<\/li>\n<li><b>V\u00fd\u0161ka sedu:<\/b>\u00a043 cm<\/li>\n<li><b>H\u013abka sedu:<\/b>\u00a050 cm<\/li>\n<li>Vysok\u00e9 operadlo<\/li>\n<li>Ozdobn\u00e9 gomb\u00edky<\/li>\n<li>Dod\u00e1van\u00e9 v demonte<\/li>\n<\/ul>\n<p>Odpor\u00fa\u010dame kombinova\u0165 s taburetom RODEZA v rovnak\u00fdch prevedeniach.<\/p>\n<p><a href=\"https:\/\/nabytoklaguna.sk\/sk\/obchod\/sedacie-supravy\/taburetky\/tempo-kondela-rufino\/\">https:\/\/nabytoklaguna.sk\/sk\/obchod\/sedacie-supravy\/taburetky\/tempo-kondela-rufino\/<\/a><\/p>\n","protected":false},"excerpt":{"rendered":"<p>Kreslo RODEZA v\u00e1s dostane na prv\u00fd poh\u013ead. Vysok\u00e9 operadlo na hlavu, ktor\u00e9 ma po oboch stran\u00e1ch vysunut\u00fa opierku, komfortn\u00e9 sedenie a kvalitn\u00e9 \u010dalpnenie l\u00e1tkou Kronos a Panos v modern\u00fdch farebn\u00fdch prevedeniach. Stoj\u00ed na pevn\u00fdch \u010diernych alebo bukov\u00fdch no\u017ei\u010dk\u00e1ch- Materi\u00e1l:\u00a0l\u00e1tka Kronos, Panos\/drevo Farba:\u00a0meden\u00e1\/\u010dierna, kr\u00e9mov\u00e1\/\u010dierna, mentolov\u00e1\/buk, svetlosiv\u00e1\/\u010dierna,\u00a0 sivohned\u00e1\/buk Rozmery kresla (\u0160xHxV):\u00a080x84x104 cm V\u00fd\u0161ka sedu:\u00a043 cm H\u013abka sedu:\u00a050&#8230;<\/p>\n","protected":false},"featured_media":66720,"comment_status":"closed","ping_status":"closed","template":"","meta":{"_seopress_robots_primary_cat":"231","_seopress_titles_title":"","_seopress_titles_desc":"","_seopress_robots_index":""},"product_brand":[],"product_cat":[231],"product_tag":[],"class_list":{"0":"post-66711","1":"product","2":"type-product","3":"status-publish","4":"has-post-thumbnail","6":"product_cat-kresla","7":"pa_farba-kremova-cierna","8":"pa_farba-medena-cierna","9":"pa_farba-mentolova-buk","10":"pa_farba-sivohneda-buk","11":"pa_farba-svetlosiva-cierna","13":"first","14":"onbackorder","15":"shipping-taxable","16":"purchasable","17":"product-type-variable"},"_links":{"self":[{"href":"https:\/\/nabytoklaguna.sk\/sk\/wp-json\/wp\/v2\/product\/66711","targetHints":{"allow":["GET"]}}],"collection":[{"href":"https:\/\/nabytoklaguna.sk\/sk\/wp-json\/wp\/v2\/product"}],"about":[{"href":"https:\/\/nabytoklaguna.sk\/sk\/wp-json\/wp\/v2\/types\/product"}],"replies":[{"embeddable":true,"href":"https:\/\/nabytoklaguna.sk\/sk\/wp-json\/wp\/v2\/comments?post=66711"}],"wp:featuredmedia":[{"embeddable":true,"href":"https:\/\/nabytoklaguna.sk\/sk\/wp-json\/wp\/v2\/media\/66720"}],"wp:attachment":[{"href":"https:\/\/nabytoklaguna.sk\/sk\/wp-json\/wp\/v2\/media?parent=66711"}],"wp:term":[{"taxonomy":"product_brand","embeddable":true,"href":"https:\/\/nabytoklaguna.sk\/sk\/wp-json\/wp\/v2\/product_brand?post=66711"},{"taxonomy":"product_cat","embeddable":true,"href":"https:\/\/nabytoklaguna.sk\/sk\/wp-json\/wp\/v2\/product_cat?post=66711"},{"taxonomy":"product_tag","embeddable":true,"href":"https:\/\/nabytoklaguna.sk\/sk\/wp-json\/wp\/v2\/product_tag?post=66711"}],"curies":[{"name":"wp","href":"https:\/\/api.w.org\/{rel}","templated":true}]}}

<p>Kreslo <strong>RODEZA</strong> vás dostane na prvý pohľad. Vysoké operadlo na hlavu, ktoré ma po oboch stranách vysunutú opierku, komfortné sedenie a kvalitné čalpnenie látkou Kronos a Panos v moderných farebných prevedeniach. Stojí na pevných čiernych alebo bukových nožičkách-</p>
<ul>
<li><b>Materiál: </b>látka Kronos, Panos/drevo</li>
<li><b>Farba: </b>medená/čierna, krémová/čierna, mentolová/buk, svetlosivá/čierna,  sivohnedá/buk</li>
<li><b>Rozmery kresla (ŠxHxV): </b>80x84x104 cm</li>
<li><b>Výška sedu:</b> 43 cm</li>
<li><b>Hĺbka sedu:</b> 50 cm</li>
<li>Vysoké operadlo</li>
<li>Ozdobné gombíky</li>
<li>Dodávané v demonte</li>
</ul>
<p>Odporúčame kombinovať s taburetom RODEZA v rovnakých prevedeniach.</p>
<p><a href="https://nabytoklaguna.sk/sk/obchod/sedacie-supravy/taburetky/tempo-kondela-rufino/">https://nabytoklaguna.sk/sk/obchod/sedacie-supravy/taburetky/tempo-kondela-rufino/</a></p>

<p>Kreslo RODEZA vás dostane na prvý pohľad. Vysoké operadlo na hlavu, ktoré ma po oboch stranách vysunutú opierku, komfortné sedenie a kvalitné čalpnenie látkou Kronos a Panos v moderných farebných prevedeniach. Stojí na pevných čiernych alebo bukových nožičkách- Materiál: látka Kronos, Panos/drevo Farba: medená/čierna, krémová/čierna, mentolová/buk, svetlosivá/čierna,  sivohnedá/buk Rozmery kresla (ŠxHxV): 80x84x104 cm Výška sedu: 43 cm Hĺbka sedu: 50&#8230;</p>
