{"id":67139,"date":"2021-04-30T11:04:14","date_gmt":"2021-04-30T09:04:14","guid":{"rendered":"https:\/\/nabytoklaguna.sk\/sk\/?post_type=product&#038;p=67139"},"modified":"2024-11-13T13:41:07","modified_gmt":"2024-11-13T12:41:07","slug":"tempo-kondela-melida","status":"publish","type":"product","link":"https:\/\/nabytoklaguna.sk\/sk\/produkt\/tempo-kondela-melida\/","title":{"rendered":"TK MELIDA"},"content":{"rendered":"<p>Konferen\u010dn\u00fd stol\u00edk MELIDA v preveden\u00ed biely lesk a sivo\u010dierna s kresbou dreva alebo biela HG a dub sonoma o\u017eiv\u00ed v\u00e1\u0161 interi\u00e9r. Ukr\u00fdva aj \u00falo\u017en\u00fd priestor v podobe \u0161upl\u00edka a odkladacej plochy pod v\u00fdsuvnou \u010das\u0165ou vrchnej dosky.Vyroben\u00fd je z MDF. Ocen\u00edte aj v\u00fdsuvn\u00fd syst\u00e9m na hlavnej doske.<\/p>\n<ul>\n<li><b>Materi\u00e1l:<\/b>\u00a0MDF<\/li>\n<li><b>Prevedenie:\u00a0<\/b>biela HG\/sivo\u010dierna s kresbou dreva,\u00a0biela HG\/ dub sonoma<\/li>\n<li><b>Rozmery (\u0160xHxV):<\/b>\u00a0120x60x43 cm<\/li>\n<li>S \u00falo\u017en\u00fdm priestorom<\/li>\n<li>S v\u00fdsuvn\u00fdm syst\u00e9mom na hlavnej doske<\/li>\n<li>So \u0161upl\u00edkom<\/li>\n<li>Dod\u00e1van\u00e9 v demonte<\/li>\n<\/ul>\n","protected":false},"excerpt":{"rendered":"<p>Konferen\u010dn\u00fd stol\u00edk MELIDA v preveden\u00ed biely lesk a sivo\u010dierna s kresbou dreva alebo biela HG a dub sonoma o\u017eiv\u00ed v\u00e1\u0161 interi\u00e9r. Ukr\u00fdva aj \u00falo\u017en\u00fd priestor v podobe \u0161upl\u00edka a odkladacej plochy pod v\u00fdsuvnou \u010das\u0165ou vrchnej dosky.Vyroben\u00fd je z MDF. Ocen\u00edte aj v\u00fdsuvn\u00fd syst\u00e9m na hlavnej doske. Materi\u00e1l:\u00a0MDF Prevedenie:\u00a0biela HG\/sivo\u010dierna s kresbou dreva,\u00a0biela HG\/ dub sonoma&#8230;<\/p>\n","protected":false},"featured_media":67142,"comment_status":"closed","ping_status":"closed","template":"","meta":{"_seopress_robots_primary_cat":"182","_seopress_titles_title":"                                    ","_seopress_titles_desc":"                                    ","_seopress_robots_index":""},"product_brand":[],"product_cat":[182],"product_tag":[],"class_list":{"0":"post-67139","1":"product","2":"type-product","3":"status-publish","4":"has-post-thumbnail","6":"product_cat-obyvacie-steny","7":"pa_farba-ciernabiela","8":"pa_farba-dub-sonomabiela","10":"first","11":"onbackorder","12":"shipping-taxable","13":"purchasable","14":"product-type-variable"},"_links":{"self":[{"href":"https:\/\/nabytoklaguna.sk\/sk\/wp-json\/wp\/v2\/product\/67139","targetHints":{"allow":["GET"]}}],"collection":[{"href":"https:\/\/nabytoklaguna.sk\/sk\/wp-json\/wp\/v2\/product"}],"about":[{"href":"https:\/\/nabytoklaguna.sk\/sk\/wp-json\/wp\/v2\/types\/product"}],"replies":[{"embeddable":true,"href":"https:\/\/nabytoklaguna.sk\/sk\/wp-json\/wp\/v2\/comments?post=67139"}],"wp:featuredmedia":[{"embeddable":true,"href":"https:\/\/nabytoklaguna.sk\/sk\/wp-json\/wp\/v2\/media\/67142"}],"wp:attachment":[{"href":"https:\/\/nabytoklaguna.sk\/sk\/wp-json\/wp\/v2\/media?parent=67139"}],"wp:term":[{"taxonomy":"product_brand","embeddable":true,"href":"https:\/\/nabytoklaguna.sk\/sk\/wp-json\/wp\/v2\/product_brand?post=67139"},{"taxonomy":"product_cat","embeddable":true,"href":"https:\/\/nabytoklaguna.sk\/sk\/wp-json\/wp\/v2\/product_cat?post=67139"},{"taxonomy":"product_tag","embeddable":true,"href":"https:\/\/nabytoklaguna.sk\/sk\/wp-json\/wp\/v2\/product_tag?post=67139"}],"curies":[{"name":"wp","href":"https:\/\/api.w.org\/{rel}","templated":true}]}}

<p>Konferenčný stolík MELIDA v prevedení biely lesk a sivočierna s kresbou dreva alebo biela HG a dub sonoma oživí váš interiér. Ukrýva aj úložný priestor v podobe šuplíka a odkladacej plochy pod výsuvnou časťou vrchnej dosky.Vyrobený je z MDF. Oceníte aj výsuvný systém na hlavnej doske.</p>
<ul>
<li><b>Materiál:</b> MDF</li>
<li><b>Prevedenie: </b>biela HG/sivočierna s kresbou dreva, biela HG/ dub sonoma</li>
<li><b>Rozmery (ŠxHxV):</b> 120x60x43 cm</li>
<li>S úložným priestorom</li>
<li>S výsuvným systémom na hlavnej doske</li>
<li>So šuplíkom</li>
<li>Dodávané v demonte</li>
</ul>

<p>Konferenčný stolík MELIDA v prevedení biely lesk a sivočierna s kresbou dreva alebo biela HG a dub sonoma oživí váš interiér. Ukrýva aj úložný priestor v podobe šuplíka a odkladacej plochy pod výsuvnou časťou vrchnej dosky.Vyrobený je z MDF. Oceníte aj výsuvný systém na hlavnej doske. Materiál: MDF Prevedenie: biela HG/sivočierna s kresbou dreva, biela HG/ dub sonoma&#8230;</p>
