{"id":67151,"date":"2021-04-30T11:04:14","date_gmt":"2021-04-30T09:04:14","guid":{"rendered":"https:\/\/nabytoklaguna.sk\/sk\/?post_type=product&#038;p=67151"},"modified":"2026-01-14T10:50:02","modified_gmt":"2026-01-14T09:50:02","slug":"k-kastler-typ1","status":"publish","type":"product","link":"https:\/\/nabytoklaguna.sk\/sk\/produkt\/k-kastler-typ1\/","title":{"rendered":"K KASTLER typ 1"},"content":{"rendered":"<p>Modern\u00fd konferen\u010dn\u00fd stol\u00edk KASTLER ocen\u00edte hlavne v\u010faka tomu, \u017ee to je set dvoch stol\u00edkov. Vyroben\u00fd je z laminovanej MDF v preveden\u00ed biela mat, dub sonoma alebo orech+\u010dierne kovov\u00e9 nohy.<\/p>\n<ul>\n<li><b>Materi\u00e1l:<\/b>\u00a0MDF laminovan\u00e1\/kov<\/li>\n<li><b>Farba:<\/b> sonoma\/\u010dierna, biela mat, orech<\/li>\n<li><b>Rozmery v\u00e4\u010d\u0161\u00ed stol\u00edk (\u0160xHxV):<\/b>\u00a075x75x37 cm<\/li>\n<li><b>Rozmery men\u0161\u00ed stol\u00edk (\u0160xHxV):<\/b>\u00a065x65x32 cm<\/li>\n<li>Set dvoch konferen\u010dn\u00fdch stol\u00edkov<\/li>\n<li>Dod\u00e1van\u00e9 v demonte<\/li>\n<\/ul>\n","protected":false},"excerpt":{"rendered":"<p>Modern\u00fd konferen\u010dn\u00fd stol\u00edk KASTLER ocen\u00edte hlavne v\u010faka tomu, \u017ee to je set dvoch stol\u00edkov. Vyroben\u00fd je z laminovanej MDF v preveden\u00ed biela mat, dub sonoma alebo orech+\u010dierne kovov\u00e9 nohy. Materi\u00e1l:\u00a0MDF laminovan\u00e1\/kov Farba: sonoma\/\u010dierna, biela mat, orech Rozmery v\u00e4\u010d\u0161\u00ed stol\u00edk (\u0160xHxV):\u00a075x75x37 cm Rozmery men\u0161\u00ed stol\u00edk (\u0160xHxV):\u00a065x65x32 cm Set dvoch konferen\u010dn\u00fdch stol\u00edkov Dod\u00e1van\u00e9 v demonte<\/p>\n","protected":false},"featured_media":83867,"comment_status":"closed","ping_status":"closed","template":"","meta":{"_seopress_robots_primary_cat":"none","_seopress_titles_title":"","_seopress_titles_desc":"","_seopress_robots_index":""},"product_brand":[],"product_cat":[221],"product_tag":[],"class_list":{"0":"post-67151","1":"product","2":"type-product","3":"status-publish","4":"has-post-thumbnail","6":"product_cat-konferencne-stoliky","7":"pa_farba-biely-mat","8":"pa_farba-dub-sonoma","9":"pa_farba-orech","11":"first","12":"onbackorder","13":"shipping-taxable","14":"purchasable","15":"product-type-variable"},"_links":{"self":[{"href":"https:\/\/nabytoklaguna.sk\/sk\/wp-json\/wp\/v2\/product\/67151","targetHints":{"allow":["GET"]}}],"collection":[{"href":"https:\/\/nabytoklaguna.sk\/sk\/wp-json\/wp\/v2\/product"}],"about":[{"href":"https:\/\/nabytoklaguna.sk\/sk\/wp-json\/wp\/v2\/types\/product"}],"replies":[{"embeddable":true,"href":"https:\/\/nabytoklaguna.sk\/sk\/wp-json\/wp\/v2\/comments?post=67151"}],"wp:featuredmedia":[{"embeddable":true,"href":"https:\/\/nabytoklaguna.sk\/sk\/wp-json\/wp\/v2\/media\/83867"}],"wp:attachment":[{"href":"https:\/\/nabytoklaguna.sk\/sk\/wp-json\/wp\/v2\/media?parent=67151"}],"wp:term":[{"taxonomy":"product_brand","embeddable":true,"href":"https:\/\/nabytoklaguna.sk\/sk\/wp-json\/wp\/v2\/product_brand?post=67151"},{"taxonomy":"product_cat","embeddable":true,"href":"https:\/\/nabytoklaguna.sk\/sk\/wp-json\/wp\/v2\/product_cat?post=67151"},{"taxonomy":"product_tag","embeddable":true,"href":"https:\/\/nabytoklaguna.sk\/sk\/wp-json\/wp\/v2\/product_tag?post=67151"}],"curies":[{"name":"wp","href":"https:\/\/api.w.org\/{rel}","templated":true}]}}

<p>Moderný konferenčný stolík KASTLER oceníte hlavne vďaka tomu, že to je set dvoch stolíkov. Vyrobený je z laminovanej MDF v prevedení biela mat, dub sonoma alebo orech+čierne kovové nohy.</p>
<ul>
<li><b>Materiál:</b> MDF laminovaná/kov</li>
<li><b>Farba:</b> sonoma/čierna, biela mat, orech</li>
<li><b>Rozmery väčší stolík (ŠxHxV):</b> 75x75x37 cm</li>
<li><b>Rozmery menší stolík (ŠxHxV):</b> 65x65x32 cm</li>
<li>Set dvoch konferenčných stolíkov</li>
<li>Dodávané v demonte</li>
</ul>

<p>Moderný konferenčný stolík KASTLER oceníte hlavne vďaka tomu, že to je set dvoch stolíkov. Vyrobený je z laminovanej MDF v prevedení biela mat, dub sonoma alebo orech+čierne kovové nohy. Materiál: MDF laminovaná/kov Farba: sonoma/čierna, biela mat, orech Rozmery väčší stolík (ŠxHxV): 75x75x37 cm Rozmery menší stolík (ŠxHxV): 65x65x32 cm Set dvoch konferenčných stolíkov Dodávané v demonte</p>
