{"id":67168,"date":"2021-04-30T11:04:14","date_gmt":"2021-04-30T09:04:14","guid":{"rendered":"https:\/\/nabytoklaguna.sk\/sk\/?post_type=product&#038;p=67168"},"modified":"2025-03-17T12:02:22","modified_gmt":"2025-03-17T11:02:22","slug":"tempo-kondela-genta","status":"publish","type":"product","link":"https:\/\/nabytoklaguna.sk\/sk\/produkt\/tempo-kondela-genta\/","title":{"rendered":"K GENTA"},"content":{"rendered":"<p>Ob\u00fdvacia stena GENTA si v\u00e1s ur\u010dite z\u00edska. Bude stredobodom va\u0161ej ob\u00fdvacej izby. Je modern\u00e1, pozost\u00e1va z RTV stol\u00edka, komody, z\u00e1vesnej skrinky a police. Ocen\u00edte\u00a0 \u00falo\u017en\u00fd priestor, ktor\u00fd ur\u010dite neostane nevyu\u017eit\u00fd. Vyroben\u00e1 je z kvalitnej laminovanej drevotriesky a p\u00fd\u0161i sa aj ABS hranami.<\/p>\n<ul>\n<li><b>Materi\u00e1l:<\/b> laminovan\u00e1 DTD\/ABS hrany<\/li>\n<li><b>Farba:<\/b> biela\/dub sonoma, biela\/siv\u00e1, biela\/\u010dierna<\/li>\n<li><b>Rozmery celej ob\u00fdvacej steny (\u0160xHxV):<\/b> 210x42x180 cm<\/li>\n<li><b>Rozmery RTV stol\u00edka (\u0160xHxV):<\/b> 160x42x32 cm<\/li>\n<li><b>Rozmery komody (\u0160xHxV):<\/b> 50x32x70 cm<\/li>\n<li><b>Rozmery z\u00e1vesnej vitr\u00edny (\u0160xHxV):<\/b> 50x22x67,5 cm<\/li>\n<li><b>Rozmery police (\u0160xHxV):<\/b> 60x18x20 cm<\/li>\n<li>Dod\u00e1van\u00e9 v demonte<\/li>\n<\/ul>\n","protected":false},"excerpt":{"rendered":"<p>Ob\u00fdvacia stena GENTA si v\u00e1s ur\u010dite z\u00edska. Bude stredobodom va\u0161ej ob\u00fdvacej izby. Je modern\u00e1, pozost\u00e1va z RTV stol\u00edka, komody, z\u00e1vesnej skrinky a police. Ocen\u00edte\u00a0 \u00falo\u017en\u00fd priestor, ktor\u00fd ur\u010dite neostane nevyu\u017eit\u00fd. Vyroben\u00e1 je z kvalitnej laminovanej drevotriesky a p\u00fd\u0161i sa aj ABS hranami. Materi\u00e1l: laminovan\u00e1 DTD\/ABS hrany Farba: biela\/dub sonoma, biela\/siv\u00e1, biela\/\u010dierna Rozmery celej ob\u00fdvacej steny&#8230;<\/p>\n","protected":false},"featured_media":67175,"comment_status":"closed","ping_status":"closed","template":"","meta":{"_seopress_robots_primary_cat":"182","_seopress_titles_title":"","_seopress_titles_desc":"","_seopress_robots_index":""},"product_brand":[],"product_cat":[182,251],"product_tag":[],"class_list":{"0":"post-67168","1":"product","2":"type-product","3":"status-publish","4":"has-post-thumbnail","6":"product_cat-obyvacie-steny","7":"product_cat-steny","9":"first","10":"onbackorder","11":"shipping-taxable","12":"purchasable","13":"product-type-variable"},"_links":{"self":[{"href":"https:\/\/nabytoklaguna.sk\/sk\/wp-json\/wp\/v2\/product\/67168","targetHints":{"allow":["GET"]}}],"collection":[{"href":"https:\/\/nabytoklaguna.sk\/sk\/wp-json\/wp\/v2\/product"}],"about":[{"href":"https:\/\/nabytoklaguna.sk\/sk\/wp-json\/wp\/v2\/types\/product"}],"replies":[{"embeddable":true,"href":"https:\/\/nabytoklaguna.sk\/sk\/wp-json\/wp\/v2\/comments?post=67168"}],"wp:featuredmedia":[{"embeddable":true,"href":"https:\/\/nabytoklaguna.sk\/sk\/wp-json\/wp\/v2\/media\/67175"}],"wp:attachment":[{"href":"https:\/\/nabytoklaguna.sk\/sk\/wp-json\/wp\/v2\/media?parent=67168"}],"wp:term":[{"taxonomy":"product_brand","embeddable":true,"href":"https:\/\/nabytoklaguna.sk\/sk\/wp-json\/wp\/v2\/product_brand?post=67168"},{"taxonomy":"product_cat","embeddable":true,"href":"https:\/\/nabytoklaguna.sk\/sk\/wp-json\/wp\/v2\/product_cat?post=67168"},{"taxonomy":"product_tag","embeddable":true,"href":"https:\/\/nabytoklaguna.sk\/sk\/wp-json\/wp\/v2\/product_tag?post=67168"}],"curies":[{"name":"wp","href":"https:\/\/api.w.org\/{rel}","templated":true}]}}

<p>Obývacia stena GENTA si vás určite získa. Bude stredobodom vašej obývacej izby. Je moderná, pozostáva z RTV stolíka, komody, závesnej skrinky a police. Oceníte  úložný priestor, ktorý určite neostane nevyužitý. Vyrobená je z kvalitnej laminovanej drevotriesky a pýši sa aj ABS hranami.</p>
<ul>
<li><b>Materiál:</b> laminovaná DTD/ABS hrany</li>
<li><b>Farba:</b> biela/dub sonoma, biela/sivá, biela/čierna</li>
<li><b>Rozmery celej obývacej steny (ŠxHxV):</b> 210x42x180 cm</li>
<li><b>Rozmery RTV stolíka (ŠxHxV):</b> 160x42x32 cm</li>
<li><b>Rozmery komody (ŠxHxV):</b> 50x32x70 cm</li>
<li><b>Rozmery závesnej vitríny (ŠxHxV):</b> 50x22x67,5 cm</li>
<li><b>Rozmery police (ŠxHxV):</b> 60x18x20 cm</li>
<li>Dodávané v demonte</li>
</ul>

<p>Obývacia stena GENTA si vás určite získa. Bude stredobodom vašej obývacej izby. Je moderná, pozostáva z RTV stolíka, komody, závesnej skrinky a police. Oceníte  úložný priestor, ktorý určite neostane nevyužitý. Vyrobená je z kvalitnej laminovanej drevotriesky a pýši sa aj ABS hranami. Materiál: laminovaná DTD/ABS hrany Farba: biela/dub sonoma, biela/sivá, biela/čierna Rozmery celej obývacej steny&#8230;</p>
