{"id":67271,"date":"2021-04-30T11:04:14","date_gmt":"2021-04-30T09:04:14","guid":{"rendered":"https:\/\/nabytoklaguna.sk\/sk\/?post_type=product&#038;p=67271"},"modified":"2025-04-07T13:17:56","modified_gmt":"2025-04-07T11:17:56","slug":"tempo-kondela-alicante","status":"publish","type":"product","link":"https:\/\/nabytoklaguna.sk\/sk\/produkt\/tempo-kondela-alicante\/","title":{"rendered":"K ALICANTE"},"content":{"rendered":"<p><strong>\u0160t\u00fdlov\u00e1 a praktick\u00e1 ob\u00fdvacia stena K ALICANTE<\/strong> si v\u00e1s ur\u010dite z\u00edska vo farebnej kombin\u00e1cii biela a dub grandson. Vyroben\u00e1 je z kvalitnej DTD laminovanej. Pozost\u00e1va z RTV stol\u00edka, ktor\u00fd m\u00e1 dve skrinky a otvoren\u00fd \u00falo\u017en\u00fd priestor. Dve z\u00e1vesn\u00e9 skrinky a nieko\u013eko pol\u00edc ur\u010dite ocen\u00edte.<\/p>\n<p>Konferen\u010dn\u00fd stol\u00edk\u00a0 a komoda K\u00a0 ALICANTE s\u00fa taktie\u017e vo farebnej kombin\u00e1cii biela a dub grandson. Vyroben\u00fd z kvalitnej DTD laminovanej.<\/p>\n<p>Ku komode mo\u017enos\u0165 zak\u00fapi\u0165 LED osvetlenie (biele podfarbenie) v cene 25\u20ac.<\/p>\n<ul>\n<li><b>Materi\u00e1l:<\/b>\u00a0DTD laminovan\u00e1<\/li>\n<li><b>Farba:<\/b>\u00a0dub grandson\/biela<\/li>\n<li><b>Rozmery ob\u00fdvacia stena (\u0160xHxV):<\/b>\u00a0260&#215;30-44&#215;171,5 cm<\/li>\n<li><b>Rozmery stol\u00edk (\u0160xHxV):<\/b>\u00a0120x60x53 cm<\/li>\n<li><b>Rozmery komoda (\u0160xHxV):<\/b>\u00a0155&#215;30-44&#215;93,5 cm<\/li>\n<li>S policami<\/li>\n<li>Otvoren\u00fd \u00falo\u017en\u00fd priestor<\/li>\n<li>Mno\u017estvo \u00falo\u017en\u00e9ho priestoru<\/li>\n<li>RTV stol\u00edk so skrinkami a otvoren\u00fdm \u00falo\u017en\u00fdm priestorom<\/li>\n<li>S policami<\/li>\n<li>Dve z\u00e1vesn\u00e9 skrinky<\/li>\n<li>Dod\u00e1van\u00e9 v demonte<\/li>\n<\/ul>\n","protected":false},"excerpt":{"rendered":"<p>\u0160t\u00fdlov\u00e1 a praktick\u00e1 ob\u00fdvacia stena K ALICANTE si v\u00e1s ur\u010dite z\u00edska vo farebnej kombin\u00e1cii biela a dub grandson. Vyroben\u00e1 je z kvalitnej DTD laminovanej. Pozost\u00e1va z RTV stol\u00edka, ktor\u00fd m\u00e1 dve skrinky a otvoren\u00fd \u00falo\u017en\u00fd priestor. Dve z\u00e1vesn\u00e9 skrinky a nieko\u013eko pol\u00edc ur\u010dite ocen\u00edte. Konferen\u010dn\u00fd stol\u00edk\u00a0 a komoda K\u00a0 ALICANTE s\u00fa taktie\u017e vo farebnej kombin\u00e1cii&#8230;<\/p>\n","protected":false},"featured_media":67282,"comment_status":"closed","ping_status":"closed","template":"","meta":{"_seopress_robots_primary_cat":"182","_seopress_titles_title":"","_seopress_titles_desc":"","_seopress_robots_index":""},"product_brand":[],"product_cat":[182,1109,183,222],"product_tag":[],"class_list":{"0":"post-67271","1":"product","2":"type-product","3":"status-publish","4":"has-post-thumbnail","6":"product_cat-obyvacie-steny","7":"product_cat-komody-k-obyvacim-stenam","8":"product_cat-sektorove-obyvacie-steny","9":"product_cat-komody","10":"pa_typ-produktu-komoda","11":"pa_typ-produktu-konferencny-stolik","12":"pa_typ-produktu-obyvacia-stena","14":"first","15":"onbackorder","16":"shipping-taxable","17":"purchasable","18":"product-type-variable"},"_links":{"self":[{"href":"https:\/\/nabytoklaguna.sk\/sk\/wp-json\/wp\/v2\/product\/67271","targetHints":{"allow":["GET"]}}],"collection":[{"href":"https:\/\/nabytoklaguna.sk\/sk\/wp-json\/wp\/v2\/product"}],"about":[{"href":"https:\/\/nabytoklaguna.sk\/sk\/wp-json\/wp\/v2\/types\/product"}],"replies":[{"embeddable":true,"href":"https:\/\/nabytoklaguna.sk\/sk\/wp-json\/wp\/v2\/comments?post=67271"}],"wp:featuredmedia":[{"embeddable":true,"href":"https:\/\/nabytoklaguna.sk\/sk\/wp-json\/wp\/v2\/media\/67282"}],"wp:attachment":[{"href":"https:\/\/nabytoklaguna.sk\/sk\/wp-json\/wp\/v2\/media?parent=67271"}],"wp:term":[{"taxonomy":"product_brand","embeddable":true,"href":"https:\/\/nabytoklaguna.sk\/sk\/wp-json\/wp\/v2\/product_brand?post=67271"},{"taxonomy":"product_cat","embeddable":true,"href":"https:\/\/nabytoklaguna.sk\/sk\/wp-json\/wp\/v2\/product_cat?post=67271"},{"taxonomy":"product_tag","embeddable":true,"href":"https:\/\/nabytoklaguna.sk\/sk\/wp-json\/wp\/v2\/product_tag?post=67271"}],"curies":[{"name":"wp","href":"https:\/\/api.w.org\/{rel}","templated":true}]}}

<p><strong>Štýlová a praktická obývacia stena K ALICANTE</strong> si vás určite získa vo farebnej kombinácii biela a dub grandson. Vyrobená je z kvalitnej DTD laminovanej. Pozostáva z RTV stolíka, ktorý má dve skrinky a otvorený úložný priestor. Dve závesné skrinky a niekoľko políc určite oceníte.</p>
<p>Konferenčný stolík  a komoda K  ALICANTE sú taktiež vo farebnej kombinácii biela a dub grandson. Vyrobený z kvalitnej DTD laminovanej.</p>
<p>Ku komode možnosť zakúpiť LED osvetlenie (biele podfarbenie) v cene 25€.</p>
<ul>
<li><b>Materiál:</b> DTD laminovaná</li>
<li><b>Farba:</b> dub grandson/biela</li>
<li><b>Rozmery obývacia stena (ŠxHxV):</b> 260&#215;30-44&#215;171,5 cm</li>
<li><b>Rozmery stolík (ŠxHxV):</b> 120x60x53 cm</li>
<li><b>Rozmery komoda (ŠxHxV):</b> 155&#215;30-44&#215;93,5 cm</li>
<li>S policami</li>
<li>Otvorený úložný priestor</li>
<li>Množstvo úložného priestoru</li>
<li>RTV stolík so skrinkami a otvoreným úložným priestorom</li>
<li>S policami</li>
<li>Dve závesné skrinky</li>
<li>Dodávané v demonte</li>
</ul>

<p>Štýlová a praktická obývacia stena K ALICANTE si vás určite získa vo farebnej kombinácii biela a dub grandson. Vyrobená je z kvalitnej DTD laminovanej. Pozostáva z RTV stolíka, ktorý má dve skrinky a otvorený úložný priestor. Dve závesné skrinky a niekoľko políc určite oceníte. Konferenčný stolík  a komoda K  ALICANTE sú taktiež vo farebnej kombinácii&#8230;</p>
