{"id":67413,"date":"2021-04-30T11:04:14","date_gmt":"2021-04-30T09:04:14","guid":{"rendered":"https:\/\/nabytoklaguna.sk\/sk\/?post_type=product&#038;p=67413"},"modified":"2025-04-09T10:01:58","modified_gmt":"2025-04-09T08:01:58","slug":"tempo-kondela-norty","status":"publish","type":"product","link":"https:\/\/nabytoklaguna.sk\/sk\/produkt\/tempo-kondela-norty\/","title":{"rendered":"K NORTY"},"content":{"rendered":"<p><strong>Modern\u00fd, viac\u00fa\u010delov\u00fd sektorov\u00fd n\u00e1bytok NORTY<\/strong>, s ktor\u00fdm zariadite ob\u00fdvaciu izbu, sp\u00e1l\u0148u alebo pracov\u0148u.<\/p>\n<ul>\n<li><b>Materi\u00e1l:<\/b>\u00a0DTD laminovan\u00e1<\/li>\n<li><b>Farba:<\/b>\u00a0dub sonoma<\/li>\n<\/ul>\n<p>Typ 1- Skri\u0148a so zrkadlom 3d4s &#8211;\u00a0<b>Rozmery (\u0160xHxV):\u00a0<\/b>127x60x210 cm<\/p>\n<p>Typ 2 &#8211;\u00a0 Skri\u0148a ve\u0161iakov\u00e1 so z\u00e1suvkou 4d1s &#8211;\u00a0<b>Rozmery (\u0160xHxV):\u00a0<\/b>88x55x210 cm<\/p>\n<p>Typ 3 &#8211; Vitr\u00edna so z\u00e1suvkou 2d2w1s &#8211;\u00a0<b style=\"font-size: 15.008px;\">Rozmery (\u0160xHxV):\u00a0<\/b><span style=\"font-size: 15.008px;\">88x40x210 cm<\/span><\/p>\n<p>Typ 4 &#8211; Vitr\u00edna so z\u00e1suvkou 1w3s &#8211;\u00a0<b style=\"font-size: 15.008px;\">Rozmery (\u0160xHxV):\u00a0<\/b><span style=\"font-size: 15.008px;\">57x40x210 cm<\/span><\/p>\n<p>Typ 5 &#8211; Reg\u00e1l so z\u00e1suvkou 1d3s &#8211;\u00a0<b style=\"font-size: 15.008px;\">Rozmery (\u0160xHxV):\u00a0<\/b><span style=\"font-size: 15.008px;\">57x40x210 cm<\/span><\/p>\n<p>Typ 6 &#8211; Reg\u00e1l otvoren\u00fd s 2 z\u00e1suvkami 3s &#8211;\u00a0<b style=\"font-size: 15.008px;\">Rozmery (\u0160xHxV):\u00a0<\/b><span style=\"font-size: 15.008px;\">57x40x210 cm<\/span><\/p>\n<p>Typ 7 &#8211; Vitr\u00edna so z\u00e1suvkou 2w2d1s &#8211;\u00a0<b style=\"font-size: 15.008px;\">Rozmery (\u0160xHxV):\u00a0<\/b><span style=\"font-size: 15.008px;\">87x40x154 cm<\/span><\/p>\n<p>Typ 8 &#8211; Poste\u013e 160 (bez ro\u0161tu a matraca) &#8211;\u00a0<b style=\"font-size: 15.008px;\">Rozmery (\u0160xHxV):\u00a0<\/b><span style=\"font-size: 15.008px;\">165,5x205x85 cm,\u00a0<\/span><b style=\"font-size: 15.008px;\">Plocha na spanie:<\/b><span style=\"font-size: 15.008px;\">\u00a0160&#215;200 cm,\u00a0<\/span><b style=\"font-size: 15.008px;\">V\u00fd\u0161ka po ro\u0161t:<\/b><span style=\"font-size: 15.008px;\">\u00a032 cm<\/span><\/p>\n<p>Typ 9 &#8211; komoda so z\u00e1suvkou 2d1s &#8211;\u00a0<b style=\"font-size: 15.008px;\">Rozmery (\u0160xHxV):\u00a0<\/b><span style=\"font-size: 15.008px;\">87x40x92 cm<\/span><\/p>\n<p>Typ 10 &#8211; Komoda so z\u00e1suvkou 2d5s &#8211;\u00a0<b style=\"font-size: 15.008px;\">Rozmery (\u0160xHxV):\u00a0<\/b><span style=\"font-size: 15.008px;\">127x40x92 cm<\/span><\/p>\n<p>Typ 11 &#8211; komoda so z\u00e1suvkou 4d1s &#8211;\u00a0<b style=\"font-size: 15.008px;\">Rozmery (\u0160xHxV):\u00a0<\/b><span style=\"font-size: 15.008px;\">168x40x92 cm<\/span><\/p>\n<p>Typ 12 &#8211; PC st\u00f4l 1d1s\/120 &#8211;\u00a0<b style=\"font-size: 15.008px;\">Rozmery (\u0160xHxV):\u00a0<\/b><span style=\"font-size: 15.008px;\">120x60x75 cm<\/span><\/p>\n<p>Typ 13 &#8211; No\u010dn\u00fd stol\u00edk 1s &#8211;\u00a0<b>Rozmery (\u0160xHxV):\u00a0<\/b>46,5x42x45 cm<\/p>\n<p>Jed\u00e1lensk\u00fd rozkladac\u00ed st\u00f4l Typ 12 &#8211;<\/p>\n<p>Typ 15 Konferen\u010dn\u00fd stol\u00edk 120 &#8211;\u00a0<b style=\"font-size: 15.008px;\">Rozmery (\u0160xHxV):\u00a0<\/b><span style=\"font-size: 15.008px;\">120x60x50,5 cm<\/span><\/p>\n<p>Typ 16 RTV stol\u00edk 2d &#8211;\u00a0<b>Rozmery (\u0160xHxV):\u00a0<\/b>127x42x51 cm<\/p>\n<p>Typ 17 Reg\u00e1l visiaci 130 &#8211;\u00a0<b style=\"font-size: 15.008px;\">Rozmery (\u0160xHxV):\u00a0<\/b><span style=\"font-size: 15.008px;\">127x28x30,5 cm<\/span><\/p>\n<p>Typ 18 Panel 120 &#8211;\u00a0<b style=\"font-size: 15.008px;\">Rozmery (\u0160xHxV):\u00a0<\/b><span style=\"font-size: 15.008px;\">120x25x50 cm<\/span><\/p>\n<p>Typ 19 Polica 90 &#8211;\u00a0<b style=\"font-size: 15.008px;\">Rozmery (\u0160xHxV):\u00a0<\/b><span style=\"font-size: 15.008px;\">87x22x20 cm<\/span><\/p>\n<p>Typ 20 polica 130 &#8211;\u00a0<b>Rozmery (\u0160xHxV):\u00a0<\/b>127x22x20 cm<\/p>\n<p>&nbsp;<\/p>\n<p>&nbsp;<\/p>\n","protected":false},"excerpt":{"rendered":"<p>Modern\u00fd, viac\u00fa\u010delov\u00fd sektorov\u00fd n\u00e1bytok NORTY, s ktor\u00fdm zariadite ob\u00fdvaciu izbu, sp\u00e1l\u0148u alebo pracov\u0148u. Materi\u00e1l:\u00a0DTD laminovan\u00e1 Farba:\u00a0dub sonoma Typ 1- Skri\u0148a so zrkadlom 3d4s &#8211;\u00a0Rozmery (\u0160xHxV):\u00a0127x60x210 cm Typ 2 &#8211;\u00a0 Skri\u0148a ve\u0161iakov\u00e1 so z\u00e1suvkou 4d1s &#8211;\u00a0Rozmery (\u0160xHxV):\u00a088x55x210 cm Typ 3 &#8211; Vitr\u00edna so z\u00e1suvkou 2d2w1s &#8211;\u00a0Rozmery (\u0160xHxV):\u00a088x40x210 cm Typ 4 &#8211; Vitr\u00edna so z\u00e1suvkou 1w3s &#8211;\u00a0Rozmery&#8230;<\/p>\n","protected":false},"featured_media":67436,"comment_status":"closed","ping_status":"closed","template":"","meta":{"_seopress_robots_primary_cat":"182","_seopress_titles_title":"","_seopress_titles_desc":"","_seopress_robots_index":""},"product_brand":[],"product_cat":[182,1109,183,222],"product_tag":[],"class_list":{"0":"post-67413","1":"product","2":"type-product","3":"status-publish","4":"has-post-thumbnail","6":"product_cat-obyvacie-steny","7":"product_cat-komody-k-obyvacim-stenam","8":"product_cat-sektorove-obyvacie-steny","9":"product_cat-komody","10":"pa_typ-produktu-jedalensky-rozkladaci-stol-grand-typ-12","11":"pa_typ-produktu-typ-1-skrina-so-zrkadlom-3d4s","12":"pa_typ-produktu-typ-10-komoda-so-zasuvkou-2d5s","13":"pa_typ-produktu-typ-11-kmoda-so-zasuvkou-4d1s","14":"pa_typ-produktu-typ-12-pc-stol-1d1s-120","15":"pa_typ-produktu-typ-13-nocny-stolik-1s","16":"pa_typ-produktu-typ-15-konferencny-stolik-120","17":"pa_typ-produktu-typ-16-rtv-stolik-2d","18":"pa_typ-produktu-typ-17-regal-visiaci-130","19":"pa_typ-produktu-typ-18-panel-120","20":"pa_typ-produktu-typ-19-polica-90","21":"pa_typ-produktu-typ-2-skrina-vesiakova-so-zasuvkou-4d1s","22":"pa_typ-produktu-typ-20-polica-130","23":"pa_typ-produktu-typ-3-vitrina-so-zasuvkou-2d2w1s","24":"pa_typ-produktu-typ-4-vitriny-so-zasuvkou-1w3s","25":"pa_typ-produktu-typ-5-regal-so-zasuvkou-1d3s","26":"pa_typ-produktu-typ-6-regal-otvoreny-s-2-zasuvkami-3s","27":"pa_typ-produktu-typ-7-vitrina-so-zasuvkou-2w2d1s","28":"pa_typ-produktu-typ-8-postel-160","29":"pa_typ-produktu-typ-9-komoda-so-zasuvkou-2d1s","31":"first","32":"onbackorder","33":"shipping-taxable","34":"purchasable","35":"product-type-variable"},"_links":{"self":[{"href":"https:\/\/nabytoklaguna.sk\/sk\/wp-json\/wp\/v2\/product\/67413","targetHints":{"allow":["GET"]}}],"collection":[{"href":"https:\/\/nabytoklaguna.sk\/sk\/wp-json\/wp\/v2\/product"}],"about":[{"href":"https:\/\/nabytoklaguna.sk\/sk\/wp-json\/wp\/v2\/types\/product"}],"replies":[{"embeddable":true,"href":"https:\/\/nabytoklaguna.sk\/sk\/wp-json\/wp\/v2\/comments?post=67413"}],"wp:featuredmedia":[{"embeddable":true,"href":"https:\/\/nabytoklaguna.sk\/sk\/wp-json\/wp\/v2\/media\/67436"}],"wp:attachment":[{"href":"https:\/\/nabytoklaguna.sk\/sk\/wp-json\/wp\/v2\/media?parent=67413"}],"wp:term":[{"taxonomy":"product_brand","embeddable":true,"href":"https:\/\/nabytoklaguna.sk\/sk\/wp-json\/wp\/v2\/product_brand?post=67413"},{"taxonomy":"product_cat","embeddable":true,"href":"https:\/\/nabytoklaguna.sk\/sk\/wp-json\/wp\/v2\/product_cat?post=67413"},{"taxonomy":"product_tag","embeddable":true,"href":"https:\/\/nabytoklaguna.sk\/sk\/wp-json\/wp\/v2\/product_tag?post=67413"}],"curies":[{"name":"wp","href":"https:\/\/api.w.org\/{rel}","templated":true}]}}

<p><strong>Moderný, viacúčelový sektorový nábytok NORTY</strong>, s ktorým zariadite obývaciu izbu, spálňu alebo pracovňu.</p>
<ul>
<li><b>Materiál:</b> DTD laminovaná</li>
<li><b>Farba:</b> dub sonoma</li>
</ul>
<p>Typ 1- Skriňa so zrkadlom 3d4s &#8211; <b>Rozmery (ŠxHxV): </b>127x60x210 cm</p>
<p>Typ 2 &#8211;  Skriňa vešiaková so zásuvkou 4d1s &#8211; <b>Rozmery (ŠxHxV): </b>88x55x210 cm</p>
<p>Typ 3 &#8211; Vitrína so zásuvkou 2d2w1s &#8211; <b style="font-size: 15.008px;">Rozmery (ŠxHxV): </b><span style="font-size: 15.008px;">88x40x210 cm</span></p>
<p>Typ 4 &#8211; Vitrína so zásuvkou 1w3s &#8211; <b style="font-size: 15.008px;">Rozmery (ŠxHxV): </b><span style="font-size: 15.008px;">57x40x210 cm</span></p>
<p>Typ 5 &#8211; Regál so zásuvkou 1d3s &#8211; <b style="font-size: 15.008px;">Rozmery (ŠxHxV): </b><span style="font-size: 15.008px;">57x40x210 cm</span></p>
<p>Typ 6 &#8211; Regál otvorený s 2 zásuvkami 3s &#8211; <b style="font-size: 15.008px;">Rozmery (ŠxHxV): </b><span style="font-size: 15.008px;">57x40x210 cm</span></p>
<p>Typ 7 &#8211; Vitrína so zásuvkou 2w2d1s &#8211; <b style="font-size: 15.008px;">Rozmery (ŠxHxV): </b><span style="font-size: 15.008px;">87x40x154 cm</span></p>
<p>Typ 8 &#8211; Posteľ 160 (bez roštu a matraca) &#8211; <b style="font-size: 15.008px;">Rozmery (ŠxHxV): </b><span style="font-size: 15.008px;">165,5x205x85 cm, </span><b style="font-size: 15.008px;">Plocha na spanie:</b><span style="font-size: 15.008px;"> 160&#215;200 cm, </span><b style="font-size: 15.008px;">Výška po rošt:</b><span style="font-size: 15.008px;"> 32 cm</span></p>
<p>Typ 9 &#8211; komoda so zásuvkou 2d1s &#8211; <b style="font-size: 15.008px;">Rozmery (ŠxHxV): </b><span style="font-size: 15.008px;">87x40x92 cm</span></p>
<p>Typ 10 &#8211; Komoda so zásuvkou 2d5s &#8211; <b style="font-size: 15.008px;">Rozmery (ŠxHxV): </b><span style="font-size: 15.008px;">127x40x92 cm</span></p>
<p>Typ 11 &#8211; komoda so zásuvkou 4d1s &#8211; <b style="font-size: 15.008px;">Rozmery (ŠxHxV): </b><span style="font-size: 15.008px;">168x40x92 cm</span></p>
<p>Typ 12 &#8211; PC stôl 1d1s/120 &#8211; <b style="font-size: 15.008px;">Rozmery (ŠxHxV): </b><span style="font-size: 15.008px;">120x60x75 cm</span></p>
<p>Typ 13 &#8211; Nočný stolík 1s &#8211; <b>Rozmery (ŠxHxV): </b>46,5x42x45 cm</p>
<p>Jedálenský rozkladací stôl Typ 12 &#8211;</p>
<p>Typ 15 Konferenčný stolík 120 &#8211; <b style="font-size: 15.008px;">Rozmery (ŠxHxV): </b><span style="font-size: 15.008px;">120x60x50,5 cm</span></p>
<p>Typ 16 RTV stolík 2d &#8211; <b>Rozmery (ŠxHxV): </b>127x42x51 cm</p>
<p>Typ 17 Regál visiaci 130 &#8211; <b style="font-size: 15.008px;">Rozmery (ŠxHxV): </b><span style="font-size: 15.008px;">127x28x30,5 cm</span></p>
<p>Typ 18 Panel 120 &#8211; <b style="font-size: 15.008px;">Rozmery (ŠxHxV): </b><span style="font-size: 15.008px;">120x25x50 cm</span></p>
<p>Typ 19 Polica 90 &#8211; <b style="font-size: 15.008px;">Rozmery (ŠxHxV): </b><span style="font-size: 15.008px;">87x22x20 cm</span></p>
<p>Typ 20 polica 130 &#8211; <b>Rozmery (ŠxHxV): </b>127x22x20 cm</p>
<p>&nbsp;</p>
<p>&nbsp;</p>

<p>Moderný, viacúčelový sektorový nábytok NORTY, s ktorým zariadite obývaciu izbu, spálňu alebo pracovňu. Materiál: DTD laminovaná Farba: dub sonoma Typ 1- Skriňa so zrkadlom 3d4s &#8211; Rozmery (ŠxHxV): 127x60x210 cm Typ 2 &#8211;  Skriňa vešiaková so zásuvkou 4d1s &#8211; Rozmery (ŠxHxV): 88x55x210 cm Typ 3 &#8211; Vitrína so zásuvkou 2d2w1s &#8211; Rozmery (ŠxHxV): 88x40x210 cm Typ 4 &#8211; Vitrína so zásuvkou 1w3s &#8211; Rozmery&#8230;</p>
