{"id":67990,"date":"2021-04-30T11:04:14","date_gmt":"2021-04-30T09:04:14","guid":{"rendered":"https:\/\/nabytoklaguna.sk\/sk\/?post_type=product&#038;p=67990"},"modified":"2025-04-07T13:06:15","modified_gmt":"2025-04-07T11:06:15","slug":"tempo-kondela-montana-2","status":"publish","type":"product","link":"https:\/\/nabytoklaguna.sk\/sk\/produkt\/tempo-kondela-montana-2\/","title":{"rendered":"K MONTANA"},"content":{"rendered":"<p><strong>Modern\u00fd, luxusn\u00fd sektorov\u00fd n\u00e1bytok K MONTANA<\/strong> vhodn\u00fd do ob\u00fdvac\u00edch izieb, sp\u00e1lni \u010di jed\u00e1ln\u00ed. Vyroben\u00fd z DTD laminovanej vo farebnom preveden\u00ed dub lefkas tmav\u00fd alebo dub lefkas tmav\u00fd\/smooth siv\u00fd a p\u00fd\u0161i sa aj ABS hranami.<\/p>\n<p>Poste\u013e je dod\u00e1van\u00e1 bez matraca.<\/p>\n<p><strong>ROZMERY JEDNOTLIV\u00ddCH KOMPONENTOV<\/strong><\/p>\n<p>Polica P1 &#8211;\u00a0<b style=\"font-size: 15.008px;\">Rozmery (\u0160xHxV):<\/b><span style=\"font-size: 15.008px;\">\u00a0130x19x20 cm<\/span><\/p>\n<p>Z\u00e1vesn\u00e1 polica W1 &#8211; <b style=\"font-size: 15.008px;\">Rozmery (\u0160xHxV):<\/b><span style=\"font-size: 15.008px;\">\u00a0130x25x32 cm<\/span><\/p>\n<p>Zrkadlo LS &#8211; <b style=\"font-size: 15.008px;\">Rozmery (\u0160xHxV):<\/b><span style=\"font-size: 15.008px;\">\u00a0123x7x84,5 cm<\/span><\/p>\n<p>PC st\u00f4l B1 &#8211;\u00a0<b style=\"font-size: 15.008px;\">Rozmery (\u0160xHxV):<\/b><span style=\"font-size: 15.008px;\">\u00a0120x53x75 cm<\/span><\/p>\n<p>Jed\u00e1lensk\u00fd rozkladac\u00ed st\u00f4l 16 STW &#8211;\u00a0<b style=\"font-size: 15.008px;\">Rozmery (\u0160xHxV):<\/b><span style=\"font-size: 15.008px;\">\u00a0160-203x90x82 cm<\/span><\/p>\n<p>Konferen\u010dn\u00fd stol\u00edk ST &#8211;\u00a0<b style=\"font-size: 15.008px;\">Rozmery (\u0160xHxV):<\/b><span style=\"font-size: 15.008px;\">\u00a0120x60x53 cm<\/span><\/p>\n<p>Komoda K3D &#8211; <b style=\"font-size: 15.008px;\">Rozmery (\u0160xHxV):<\/b><span style=\"font-size: 15.008px;\">\u00a0130x43x80 cm<\/span><\/p>\n<p>Komoda K4D &#8211;\u00a0<b style=\"font-size: 15.008px;\">Rozmery (\u0160xHxV):<\/b><span style=\"font-size: 15.008px;\">\u00a0170x43x48 cm<\/span><\/p>\n<p>Komoda K3S &#8211;\u00a0<b style=\"font-size: 15.008px;\">Rozmery (\u0160xHxV):<\/b><span style=\"font-size: 15.008px;\">\u00a090x43x80 cm<\/span><\/p>\n<p>Komoda KS3 &#8211;\u00a0<b style=\"font-size: 15.008px;\">Rozmery (\u0160xHxV):<\/b><span style=\"font-size: 15.008px;\">\u00a050x46x103 cm<\/span><\/p>\n<p>RTV stol\u00edk 130 &#8211;\u00a0<b style=\"font-size: 15.008px;\">Rozmery (\u0160xHxV):<\/b><span style=\"font-size: 15.008px;\">\u00a0130x53x53 cm<\/span><\/p>\n<p>Poste\u013e L1 l\u00f4\u017eko &#8211;\u00a0<b style=\"font-size: 15.008px;\">Rozmery (\u0160xHxV):<\/b><span style=\"font-size: 15.008px;\"> 170x206x100 cm, plocha na spanie 160x200cm<\/span><\/p>\n<p>Poste\u013e L2 l\u00f4\u017eko &#8211;\u00a0<b style=\"font-size: 15.008px;\">Rozmery (\u0160xHxV):<\/b><span style=\"font-size: 15.008px;\">190x206x100 cm, plocha na spanie 180x200cm<\/span><\/p>\n<p>Skri\u0148a trojdverov\u00e1 S3D ve\u0161iakov\u00e1 s policami &#8211;\u00a0<b style=\"font-size: 15.008px;\">Rozmery (\u0160xHxV):<\/b><span style=\"font-size: 15.008px;\">\u00a0166x53x197 cm<\/span><\/p>\n<p>Skri\u0148a dvojdverov\u00e1 S2D ve\u0161iakov\u00e1 s policami &#8211;\u00a0<b style=\"font-size: 15.008px;\">Rozmery (\u0160xHxV):<\/b><span style=\"font-size: 15.008px;\">\u00a090x53x197 cm<\/span><\/p>\n<p>Skri\u0148a S1D &#8211;\u00a0<b style=\"font-size: 15.008px;\">Rozmery (\u0160xHxV):<\/b><span style=\"font-size: 15.008px;\">\u00a050x43x197 cm<\/span><\/p>\n<p>Vitr\u00edna W2D-\u00a0<b style=\"font-size: 15.008px;\">Rozmery (\u0160xHxV):<\/b><span style=\"font-size: 15.008px;\">\u00a090x43x197 cm<\/span><\/p>\n<p>Vitr\u00edna W1D &#8211;\u00a0<b style=\"font-size: 15.008px;\">Rozmery (\u0160xHxV):<\/b><span style=\"font-size: 15.008px;\">\u00a050x43x197 cm<\/span><\/p>\n<p>Komoda K2D dvierka so sklom &#8211;\u00a0<b style=\"font-size: 15.008px;\">Rozmery (\u0160xHxV):<\/b><span style=\"font-size: 15.008px;\">\u00a0140x43x80 cm<\/span><\/p>\n<p>No\u010dn\u00fd stol\u00edk SN &#8211;\u00a0<b style=\"font-size: 15.008px;\">Rozmery (\u0160xHxV):<\/b><span style=\"font-size: 15.008px;\">\u00a050&#215;43,3x45x5 cm<\/span><\/p>\n<p>&nbsp;<\/p>\n","protected":false},"excerpt":{"rendered":"<p>Modern\u00fd, luxusn\u00fd sektorov\u00fd n\u00e1bytok K MONTANA vhodn\u00fd do ob\u00fdvac\u00edch izieb, sp\u00e1lni \u010di jed\u00e1ln\u00ed. Vyroben\u00fd z DTD laminovanej vo farebnom preveden\u00ed dub lefkas tmav\u00fd alebo dub lefkas tmav\u00fd\/smooth siv\u00fd a p\u00fd\u0161i sa aj ABS hranami. Poste\u013e je dod\u00e1van\u00e1 bez matraca. ROZMERY JEDNOTLIV\u00ddCH KOMPONENTOV Polica P1 &#8211;\u00a0Rozmery (\u0160xHxV):\u00a0130x19x20 cm Z\u00e1vesn\u00e1 polica W1 &#8211; Rozmery (\u0160xHxV):\u00a0130x25x32 cm Zrkadlo&#8230;<\/p>\n","protected":false},"featured_media":67991,"comment_status":"closed","ping_status":"closed","template":"","meta":{"_seopress_robots_primary_cat":"183","_seopress_titles_title":"","_seopress_titles_desc":"","_seopress_robots_index":""},"product_brand":[],"product_cat":[1109,183,824],"product_tag":[],"class_list":{"0":"post-67990","1":"product","2":"type-product","3":"status-publish","4":"has-post-thumbnail","6":"product_cat-komody-k-obyvacim-stenam","7":"product_cat-sektorove-obyvacie-steny","8":"product_cat-rtv-stoliky","9":"pa_typ-produktu-alano-r3","10":"pa_typ-produktu-jedalensky-rozkladaci-stol-16-stw","11":"pa_typ-produktu-komoda-k2d-dvierka-so-sklom","12":"pa_typ-produktu-komoda-k2dp-plne-dvierka","13":"pa_typ-produktu-komoda-k3d","14":"pa_typ-produktu-komoda-k3s","15":"pa_typ-produktu-komoda-k4d","16":"pa_typ-produktu-komoda-ks3","17":"pa_typ-produktu-konferencny-stolik-st","18":"pa_typ-produktu-nocny-stlolik-sn","19":"pa_typ-produktu-pc-stol-b1","20":"pa_typ-produktu-polica-p1","21":"pa_typ-produktu-postel-l1","22":"pa_typ-produktu-postel-l2","23":"pa_typ-produktu-rtv-stolik-130","24":"pa_typ-produktu-skrina-dvojdverova-s2d-vesiakova-s-policami","25":"pa_typ-produktu-skrina-s1d","26":"pa_typ-produktu-skrina-trojdverova-s3d-vesiakova-s-policami","27":"pa_typ-produktu-vitrina-w1d","28":"pa_typ-produktu-vitrina-w2d","29":"pa_typ-produktu-zavesna-polica-w1","30":"pa_typ-produktu-zrkadlo-ls","32":"first","33":"onbackorder","34":"shipping-taxable","35":"purchasable","36":"product-type-variable"},"_links":{"self":[{"href":"https:\/\/nabytoklaguna.sk\/sk\/wp-json\/wp\/v2\/product\/67990","targetHints":{"allow":["GET"]}}],"collection":[{"href":"https:\/\/nabytoklaguna.sk\/sk\/wp-json\/wp\/v2\/product"}],"about":[{"href":"https:\/\/nabytoklaguna.sk\/sk\/wp-json\/wp\/v2\/types\/product"}],"replies":[{"embeddable":true,"href":"https:\/\/nabytoklaguna.sk\/sk\/wp-json\/wp\/v2\/comments?post=67990"}],"wp:featuredmedia":[{"embeddable":true,"href":"https:\/\/nabytoklaguna.sk\/sk\/wp-json\/wp\/v2\/media\/67991"}],"wp:attachment":[{"href":"https:\/\/nabytoklaguna.sk\/sk\/wp-json\/wp\/v2\/media?parent=67990"}],"wp:term":[{"taxonomy":"product_brand","embeddable":true,"href":"https:\/\/nabytoklaguna.sk\/sk\/wp-json\/wp\/v2\/product_brand?post=67990"},{"taxonomy":"product_cat","embeddable":true,"href":"https:\/\/nabytoklaguna.sk\/sk\/wp-json\/wp\/v2\/product_cat?post=67990"},{"taxonomy":"product_tag","embeddable":true,"href":"https:\/\/nabytoklaguna.sk\/sk\/wp-json\/wp\/v2\/product_tag?post=67990"}],"curies":[{"name":"wp","href":"https:\/\/api.w.org\/{rel}","templated":true}]}}

<p><strong>Moderný, luxusný sektorový nábytok K MONTANA</strong> vhodný do obývacích izieb, spálni či jedální. Vyrobený z DTD laminovanej vo farebnom prevedení dub lefkas tmavý alebo dub lefkas tmavý/smooth sivý a pýši sa aj ABS hranami.</p>
<p>Posteľ je dodávaná bez matraca.</p>
<p><strong>ROZMERY JEDNOTLIVÝCH KOMPONENTOV</strong></p>
<p>Polica P1 &#8211; <b style="font-size: 15.008px;">Rozmery (ŠxHxV):</b><span style="font-size: 15.008px;"> 130x19x20 cm</span></p>
<p>Závesná polica W1 &#8211; <b style="font-size: 15.008px;">Rozmery (ŠxHxV):</b><span style="font-size: 15.008px;"> 130x25x32 cm</span></p>
<p>Zrkadlo LS &#8211; <b style="font-size: 15.008px;">Rozmery (ŠxHxV):</b><span style="font-size: 15.008px;"> 123x7x84,5 cm</span></p>
<p>PC stôl B1 &#8211; <b style="font-size: 15.008px;">Rozmery (ŠxHxV):</b><span style="font-size: 15.008px;"> 120x53x75 cm</span></p>
<p>Jedálenský rozkladací stôl 16 STW &#8211; <b style="font-size: 15.008px;">Rozmery (ŠxHxV):</b><span style="font-size: 15.008px;"> 160-203x90x82 cm</span></p>
<p>Konferenčný stolík ST &#8211; <b style="font-size: 15.008px;">Rozmery (ŠxHxV):</b><span style="font-size: 15.008px;"> 120x60x53 cm</span></p>
<p>Komoda K3D &#8211; <b style="font-size: 15.008px;">Rozmery (ŠxHxV):</b><span style="font-size: 15.008px;"> 130x43x80 cm</span></p>
<p>Komoda K4D &#8211; <b style="font-size: 15.008px;">Rozmery (ŠxHxV):</b><span style="font-size: 15.008px;"> 170x43x48 cm</span></p>
<p>Komoda K3S &#8211; <b style="font-size: 15.008px;">Rozmery (ŠxHxV):</b><span style="font-size: 15.008px;"> 90x43x80 cm</span></p>
<p>Komoda KS3 &#8211; <b style="font-size: 15.008px;">Rozmery (ŠxHxV):</b><span style="font-size: 15.008px;"> 50x46x103 cm</span></p>
<p>RTV stolík 130 &#8211; <b style="font-size: 15.008px;">Rozmery (ŠxHxV):</b><span style="font-size: 15.008px;"> 130x53x53 cm</span></p>
<p>Posteľ L1 lôžko &#8211; <b style="font-size: 15.008px;">Rozmery (ŠxHxV):</b><span style="font-size: 15.008px;"> 170x206x100 cm, plocha na spanie 160x200cm</span></p>
<p>Posteľ L2 lôžko &#8211; <b style="font-size: 15.008px;">Rozmery (ŠxHxV):</b><span style="font-size: 15.008px;">190x206x100 cm, plocha na spanie 180x200cm</span></p>
<p>Skriňa trojdverová S3D vešiaková s policami &#8211; <b style="font-size: 15.008px;">Rozmery (ŠxHxV):</b><span style="font-size: 15.008px;"> 166x53x197 cm</span></p>
<p>Skriňa dvojdverová S2D vešiaková s policami &#8211; <b style="font-size: 15.008px;">Rozmery (ŠxHxV):</b><span style="font-size: 15.008px;"> 90x53x197 cm</span></p>
<p>Skriňa S1D &#8211; <b style="font-size: 15.008px;">Rozmery (ŠxHxV):</b><span style="font-size: 15.008px;"> 50x43x197 cm</span></p>
<p>Vitrína W2D- <b style="font-size: 15.008px;">Rozmery (ŠxHxV):</b><span style="font-size: 15.008px;"> 90x43x197 cm</span></p>
<p>Vitrína W1D &#8211; <b style="font-size: 15.008px;">Rozmery (ŠxHxV):</b><span style="font-size: 15.008px;"> 50x43x197 cm</span></p>
<p>Komoda K2D dvierka so sklom &#8211; <b style="font-size: 15.008px;">Rozmery (ŠxHxV):</b><span style="font-size: 15.008px;"> 140x43x80 cm</span></p>
<p>Nočný stolík SN &#8211; <b style="font-size: 15.008px;">Rozmery (ŠxHxV):</b><span style="font-size: 15.008px;"> 50&#215;43,3x45x5 cm</span></p>
<p>&nbsp;</p>

<p>Moderný, luxusný sektorový nábytok K MONTANA vhodný do obývacích izieb, spálni či jedální. Vyrobený z DTD laminovanej vo farebnom prevedení dub lefkas tmavý alebo dub lefkas tmavý/smooth sivý a pýši sa aj ABS hranami. Posteľ je dodávaná bez matraca. ROZMERY JEDNOTLIVÝCH KOMPONENTOV Polica P1 &#8211; Rozmery (ŠxHxV): 130x19x20 cm Závesná polica W1 &#8211; Rozmery (ŠxHxV): 130x25x32 cm Zrkadlo&#8230;</p>
