{"id":68121,"date":"2021-04-30T11:04:14","date_gmt":"2021-04-30T09:04:14","guid":{"rendered":"https:\/\/nabytoklaguna.sk\/sk\/?post_type=product&#038;p=68121"},"modified":"2025-04-08T13:53:54","modified_gmt":"2025-04-08T11:53:54","slug":"tempo-kondela-oslo","status":"publish","type":"product","link":"https:\/\/nabytoklaguna.sk\/sk\/produkt\/tempo-kondela-oslo\/","title":{"rendered":"K OSLO"},"content":{"rendered":"<p><strong>Sektorov\u00fd n\u00e1bytok K OSLO<\/strong> v retro \u0161t\u00fdle vhodn\u00fd na zariadenie ob\u00fdvac\u00edch izieb alebo jed\u00e1ln\u00ed vyroben\u00fd z<strong> DTD laminovanej<\/strong> vo modernom farebnom preveden\u00ed dub sonoma\/biela. N\u00e1bytok stoj\u00ed na <strong>dreven\u00fdch no\u017ei\u010dk\u00e1ch.<\/strong><\/p>\n<p>&nbsp;<\/p>\n<p>Sklen\u00e1 vitr\u00edna 75462 &#8211;\u00a0<b style=\"font-size: 15.008px;\">Rozmery (\u0160xHxV):<\/b><span style=\"font-size: 15.008px;\">\u00a098,7&#215;39,1&#215;200,1 cm<\/span><\/p>\n<p>Sklen\u00e1 vitr\u00edna 75461 &#8211;\u00a0<b style=\"font-size: 15.008px;\">Rozmery (\u0160xHxV):<\/b><span style=\"font-size: 15.008px;\">\u00a050,2&#215;39,1&#215;200,1 cm<\/span><\/p>\n<p>Komoda 75456 &#8211;\u00a0<b style=\"font-size: 15.008px;\">Rozmery (\u0160xHxV):<\/b><span style=\"font-size: 15.008px;\">\u00a098,7&#215;39,1&#215;100,9 cm<\/span><\/p>\n<p>Komoda 75454 &#8211;\u00a0<b style=\"font-size: 15.008px;\">Rozmery (\u0160xHxV):<\/b><span style=\"font-size: 15.008px;\">\u00a0195,7&#215;39,1&#215;81,7 cm<\/span><\/p>\n<p>Konferen\u010dn\u00fd stol\u00edk 75384 &#8211;\u00a0<b style=\"font-size: 15.008px;\">Rozmery stol\u00edka (\u0160xHxV):<\/b><span style=\"font-size: 15.008px;\">\u00a098,6&#215;60,10&#215;42,6cm<\/span><\/p>\n<p>TV stol\u00edk 75391 &#8211;<b style=\"font-size: 15.008px;\">Rozmery (\u0160xHxV):<\/b><span style=\"font-size: 15.008px;\">117,1&#215;39,10&#215;56,90 cm<\/span><\/p>\n<p>Komoda 75381 &#8211;\u00a0<b style=\"font-size: 15.008px;\">Rozmery (\u0160xHxV):<\/b><span style=\"font-size: 15.008px;\">\u00a0147,1&#215;39,1&#215;81 cm<\/span><\/p>\n<p>Komoda 75387-\u00a0<b style=\"font-size: 15.008px;\">Rozmery (\u0160xHxV):<\/b><span style=\"font-size: 15.008px;\">\u00a098,1&#215;39,1&#215;81 cm<\/span><\/p>\n<p>Vitr\u00edna 75382 &#8211;\u00a0<b style=\"font-size: 15.008px;\">Rozmery\u00a0 (\u0160xHxV):<\/b><span style=\"font-size: 15.008px;\">\u00a050,1&#215;39,1&#215;170,6 cm<\/span><\/p>\n<p>Reg\u00e1l so z\u00e1suvkou 75385 &#8211;\u00a0<b style=\"font-size: 15.008px;\">Rozmery (\u0160xHxV):<\/b><span style=\"font-size: 15.008px;\">\u00a055,1&#215;18,4&#215;170,6 cm<\/span><\/p>\n","protected":false},"excerpt":{"rendered":"<p>Sektorov\u00fd n\u00e1bytok K OSLO v retro \u0161t\u00fdle vhodn\u00fd na zariadenie ob\u00fdvac\u00edch izieb alebo jed\u00e1ln\u00ed vyroben\u00fd z DTD laminovanej vo modernom farebnom preveden\u00ed dub sonoma\/biela. N\u00e1bytok stoj\u00ed na dreven\u00fdch no\u017ei\u010dk\u00e1ch. &nbsp; Sklen\u00e1 vitr\u00edna 75462 &#8211;\u00a0Rozmery (\u0160xHxV):\u00a098,7&#215;39,1&#215;200,1 cm Sklen\u00e1 vitr\u00edna 75461 &#8211;\u00a0Rozmery (\u0160xHxV):\u00a050,2&#215;39,1&#215;200,1 cm Komoda 75456 &#8211;\u00a0Rozmery (\u0160xHxV):\u00a098,7&#215;39,1&#215;100,9 cm Komoda 75454 &#8211;\u00a0Rozmery (\u0160xHxV):\u00a0195,7&#215;39,1&#215;81,7 cm Konferen\u010dn\u00fd stol\u00edk 75384&#8230;<\/p>\n","protected":false},"featured_media":115677,"comment_status":"closed","ping_status":"closed","template":"","meta":{"_seopress_robots_primary_cat":"183","_seopress_titles_title":"","_seopress_titles_desc":"","_seopress_robots_index":""},"product_brand":[],"product_cat":[1109,183,824],"product_tag":[],"class_list":{"0":"post-68121","1":"product","2":"type-product","3":"status-publish","4":"has-post-thumbnail","6":"product_cat-komody-k-obyvacim-stenam","7":"product_cat-sektorove-obyvacie-steny","8":"product_cat-rtv-stoliky","9":"pa_typ-produktu-komoda-75381","10":"pa_typ-produktu-komoda-75387","11":"pa_typ-produktu-komoda-75454","12":"pa_typ-produktu-komoda-75456","13":"pa_typ-produktu-konferencny-stolik-75384","14":"pa_typ-produktu-regal-so-zasuvkou-75385","15":"pa_typ-produktu-sklena-vitrina-75461","16":"pa_typ-produktu-sklena-vitrina-75462","17":"pa_typ-produktu-tv-stolik-75391","18":"pa_typ-produktu-vitrina-75382","20":"first","21":"onbackorder","22":"shipping-taxable","23":"purchasable","24":"product-type-variable"},"_links":{"self":[{"href":"https:\/\/nabytoklaguna.sk\/sk\/wp-json\/wp\/v2\/product\/68121","targetHints":{"allow":["GET"]}}],"collection":[{"href":"https:\/\/nabytoklaguna.sk\/sk\/wp-json\/wp\/v2\/product"}],"about":[{"href":"https:\/\/nabytoklaguna.sk\/sk\/wp-json\/wp\/v2\/types\/product"}],"replies":[{"embeddable":true,"href":"https:\/\/nabytoklaguna.sk\/sk\/wp-json\/wp\/v2\/comments?post=68121"}],"wp:featuredmedia":[{"embeddable":true,"href":"https:\/\/nabytoklaguna.sk\/sk\/wp-json\/wp\/v2\/media\/115677"}],"wp:attachment":[{"href":"https:\/\/nabytoklaguna.sk\/sk\/wp-json\/wp\/v2\/media?parent=68121"}],"wp:term":[{"taxonomy":"product_brand","embeddable":true,"href":"https:\/\/nabytoklaguna.sk\/sk\/wp-json\/wp\/v2\/product_brand?post=68121"},{"taxonomy":"product_cat","embeddable":true,"href":"https:\/\/nabytoklaguna.sk\/sk\/wp-json\/wp\/v2\/product_cat?post=68121"},{"taxonomy":"product_tag","embeddable":true,"href":"https:\/\/nabytoklaguna.sk\/sk\/wp-json\/wp\/v2\/product_tag?post=68121"}],"curies":[{"name":"wp","href":"https:\/\/api.w.org\/{rel}","templated":true}]}}

<p><strong>Sektorový nábytok K OSLO</strong> v retro štýle vhodný na zariadenie obývacích izieb alebo jedální vyrobený z<strong> DTD laminovanej</strong> vo modernom farebnom prevedení dub sonoma/biela. Nábytok stojí na <strong>drevených nožičkách.</strong></p>
<p>&nbsp;</p>
<p>Sklená vitrína 75462 &#8211; <b style="font-size: 15.008px;">Rozmery (ŠxHxV):</b><span style="font-size: 15.008px;"> 98,7&#215;39,1&#215;200,1 cm</span></p>
<p>Sklená vitrína 75461 &#8211; <b style="font-size: 15.008px;">Rozmery (ŠxHxV):</b><span style="font-size: 15.008px;"> 50,2&#215;39,1&#215;200,1 cm</span></p>
<p>Komoda 75456 &#8211; <b style="font-size: 15.008px;">Rozmery (ŠxHxV):</b><span style="font-size: 15.008px;"> 98,7&#215;39,1&#215;100,9 cm</span></p>
<p>Komoda 75454 &#8211; <b style="font-size: 15.008px;">Rozmery (ŠxHxV):</b><span style="font-size: 15.008px;"> 195,7&#215;39,1&#215;81,7 cm</span></p>
<p>Konferenčný stolík 75384 &#8211; <b style="font-size: 15.008px;">Rozmery stolíka (ŠxHxV):</b><span style="font-size: 15.008px;"> 98,6&#215;60,10&#215;42,6cm</span></p>
<p>TV stolík 75391 &#8211;<b style="font-size: 15.008px;">Rozmery (ŠxHxV):</b><span style="font-size: 15.008px;">117,1&#215;39,10&#215;56,90 cm</span></p>
<p>Komoda 75381 &#8211; <b style="font-size: 15.008px;">Rozmery (ŠxHxV):</b><span style="font-size: 15.008px;"> 147,1&#215;39,1&#215;81 cm</span></p>
<p>Komoda 75387- <b style="font-size: 15.008px;">Rozmery (ŠxHxV):</b><span style="font-size: 15.008px;"> 98,1&#215;39,1&#215;81 cm</span></p>
<p>Vitrína 75382 &#8211; <b style="font-size: 15.008px;">Rozmery  (ŠxHxV):</b><span style="font-size: 15.008px;"> 50,1&#215;39,1&#215;170,6 cm</span></p>
<p>Regál so zásuvkou 75385 &#8211; <b style="font-size: 15.008px;">Rozmery (ŠxHxV):</b><span style="font-size: 15.008px;"> 55,1&#215;18,4&#215;170,6 cm</span></p>

<p>Sektorový nábytok K OSLO v retro štýle vhodný na zariadenie obývacích izieb alebo jedální vyrobený z DTD laminovanej vo modernom farebnom prevedení dub sonoma/biela. Nábytok stojí na drevených nožičkách. &nbsp; Sklená vitrína 75462 &#8211; Rozmery (ŠxHxV): 98,7&#215;39,1&#215;200,1 cm Sklená vitrína 75461 &#8211; Rozmery (ŠxHxV): 50,2&#215;39,1&#215;200,1 cm Komoda 75456 &#8211; Rozmery (ŠxHxV): 98,7&#215;39,1&#215;100,9 cm Komoda 75454 &#8211; Rozmery (ŠxHxV): 195,7&#215;39,1&#215;81,7 cm Konferenčný stolík 75384&#8230;</p>
