{"id":68223,"date":"2021-04-30T11:04:14","date_gmt":"2021-04-30T09:04:14","guid":{"rendered":"https:\/\/nabytoklaguna.sk\/sk\/?post_type=product&#038;p=68223"},"modified":"2025-04-01T12:16:36","modified_gmt":"2025-04-01T10:16:36","slug":"temop-kondela-kora-dub-canyon-samoa-king","status":"publish","type":"product","link":"https:\/\/nabytoklaguna.sk\/sk\/produkt\/temop-kondela-kora-dub-canyon-samoa-king\/","title":{"rendered":"K KORA &#8211;   Samoa king"},"content":{"rendered":"<p><strong>Rustik\u00e1lny sektorov\u00fd n\u00e1bytok K KORA<\/strong>, ktor\u00fd prinesie va\u0161ej ob\u00fdvacej izby, jed\u00e1ln\u00ed, sp\u00e1ln\u00ed \u010di pracovni <strong>luxusn\u00fd vzh\u013ead<\/strong>. Vyroben\u00e9 z DTD laminovanej a ozdobn\u00e9 li\u0161ty s\u00fa z MDF. <strong>Modern\u00fd look<\/strong> dod\u00e1vaj\u00fa aj <strong>kovov\u00e9 \u00fachytky.<\/strong> Farebn\u00e9 prevedenie Samoa king Man\u017eelsk\u00e1 poste\u013e je dod\u00e1van\u00e1 s ro\u0161tom a bez matraca.<\/p>\n<p>&nbsp;<\/p>\n<p>Komoda KK2 &#8211;\u00a0<b style=\"font-size: 15.008px;\">Rozmery (\u0160xHxV):<\/b><span style=\"font-size: 15.008px;\">\u00a0\u0160xHxV: 88x46x97 cm<br \/>\n<\/span>Komoda KK1 &#8211;\u00a0<b style=\"font-size: 15.008px;\">Rozmery (\u0160xHxV):<\/b><span style=\"font-size: 15.008px;\">\u00a088x46x97 cm.<br \/>\n<\/span>Komoda rohov\u00e1 KKN1 &#8211;\u00a0<b style=\"font-size: 15.008px;\">Rozmery (\u0160xHxV):<\/b><span style=\"font-size: 15.008px;\">\u00a075x75x97 cm<br \/>\n<\/span>PC st\u00f4l KB &#8211;\u00a0<b style=\"font-size: 15.008px;\">Rozmery (\u0160xHxV):<\/b><span style=\"font-size: 15.008px;\">\u00a0149x61x75 cm<br \/>\n<\/span>RTV stol\u00edk KRT &#8211;\u00a0<b style=\"font-size: 15.008px;\">Rozmery (\u0160xHxV):<\/b><span style=\"font-size: 15.008px;\">\u00a0108x56x77 cm<br \/>\n<\/span>RTV stol\u00edk KRTN &#8211;\u00a0<b style=\"font-size: 15.008px;\">Rozmery (\u0160xHxV):<\/b><span style=\"font-size: 15.008px;\">\u00a086x61x77 cm<br \/>\n<\/span>Konf. stol\u00edk KL-\u00a0<b style=\"font-size: 15.008px;\">Rozmery (\u0160xHxV):<\/b><span style=\"font-size: 15.008px;\">\u00a0120x80x53 cm<br \/>\n<\/span>Konf. stol\u00edk KL2 &#8211;\u00a0<b style=\"font-size: 15.008px;\">Rozmery (\u0160xHxV):<\/b><span style=\"font-size: 15.008px;\">\u00a0125x65x53 cm<br \/>\n<\/span>Komoda KK3 &#8211;\u00a0<b style=\"font-size: 15.008px;\">Rozmery (\u0160xHxV):<\/b><span style=\"font-size: 15.008px;\">\u00a088x46x97 cm.<br \/>\n<\/span>Komoda KK4 &#8211;\u00a0<b style=\"font-size: 15.008px;\">Rozmery (\u0160xHxV):<\/b><span style=\"font-size: 15.008px;\">\u00a0168x46x97 cm<br \/>\n<\/span>Komoda KK6 &#8211;\u00a0<b style=\"font-size: 15.008px;\">Rozmery (\u0160xHxV):<\/b><span style=\"font-size: 15.008px;\">\u00a0158x46x117 cm<br \/>\n<\/span>Komoda KK6P &#8211;\u00a0<b style=\"font-size: 15.008px;\">Rozmery (\u0160xHxV)<\/b><span style=\"font-size: 15.008px;\">: 158x46x117 cm<br \/>\n<\/span>Komoda KK7 &#8211;\u00a0<b style=\"font-size: 15.008px;\">Rozmery (\u0160xHxV):<\/b><span style=\"font-size: 15.008px;\">\u00a0158x46x136 cm<br \/>\n<\/span>Barov\u00e1 skrinka KK5 &#8211;\u00a0<b style=\"font-size: 15.008px;\">Rozmery (\u0160xHxV):<\/b><span style=\"font-size: 15.008px;\">\u00a088x39x136 cm<br \/>\n<\/span>Zrkadlo KC2 &#8211;\u00a0<b style=\"font-size: 15.008px;\">Rozmery (\u0160xHxV):<\/b><span style=\"font-size: 15.008px;\">\u00a0126x6x84 cm<br \/>\n<\/span>Nadstavec KN4 &#8211;\u00a0<b style=\"font-size: 15.008px;\">Rozmery (\u0160xHxV):<\/b><span style=\"font-size: 15.008px;\">\u00a0128x40x97 cm<br \/>\n<\/span>Nadstavec KN5 &#8211;\u00a0<b style=\"font-size: 15.008px;\">Rozmery (\u0160xHxV):<\/b><span style=\"font-size: 15.008px;\">\u00a0168x40x97 cm<br \/>\n<\/span>Skri\u0148a dvojdverov\u00e1 KS1 &#8211;\u00a0<b style=\"font-size: 15.008px;\">Rozmery (\u0160xHxV):<\/b><span style=\"font-size: 15.008px;\">\u00a088x49x193 cm<br \/>\n<\/span>Vitr\u00edna KRW2 &#8211;\u00a0<b style=\"font-size: 15.008px;\">Rozmery (\u0160xHxV):<\/b><span style=\"font-size: 15.008px;\">\u00a088x40x193 cm<br \/>\n<\/span>Vitr\u00edna KRW1 &#8211;\u00a0<b style=\"font-size: 15.008px;\">Rozmery (\u0160xHxV):<\/b><span style=\"font-size: 15.008px;\">\u00a058x40x193 cm<br \/>\n<\/span>Skri\u0148a\u00a0 KRD1 &#8211;\u00a0<b style=\"font-size: 15.008px;\">Rozmery (\u0160xHxV):<\/b><span style=\"font-size: 15.008px;\">\u00a058x40x193 cm<br \/>\n<\/span>Reg\u00e1l KR1 &#8211;<b style=\"font-size: 15.008px;\">Rozmery (\u0160xHxV):<\/b><span style=\"font-size: 15.008px;\">\u00a068x40x193 cm<br \/>\n<\/span>Skri\u0148a KS2 ve\u0161iakov\u00e1 s policami &#8211;\u00a0<b style=\"font-size: 15.008px;\">Rozmery (\u0160xHxV):<\/b><span style=\"font-size: 15.008px;\">\u00a0158x62x193 cm<br \/>\n<\/span>Skri\u0148a KS3 ve\u0161iakov\u00e1 s policami &#8211;\u00a0<b style=\"font-size: 15.008px;\">Rozmery (\u0160xHxV):<\/b><span style=\"font-size: 15.008px;\">\u00a0208x62x210 cm<br \/>\n<\/span>Nadstavec KNN1 &#8211;\u00a0<b style=\"font-size: 15.008px;\">Rozmery (\u0160xHxV):<\/b><span style=\"font-size: 15.008px;\">\u00a075x75x97 cm<br \/>\n<\/span>No\u010dn\u00fd stol\u00edk KSN &#8211;\u00a0<b style=\"font-size: 15.008px;\">Rozmery (\u0160xHxV):<\/b><span style=\"font-size: 15.008px;\">\u00a058x40x68 cm<br \/>\n<\/span>Poste\u013e KLS 160&#215;200 &#8211;\u00a0<b style=\"font-size: 15.008px;\">Rozmery (\u0160xHxV):<\/b><span style=\"font-size: 15.008px;\">\u00a0171x212x68 cm,\u00a0<\/span><b style=\"font-size: 15.008px;\">Plocha na spanie (\u0160xD):<\/b><span style=\"font-size: 15.008px;\">\u00a0160&#215;200 cm<br \/>\n<\/span>Poste\u013e KLD2 180&#215;200 &#8211;\u00a0<b style=\"font-size: 15.008px;\">Rozmery (\u0160xHxV):<\/b><span style=\"font-size: 15.008px;\">\u00a0191x212x68 cm,\u00a0<\/span><b style=\"font-size: 15.008px;\">Plocha na spanie (\u0160xD):<\/b><span style=\"font-size: 15.008px;\">\u00a0180&#215;200 cm<br \/>\n<\/span>Jed\u00e1lensk\u00fd rozkladac\u00ed st\u00f4l ST &#8211;\u00a0<b style=\"font-size: 15.008px;\">Rozmery (\u0160xHxV):<\/b><span style=\"font-size: 15.008px;\">\u00a0160-203x90x82 cm<\/span><\/p>\n<p>&nbsp;<\/p>\n<p>&nbsp;<\/p>\n","protected":false},"excerpt":{"rendered":"<p>Rustik\u00e1lny sektorov\u00fd n\u00e1bytok K KORA, ktor\u00fd prinesie va\u0161ej ob\u00fdvacej izby, jed\u00e1ln\u00ed, sp\u00e1ln\u00ed \u010di pracovni luxusn\u00fd vzh\u013ead. Vyroben\u00e9 z DTD laminovanej a ozdobn\u00e9 li\u0161ty s\u00fa z MDF. Modern\u00fd look dod\u00e1vaj\u00fa aj kovov\u00e9 \u00fachytky. Farebn\u00e9 prevedenie Samoa king Man\u017eelsk\u00e1 poste\u013e je dod\u00e1van\u00e1 s ro\u0161tom a bez matraca. &nbsp; Komoda KK2 &#8211;\u00a0Rozmery (\u0160xHxV):\u00a0\u0160xHxV: 88x46x97 cm Komoda KK1 &#8211;\u00a0Rozmery&#8230;<\/p>\n","protected":false},"featured_media":122000,"comment_status":"closed","ping_status":"closed","template":"","meta":{"_seopress_robots_primary_cat":"183","_seopress_titles_title":"","_seopress_titles_desc":"","_seopress_robots_index":""},"product_brand":[],"product_cat":[4012,182,1109,183,824],"product_tag":[],"class_list":{"0":"post-68223","1":"product","2":"type-product","3":"status-publish","4":"has-post-thumbnail","6":"product_cat-postele","7":"product_cat-obyvacie-steny","8":"product_cat-komody-k-obyvacim-stenam","9":"product_cat-sektorove-obyvacie-steny","10":"product_cat-rtv-stoliky","11":"pa_typ-produktu-barova-skrinka-kk5","12":"pa_typ-produktu-jedalensky-rozkladaci-stol-st","13":"pa_typ-produktu-komoda-kk1","14":"pa_typ-produktu-komoda-kk2","15":"pa_typ-produktu-komoda-kk3","16":"pa_typ-produktu-komoda-kk4","17":"pa_typ-produktu-komoda-kk6","18":"pa_typ-produktu-komoda-kk6p","19":"pa_typ-produktu-komoda-kk7","20":"pa_typ-produktu-komoda-rohova-kkn1","21":"pa_typ-produktu-konferencny-stolik-kl","22":"pa_typ-produktu-konferencny-stolik-kl2","23":"pa_typ-produktu-nadstavec-kn4","24":"pa_typ-produktu-nadstavec-kn5","25":"pa_typ-produktu-nadstavec-knn1","26":"pa_typ-produktu-nocny-stolik-ksn","27":"pa_typ-produktu-pc-stol-kb","28":"pa_typ-produktu-postel-kls","29":"pa_typ-produktu-postel-kls2","30":"pa_typ-produktu-regal-kr1","31":"pa_typ-produktu-rtv-stolik-krt","32":"pa_typ-produktu-rtv-stolik-krtn","33":"pa_typ-produktu-skrina-dvojdverova-ks1","34":"pa_typ-produktu-skrina-krd1","35":"pa_typ-produktu-skrina-ks2-vesiakova-s-policami","36":"pa_typ-produktu-skrina-ks3-vesiakova-s-policami","37":"pa_typ-produktu-vitrina-krw1","38":"pa_typ-produktu-vitrina-krw2","39":"pa_typ-produktu-zrkadlo-kc2","41":"first","42":"onbackorder","43":"shipping-taxable","44":"purchasable","45":"product-type-variable"},"_links":{"self":[{"href":"https:\/\/nabytoklaguna.sk\/sk\/wp-json\/wp\/v2\/product\/68223","targetHints":{"allow":["GET"]}}],"collection":[{"href":"https:\/\/nabytoklaguna.sk\/sk\/wp-json\/wp\/v2\/product"}],"about":[{"href":"https:\/\/nabytoklaguna.sk\/sk\/wp-json\/wp\/v2\/types\/product"}],"replies":[{"embeddable":true,"href":"https:\/\/nabytoklaguna.sk\/sk\/wp-json\/wp\/v2\/comments?post=68223"}],"wp:featuredmedia":[{"embeddable":true,"href":"https:\/\/nabytoklaguna.sk\/sk\/wp-json\/wp\/v2\/media\/122000"}],"wp:attachment":[{"href":"https:\/\/nabytoklaguna.sk\/sk\/wp-json\/wp\/v2\/media?parent=68223"}],"wp:term":[{"taxonomy":"product_brand","embeddable":true,"href":"https:\/\/nabytoklaguna.sk\/sk\/wp-json\/wp\/v2\/product_brand?post=68223"},{"taxonomy":"product_cat","embeddable":true,"href":"https:\/\/nabytoklaguna.sk\/sk\/wp-json\/wp\/v2\/product_cat?post=68223"},{"taxonomy":"product_tag","embeddable":true,"href":"https:\/\/nabytoklaguna.sk\/sk\/wp-json\/wp\/v2\/product_tag?post=68223"}],"curies":[{"name":"wp","href":"https:\/\/api.w.org\/{rel}","templated":true}]}}

<p><strong>Rustikálny sektorový nábytok K KORA</strong>, ktorý prinesie vašej obývacej izby, jedální, spální či pracovni <strong>luxusný vzhľad</strong>. Vyrobené z DTD laminovanej a ozdobné lišty sú z MDF. <strong>Moderný look</strong> dodávajú aj <strong>kovové úchytky.</strong> Farebné prevedenie Samoa king Manželská posteľ je dodávaná s roštom a bez matraca.</p>
<p>&nbsp;</p>
<p>Komoda KK2 &#8211; <b style="font-size: 15.008px;">Rozmery (ŠxHxV):</b><span style="font-size: 15.008px;"> ŠxHxV: 88x46x97 cm<br />
</span>Komoda KK1 &#8211; <b style="font-size: 15.008px;">Rozmery (ŠxHxV):</b><span style="font-size: 15.008px;"> 88x46x97 cm.<br />
</span>Komoda rohová KKN1 &#8211; <b style="font-size: 15.008px;">Rozmery (ŠxHxV):</b><span style="font-size: 15.008px;"> 75x75x97 cm<br />
</span>PC stôl KB &#8211; <b style="font-size: 15.008px;">Rozmery (ŠxHxV):</b><span style="font-size: 15.008px;"> 149x61x75 cm<br />
</span>RTV stolík KRT &#8211; <b style="font-size: 15.008px;">Rozmery (ŠxHxV):</b><span style="font-size: 15.008px;"> 108x56x77 cm<br />
</span>RTV stolík KRTN &#8211; <b style="font-size: 15.008px;">Rozmery (ŠxHxV):</b><span style="font-size: 15.008px;"> 86x61x77 cm<br />
</span>Konf. stolík KL- <b style="font-size: 15.008px;">Rozmery (ŠxHxV):</b><span style="font-size: 15.008px;"> 120x80x53 cm<br />
</span>Konf. stolík KL2 &#8211; <b style="font-size: 15.008px;">Rozmery (ŠxHxV):</b><span style="font-size: 15.008px;"> 125x65x53 cm<br />
</span>Komoda KK3 &#8211; <b style="font-size: 15.008px;">Rozmery (ŠxHxV):</b><span style="font-size: 15.008px;"> 88x46x97 cm.<br />
</span>Komoda KK4 &#8211; <b style="font-size: 15.008px;">Rozmery (ŠxHxV):</b><span style="font-size: 15.008px;"> 168x46x97 cm<br />
</span>Komoda KK6 &#8211; <b style="font-size: 15.008px;">Rozmery (ŠxHxV):</b><span style="font-size: 15.008px;"> 158x46x117 cm<br />
</span>Komoda KK6P &#8211; <b style="font-size: 15.008px;">Rozmery (ŠxHxV)</b><span style="font-size: 15.008px;">: 158x46x117 cm<br />
</span>Komoda KK7 &#8211; <b style="font-size: 15.008px;">Rozmery (ŠxHxV):</b><span style="font-size: 15.008px;"> 158x46x136 cm<br />
</span>Barová skrinka KK5 &#8211; <b style="font-size: 15.008px;">Rozmery (ŠxHxV):</b><span style="font-size: 15.008px;"> 88x39x136 cm<br />
</span>Zrkadlo KC2 &#8211; <b style="font-size: 15.008px;">Rozmery (ŠxHxV):</b><span style="font-size: 15.008px;"> 126x6x84 cm<br />
</span>Nadstavec KN4 &#8211; <b style="font-size: 15.008px;">Rozmery (ŠxHxV):</b><span style="font-size: 15.008px;"> 128x40x97 cm<br />
</span>Nadstavec KN5 &#8211; <b style="font-size: 15.008px;">Rozmery (ŠxHxV):</b><span style="font-size: 15.008px;"> 168x40x97 cm<br />
</span>Skriňa dvojdverová KS1 &#8211; <b style="font-size: 15.008px;">Rozmery (ŠxHxV):</b><span style="font-size: 15.008px;"> 88x49x193 cm<br />
</span>Vitrína KRW2 &#8211; <b style="font-size: 15.008px;">Rozmery (ŠxHxV):</b><span style="font-size: 15.008px;"> 88x40x193 cm<br />
</span>Vitrína KRW1 &#8211; <b style="font-size: 15.008px;">Rozmery (ŠxHxV):</b><span style="font-size: 15.008px;"> 58x40x193 cm<br />
</span>Skriňa  KRD1 &#8211; <b style="font-size: 15.008px;">Rozmery (ŠxHxV):</b><span style="font-size: 15.008px;"> 58x40x193 cm<br />
</span>Regál KR1 &#8211;<b style="font-size: 15.008px;">Rozmery (ŠxHxV):</b><span style="font-size: 15.008px;"> 68x40x193 cm<br />
</span>Skriňa KS2 vešiaková s policami &#8211; <b style="font-size: 15.008px;">Rozmery (ŠxHxV):</b><span style="font-size: 15.008px;"> 158x62x193 cm<br />
</span>Skriňa KS3 vešiaková s policami &#8211; <b style="font-size: 15.008px;">Rozmery (ŠxHxV):</b><span style="font-size: 15.008px;"> 208x62x210 cm<br />
</span>Nadstavec KNN1 &#8211; <b style="font-size: 15.008px;">Rozmery (ŠxHxV):</b><span style="font-size: 15.008px;"> 75x75x97 cm<br />
</span>Nočný stolík KSN &#8211; <b style="font-size: 15.008px;">Rozmery (ŠxHxV):</b><span style="font-size: 15.008px;"> 58x40x68 cm<br />
</span>Posteľ KLS 160&#215;200 &#8211; <b style="font-size: 15.008px;">Rozmery (ŠxHxV):</b><span style="font-size: 15.008px;"> 171x212x68 cm, </span><b style="font-size: 15.008px;">Plocha na spanie (ŠxD):</b><span style="font-size: 15.008px;"> 160&#215;200 cm<br />
</span>Posteľ KLD2 180&#215;200 &#8211; <b style="font-size: 15.008px;">Rozmery (ŠxHxV):</b><span style="font-size: 15.008px;"> 191x212x68 cm, </span><b style="font-size: 15.008px;">Plocha na spanie (ŠxD):</b><span style="font-size: 15.008px;"> 180&#215;200 cm<br />
</span>Jedálenský rozkladací stôl ST &#8211; <b style="font-size: 15.008px;">Rozmery (ŠxHxV):</b><span style="font-size: 15.008px;"> 160-203x90x82 cm</span></p>
<p>&nbsp;</p>
<p>&nbsp;</p>

<p>Rustikálny sektorový nábytok K KORA, ktorý prinesie vašej obývacej izby, jedální, spální či pracovni luxusný vzhľad. Vyrobené z DTD laminovanej a ozdobné lišty sú z MDF. Moderný look dodávajú aj kovové úchytky. Farebné prevedenie Samoa king Manželská posteľ je dodávaná s roštom a bez matraca. &nbsp; Komoda KK2 &#8211; Rozmery (ŠxHxV): ŠxHxV: 88x46x97 cm Komoda KK1 &#8211; Rozmery&#8230;</p>
