{"id":68351,"date":"2021-04-30T11:04:14","date_gmt":"2021-04-30T09:04:14","guid":{"rendered":"https:\/\/nabytoklaguna.sk\/sk\/?post_type=product&#038;p=68351"},"modified":"2025-04-08T13:48:52","modified_gmt":"2025-04-08T11:48:52","slug":"tempo-kondela-panama","status":"publish","type":"product","link":"https:\/\/nabytoklaguna.sk\/sk\/produkt\/tempo-kondela-panama\/","title":{"rendered":"K PANAMA"},"content":{"rendered":"<p><strong>Modern\u00fd sektorov\u00fd n\u00e1bytok K PANAMA<\/strong> vhodn\u00fd na zariadenie ob\u00fdvac\u00edch izieb \u010di jed\u00e1ln\u00ed. Vyroben\u00fd z DTD laminovanej a p\u00fd\u0161i sa <strong>aj ABS hranami<\/strong>. Zostava je vo farebnom preveden\u00ed <strong>dub sonoma.<\/strong><\/p>\n<p>&nbsp;<\/p>\n<p>Typ 01 ve\u0161iakov\u00e1 skri\u0148a 2D2S &#8211;\u00a0<b style=\"font-size: 15.008px;\">Rozmery (\u0160xHxV):<\/b><span style=\"font-size: 15.008px;\">\u00a083x56x200 cm<br \/>\n<\/span>Typ 02 policov\u00e1 skri\u0148a 1D2S &#8211;\u00a0<b style=\"font-size: 15.008px;\">Rozmery (\u0160xHxV):<\/b><span style=\"font-size: 15.008px;\">\u00a050x41x200 cm<br \/>\n<\/span>Typ 03 vitr\u00edna 2D2S &#8211;\u00a0<b style=\"font-size: 15.008px;\">Rozmery (\u0160xHxV):<\/b><span style=\"font-size: 15.008px;\">\u00a083x56x200 cm<br \/>\n<\/span>Typ 04 vitr\u00edna 1D2S &#8211;\u00a0<b style=\"font-size: 15.008px;\">Rozmery (\u0160xHxV):<\/b><span style=\"font-size: 15.008px;\">\u00a050x41x200 cm<br \/>\n<\/span>Typ 05 komoda 4S &#8211;\u00a0<b style=\"font-size: 15.008px;\">Rozmery (\u0160xHxV):<\/b><span style=\"font-size: 15.008px;\">\u00a083x41x88 cm<br \/>\n<\/span>Typ 06 RTV stol\u00edk &#8211;\u00a0<b style=\"font-size: 15.008px;\">Rozmery (\u0160xHxV):<\/b><span style=\"font-size: 15.008px;\">\u00a0133x41x51 cm<br \/>\n<\/span>Typ 08 komoda 2D4S &#8211;\u00a0<b style=\"font-size: 15.008px;\">Rozmery (\u0160xHxV):<\/b><span style=\"font-size: 15.008px;\">\u00a0133x41x88 cm<br \/>\n<\/span>Typ 09 polica &#8211;\u00a0<b style=\"font-size: 15.008px;\">Rozmery (\u0160xHxV):<\/b><span style=\"font-size: 15.008px;\">\u00a0133x22x34 cm<br \/>\n<\/span>Typ 10 PC st\u00f4l 1D1S &#8211;\u00a0<b style=\"font-size: 15.008px;\">Rozmery (\u0160xHxV):<\/b><span style=\"font-size: 15.008px;\">\u00a0120x65x75 cm<br \/>\n<\/span>Typ 11 komoda 4D4S &#8211;\u00a0<b style=\"font-size: 15.008px;\">Rozmery (\u0160xHxV):<\/b><span style=\"font-size: 15.008px;\">\u00a0220x41x88 cm<br \/>\n<\/span>Typ 12 skrinka s barom 3D &#8211;\u00a0<b style=\"font-size: 15.008px;\">Rozmery (\u0160xHxV):<\/b><span style=\"font-size: 15.008px;\">\u00a083x41x125 cm<br \/>\n<\/span>Typ 14 konferen\u010dn\u00fd stol\u00edk 135 &#8211;\u00a0<b style=\"font-size: 15.008px;\">Rozmery (\u0160xHxV):<\/b><span style=\"font-size: 15.008px;\">\u00a0135x70x45 cm<\/span><\/p>\n<p>&nbsp;<\/p>\n<p>&nbsp;<\/p>\n","protected":false},"excerpt":{"rendered":"<p>Modern\u00fd sektorov\u00fd n\u00e1bytok K PANAMA vhodn\u00fd na zariadenie ob\u00fdvac\u00edch izieb \u010di jed\u00e1ln\u00ed. Vyroben\u00fd z DTD laminovanej a p\u00fd\u0161i sa aj ABS hranami. Zostava je vo farebnom preveden\u00ed dub sonoma. &nbsp; Typ 01 ve\u0161iakov\u00e1 skri\u0148a 2D2S &#8211;\u00a0Rozmery (\u0160xHxV):\u00a083x56x200 cm Typ 02 policov\u00e1 skri\u0148a 1D2S &#8211;\u00a0Rozmery (\u0160xHxV):\u00a050x41x200 cm Typ 03 vitr\u00edna 2D2S &#8211;\u00a0Rozmery (\u0160xHxV):\u00a083x56x200 cm Typ 04&#8230;<\/p>\n","protected":false},"featured_media":68376,"comment_status":"closed","ping_status":"closed","template":"","meta":{"_seopress_robots_primary_cat":"183","_seopress_titles_title":"","_seopress_titles_desc":"","_seopress_robots_index":""},"product_brand":[],"product_cat":[182,1109,183,824],"product_tag":[],"class_list":{"0":"post-68351","1":"product","2":"type-product","3":"status-publish","4":"has-post-thumbnail","6":"product_cat-obyvacie-steny","7":"product_cat-komody-k-obyvacim-stenam","8":"product_cat-sektorove-obyvacie-steny","9":"product_cat-rtv-stoliky","10":"pa_typ-produktu-typ-01-vesiakova-skrina-2d2s","11":"pa_typ-produktu-typ-02-policova-skrina-1d2s","12":"pa_typ-produktu-typ-03-vitrina-2d2s","13":"pa_typ-produktu-typ-04-vitrina-1d2s","14":"pa_typ-produktu-typ-05-komoda-4s","15":"pa_typ-produktu-typ-06-rtv-stolik","16":"pa_typ-produktu-typ-08-komoda-2d2s","17":"pa_typ-produktu-typ-09-polica","18":"pa_typ-produktu-typ-10-pc-stol-1d1s","19":"pa_typ-produktu-typ-11-komoda-4d4s","20":"pa_typ-produktu-typ-12-skrinka-s-barom-3d","21":"pa_typ-produktu-typ-14-konferencny-stolik-135","23":"first","24":"onbackorder","25":"shipping-taxable","26":"purchasable","27":"product-type-variable"},"_links":{"self":[{"href":"https:\/\/nabytoklaguna.sk\/sk\/wp-json\/wp\/v2\/product\/68351","targetHints":{"allow":["GET"]}}],"collection":[{"href":"https:\/\/nabytoklaguna.sk\/sk\/wp-json\/wp\/v2\/product"}],"about":[{"href":"https:\/\/nabytoklaguna.sk\/sk\/wp-json\/wp\/v2\/types\/product"}],"replies":[{"embeddable":true,"href":"https:\/\/nabytoklaguna.sk\/sk\/wp-json\/wp\/v2\/comments?post=68351"}],"wp:featuredmedia":[{"embeddable":true,"href":"https:\/\/nabytoklaguna.sk\/sk\/wp-json\/wp\/v2\/media\/68376"}],"wp:attachment":[{"href":"https:\/\/nabytoklaguna.sk\/sk\/wp-json\/wp\/v2\/media?parent=68351"}],"wp:term":[{"taxonomy":"product_brand","embeddable":true,"href":"https:\/\/nabytoklaguna.sk\/sk\/wp-json\/wp\/v2\/product_brand?post=68351"},{"taxonomy":"product_cat","embeddable":true,"href":"https:\/\/nabytoklaguna.sk\/sk\/wp-json\/wp\/v2\/product_cat?post=68351"},{"taxonomy":"product_tag","embeddable":true,"href":"https:\/\/nabytoklaguna.sk\/sk\/wp-json\/wp\/v2\/product_tag?post=68351"}],"curies":[{"name":"wp","href":"https:\/\/api.w.org\/{rel}","templated":true}]}}

<p><strong>Moderný sektorový nábytok K PANAMA</strong> vhodný na zariadenie obývacích izieb či jedální. Vyrobený z DTD laminovanej a pýši sa <strong>aj ABS hranami</strong>. Zostava je vo farebnom prevedení <strong>dub sonoma.</strong></p>
<p>&nbsp;</p>
<p>Typ 01 vešiaková skriňa 2D2S &#8211; <b style="font-size: 15.008px;">Rozmery (ŠxHxV):</b><span style="font-size: 15.008px;"> 83x56x200 cm<br />
</span>Typ 02 policová skriňa 1D2S &#8211; <b style="font-size: 15.008px;">Rozmery (ŠxHxV):</b><span style="font-size: 15.008px;"> 50x41x200 cm<br />
</span>Typ 03 vitrína 2D2S &#8211; <b style="font-size: 15.008px;">Rozmery (ŠxHxV):</b><span style="font-size: 15.008px;"> 83x56x200 cm<br />
</span>Typ 04 vitrína 1D2S &#8211; <b style="font-size: 15.008px;">Rozmery (ŠxHxV):</b><span style="font-size: 15.008px;"> 50x41x200 cm<br />
</span>Typ 05 komoda 4S &#8211; <b style="font-size: 15.008px;">Rozmery (ŠxHxV):</b><span style="font-size: 15.008px;"> 83x41x88 cm<br />
</span>Typ 06 RTV stolík &#8211; <b style="font-size: 15.008px;">Rozmery (ŠxHxV):</b><span style="font-size: 15.008px;"> 133x41x51 cm<br />
</span>Typ 08 komoda 2D4S &#8211; <b style="font-size: 15.008px;">Rozmery (ŠxHxV):</b><span style="font-size: 15.008px;"> 133x41x88 cm<br />
</span>Typ 09 polica &#8211; <b style="font-size: 15.008px;">Rozmery (ŠxHxV):</b><span style="font-size: 15.008px;"> 133x22x34 cm<br />
</span>Typ 10 PC stôl 1D1S &#8211; <b style="font-size: 15.008px;">Rozmery (ŠxHxV):</b><span style="font-size: 15.008px;"> 120x65x75 cm<br />
</span>Typ 11 komoda 4D4S &#8211; <b style="font-size: 15.008px;">Rozmery (ŠxHxV):</b><span style="font-size: 15.008px;"> 220x41x88 cm<br />
</span>Typ 12 skrinka s barom 3D &#8211; <b style="font-size: 15.008px;">Rozmery (ŠxHxV):</b><span style="font-size: 15.008px;"> 83x41x125 cm<br />
</span>Typ 14 konferenčný stolík 135 &#8211; <b style="font-size: 15.008px;">Rozmery (ŠxHxV):</b><span style="font-size: 15.008px;"> 135x70x45 cm</span></p>
<p>&nbsp;</p>
<p>&nbsp;</p>

<p>Moderný sektorový nábytok K PANAMA vhodný na zariadenie obývacích izieb či jedální. Vyrobený z DTD laminovanej a pýši sa aj ABS hranami. Zostava je vo farebnom prevedení dub sonoma. &nbsp; Typ 01 vešiaková skriňa 2D2S &#8211; Rozmery (ŠxHxV): 83x56x200 cm Typ 02 policová skriňa 1D2S &#8211; Rozmery (ŠxHxV): 50x41x200 cm Typ 03 vitrína 2D2S &#8211; Rozmery (ŠxHxV): 83x56x200 cm Typ 04&#8230;</p>
