{"id":68890,"date":"2021-04-30T11:04:14","date_gmt":"2021-04-30T09:04:14","guid":{"rendered":"https:\/\/nabytoklaguna.sk\/sk\/?post_type=product&#038;p=68890"},"modified":"2025-07-03T16:24:52","modified_gmt":"2025-07-03T14:24:52","slug":"k-salomo-typ1","status":"publish","type":"product","link":"https:\/\/nabytoklaguna.sk\/sk\/produkt\/k-salomo-typ1\/","title":{"rendered":"K SALOMO typ1"},"content":{"rendered":"<p>Kancel\u00e1rske kreslo\u00a0<b>SALOMO TYP 1<\/b>\u00a0vynik\u00e1 nad\u010dasov\u00fdm dizajnom a viacer\u00fdmi funkciami. Disponuje\u00a0<b>mechanikou hojdania a funkciou nastavenia v\u00fd\u0161ky sedu.<\/b>\u00a0Kreslo je \u010dal\u00fanen\u00e9 sie\u0165ovinou v kombin\u00e1cii farieb\u00a0<b>siv\u00e1<\/b>\u00a0a\u00a0<b>ru\u017eov\u00e1, modr\u00e1, petrolejov\u00e1, siv\u00e1 a b\u00e9\u017eov\u00e1<\/b>. M\u00f3dne dopln\u00ed va\u0161u kancel\u00e1riu a sa stane jej neodmyslite\u013enou s\u00fa\u010das\u0165ou.<\/p>\n<ul>\n<li><b>Materi\u00e1l:\u00a0<\/b>sie\u0165ovina\/plast<\/li>\n<li><b>Farba:\u00a0<\/b>ru\u017eov\u00e1\/siv\u00e1\/biela<\/li>\n<li><b>Rozmery (\u0160xHxV):\u00a0<\/b>63x61x99-109 cm<\/li>\n<li><b>V\u00fd\u0161ka sedu:\u00a0<\/b>45-55 cm<\/li>\n<li><b>H\u013abka sedu:\u00a0<\/b>52 cm<\/li>\n<li><b>\u0160\u00edrka sedu:\u00a0<\/b>51,5 cm<\/li>\n<li><b>V\u00fd\u0161ka chrbtovej opierky:\u00a0<\/b>58 cm<\/li>\n<li><b>\u0160\u00edrka chrbtovej opierky:\u00a0<\/b>44 cm<\/li>\n<li><b>Nosnos\u0165:\u00a0<\/b>100 kg<\/li>\n<li>Mo\u017enos\u0165 nastavi\u0165 v\u00fd\u0161ku sedu<\/li>\n<li>P\u00e4\u0165ramenn\u00e1 plastov\u00e1 podstava<\/li>\n<li>Univerz\u00e1lne kolieska<\/li>\n<li>Vhodn\u00e9 na tvrd\u00e9 aj m\u00e4kk\u00e9 podlahy<\/li>\n<li>Mechanizmus hojdania<\/li>\n<li>Dod\u00e1van\u00e9 v demonte<\/li>\n<\/ul>\n","protected":false},"excerpt":{"rendered":"<p>Kancel\u00e1rske kreslo\u00a0SALOMO TYP 1\u00a0vynik\u00e1 nad\u010dasov\u00fdm dizajnom a viacer\u00fdmi funkciami. Disponuje\u00a0mechanikou hojdania a funkciou nastavenia v\u00fd\u0161ky sedu.\u00a0Kreslo je \u010dal\u00fanen\u00e9 sie\u0165ovinou v kombin\u00e1cii farieb\u00a0siv\u00e1\u00a0a\u00a0ru\u017eov\u00e1, modr\u00e1, petrolejov\u00e1, siv\u00e1 a b\u00e9\u017eov\u00e1. M\u00f3dne dopln\u00ed va\u0161u kancel\u00e1riu a sa stane jej neodmyslite\u013enou s\u00fa\u010das\u0165ou. Materi\u00e1l:\u00a0sie\u0165ovina\/plast Farba:\u00a0ru\u017eov\u00e1\/siv\u00e1\/biela Rozmery (\u0160xHxV):\u00a063x61x99-109 cm V\u00fd\u0161ka sedu:\u00a045-55 cm H\u013abka sedu:\u00a052 cm \u0160\u00edrka sedu:\u00a051,5 cm V\u00fd\u0161ka chrbtovej opierky:\u00a058 cm&#8230;<\/p>\n","protected":false},"featured_media":124313,"comment_status":"closed","ping_status":"closed","template":"","meta":{"_seopress_robots_primary_cat":"237","_seopress_titles_title":"","_seopress_titles_desc":"","_seopress_robots_index":""},"product_brand":[],"product_cat":[242,237],"product_tag":[],"class_list":{"0":"post-68890","1":"product","2":"type-product","3":"status-publish","4":"has-post-thumbnail","6":"product_cat-kancelarske-stolicky","7":"product_cat-stolicky","8":"pa_farba-bezova","9":"pa_farba-petrolejova-siva-biela","10":"pa_farba-ruzova-siva-biela","11":"pa_farba-siva-biela-2","12":"pa_farba-svetlomodra-siva-biela","14":"first","15":"instock","16":"shipping-taxable","17":"purchasable","18":"product-type-variable"},"_links":{"self":[{"href":"https:\/\/nabytoklaguna.sk\/sk\/wp-json\/wp\/v2\/product\/68890","targetHints":{"allow":["GET"]}}],"collection":[{"href":"https:\/\/nabytoklaguna.sk\/sk\/wp-json\/wp\/v2\/product"}],"about":[{"href":"https:\/\/nabytoklaguna.sk\/sk\/wp-json\/wp\/v2\/types\/product"}],"replies":[{"embeddable":true,"href":"https:\/\/nabytoklaguna.sk\/sk\/wp-json\/wp\/v2\/comments?post=68890"}],"wp:featuredmedia":[{"embeddable":true,"href":"https:\/\/nabytoklaguna.sk\/sk\/wp-json\/wp\/v2\/media\/124313"}],"wp:attachment":[{"href":"https:\/\/nabytoklaguna.sk\/sk\/wp-json\/wp\/v2\/media?parent=68890"}],"wp:term":[{"taxonomy":"product_brand","embeddable":true,"href":"https:\/\/nabytoklaguna.sk\/sk\/wp-json\/wp\/v2\/product_brand?post=68890"},{"taxonomy":"product_cat","embeddable":true,"href":"https:\/\/nabytoklaguna.sk\/sk\/wp-json\/wp\/v2\/product_cat?post=68890"},{"taxonomy":"product_tag","embeddable":true,"href":"https:\/\/nabytoklaguna.sk\/sk\/wp-json\/wp\/v2\/product_tag?post=68890"}],"curies":[{"name":"wp","href":"https:\/\/api.w.org\/{rel}","templated":true}]}}

<p>Kancelárske kreslo <b>SALOMO TYP 1</b> vyniká nadčasovým dizajnom a viacerými funkciami. Disponuje <b>mechanikou hojdania a funkciou nastavenia výšky sedu.</b> Kreslo je čalúnené sieťovinou v kombinácii farieb <b>sivá</b> a <b>ružová, modrá, petrolejová, sivá a béžová</b>. Módne doplní vašu kanceláriu a sa stane jej neodmysliteľnou súčasťou.</p>
<ul>
<li><b>Materiál: </b>sieťovina/plast</li>
<li><b>Farba: </b>ružová/sivá/biela</li>
<li><b>Rozmery (ŠxHxV): </b>63x61x99-109 cm</li>
<li><b>Výška sedu: </b>45-55 cm</li>
<li><b>Hĺbka sedu: </b>52 cm</li>
<li><b>Šírka sedu: </b>51,5 cm</li>
<li><b>Výška chrbtovej opierky: </b>58 cm</li>
<li><b>Šírka chrbtovej opierky: </b>44 cm</li>
<li><b>Nosnosť: </b>100 kg</li>
<li>Možnosť nastaviť výšku sedu</li>
<li>Päťramenná plastová podstava</li>
<li>Univerzálne kolieska</li>
<li>Vhodné na tvrdé aj mäkké podlahy</li>
<li>Mechanizmus hojdania</li>
<li>Dodávané v demonte</li>
</ul>

<p>Kancelárske kreslo SALOMO TYP 1 vyniká nadčasovým dizajnom a viacerými funkciami. Disponuje mechanikou hojdania a funkciou nastavenia výšky sedu. Kreslo je čalúnené sieťovinou v kombinácii farieb sivá a ružová, modrá, petrolejová, sivá a béžová. Módne doplní vašu kanceláriu a sa stane jej neodmysliteľnou súčasťou. Materiál: sieťovina/plast Farba: ružová/sivá/biela Rozmery (ŠxHxV): 63x61x99-109 cm Výška sedu: 45-55 cm Hĺbka sedu: 52 cm Šírka sedu: 51,5 cm Výška chrbtovej opierky: 58 cm&#8230;</p>
