{"id":69409,"date":"2021-04-30T11:04:14","date_gmt":"2021-04-30T09:04:14","guid":{"rendered":"https:\/\/nabytoklaguna.sk\/sk\/?post_type=product&#038;p=69409"},"modified":"2026-02-18T08:33:13","modified_gmt":"2026-02-18T07:33:13","slug":"tempo-kondela-be-tempo-visco","status":"publish","type":"product","link":"https:\/\/nabytoklaguna.sk\/sk\/produkt\/tempo-kondela-be-tempo-visco\/","title":{"rendered":"TK BE TEMPO VISCO"},"content":{"rendered":"<p><strong>K<\/strong><b>omfortn\u00fd sendvi\u010dov\u00fd matrac BE TEMPO VISCO<\/b> vyroben\u00fd je z\u00a0<b>kvalitnej peny<\/b>\u00a0s\u00a0<b>povrchovou profil\u00e1ciou<\/b>. Tak\u00e1to profil\u00e1cia prekrvuje poko\u017eku a uvo\u013e\u0148uje svalstvo po\u010das sp\u00e1nku. Matrac je obojstrann\u00fd a pon\u00faka mo\u017enos\u0165 v\u00fdberu\u00a0<b>tvrd\u0161ej<\/b>\u00a0a\u00a0<b>m\u00e4k\u0161ej strany<\/b>. Tvor\u00ed ho pam\u00e4\u0165ov\u00e1 pena, pri\u010dom jadro je z PUR peny. <b>Pam\u00e4\u0165ov\u00e1 pena<\/b>\u00a0ide\u00e1lne\u00a0<b>reaguje na tlak a teplo<\/b>, matrac sa tak dok\u00e1\u017ee\u00a0<b>optim\u00e1lne prisp\u00f4sobi\u0165 tvaru \u013eudsk\u00e9ho tela<\/b>, doch\u00e1dza k rovnomern\u00e9mu rozlo\u017eeniu v\u00e1hy a k zn\u00ed\u017eeniu protitlaku matraca, p\u00f4sobiaceho na organizmus. Svalstvo je po\u010das sp\u00e1nku \u00faplne uvo\u013enen\u00e9, \u010do prispieva k celkovej regener\u00e1cii organizmu. <b>PUR pena<\/b>\u00a0vynik\u00e1 v\u00fdborn\u00fdmi vlastnos\u0165ami. Matrac z PUR peny je\u00a0<b>na za\u010diatku tuh\u0161\u00ed, pou\u017e\u00edvan\u00edm sa st\u00e1va komfortnej\u0161\u00edm<\/b>\u00a0bez toho, aby str\u00e1cal na objeme. Matrace z PUR peny s\u00fa ve\u013emi ob\u013e\u00faben\u00e9 kv\u00f4li svojim\u00a0<b>ortopedick\u00fdm a antialergick\u00fdm vlastnostiam<\/b>. Matrac v\u010faka fyziosyst\u00e9mu optim\u00e1lne kop\u00edruje telo vo v\u0161etk\u00fdch poloh\u00e1ch. Je so\u00a0<b>7 z\u00f3nami (fyziosyst\u00e9m)<\/b>, \u010do znamen\u00e1, \u017ee jeho\u00a0<b>povrch je rozdelen\u00fd na nieko\u013eko p\u00e1siem s odli\u0161nou tvrdos\u0165ou a v\u00fdstuhou<\/b>. <b>Matrac<\/b>\u00a0je dod\u00e1van\u00fd s\u00a0<b>kvalitn\u00fdm po\u0165ahom Aloe Vera<\/b>.\u00a0<b>Aloe Vera<\/b>\u00a0obsahuje enz\u00fdmy, miner\u00e1lne l\u00e1tky a aminokyseliny, ktor\u00e9 \u00fa\u010dinne p\u00f4sobia na poko\u017eku a napom\u00e1haj\u00fa ju regenerova\u0165. Posil\u0148uj\u00fa relaxa\u010dn\u00e9 \u00fa\u010dinky sp\u00e1nku. Po\u0165ah m\u00e1 zips po celom obvode. Je sn\u00edmate\u013en\u00fd a mo\u017eno ho vypra\u0165 v pr\u00e1\u010dke pri teplote 60 \u00b0C. Po\u0165ah matraca je navy\u0161e obojstranne pre\u0161it\u00fd\u00a0<b>PES dut\u00fdm vl\u00e1knom<\/b>. Toto vl\u00e1kno, je ve\u013emi pohodln\u00fd a pevn\u00fd materi\u00e1l. Je antibakteri\u00e1lny a antialerg\u00e9nny. Jeho \u010fal\u0161ie v\u00fdhody s\u00fa, \u017ee ne\u0161u\u0161t\u00ed, dr\u017e\u00ed tvar. Je kvalitn\u00fd s\u00a0<b>certifik\u00e1tom OEKO-TEX STANDARD<\/b>. Bol\u00a0<b>testovan\u00fd<\/b>\u00a0na pH hodnotu, obsah formaldehydu, pr\u00edtomnos\u0165 pestic\u00eddov, obsah \u0165a\u017ek\u00fdch kovov, konzerva\u010dn\u00fdch l\u00e1tok, tie\u017e na pr\u00edtomnos\u0165 alergizuj\u00facich a potenci\u00e1lne karcinog\u00e9nnych farb\u00edv.<\/p>\n<ul>\n<li><b>Materi\u00e1l:<\/b>\u00a0PUR pena\/pam\u00e4\u0165ov\u00e1 pena<\/li>\n<li>Sendvi\u010dov\u00fd<\/li>\n<li>Obojstrann\u00fd matrac &#8211; tvrd\u0161ia a m\u00e4k\u0161ia strana<\/li>\n<li><b>Tvrdos\u0165 matraca:<\/b>\u00a0stredne tvrd\u00fd<\/li>\n<li>Stredne tvrd\u00fd matrac sa dok\u00e1\u017ee najlep\u0161ie prisp\u00f4sobi\u0165 le\u017eiacemu, nevytv\u00e1ra protitlak a udr\u017euje chrbticu v rovine. Tento typ sa hod\u00ed na spanie v akejko\u013evek polohe.<\/li>\n<li><b>V\u00fd\u0161ka matraca:<\/b>\u00a018 cm<\/li>\n<li><b>Nosnos\u0165:<\/b>\u00a0120 kg<\/li>\n<li>Sn\u00edmate\u013en\u00fd po\u0165ah ALOE VERA<\/li>\n<li>Po\u0165ah s certifik\u00e1tom OEKO-TEX STANDARD<\/li>\n<li>Po\u0165ah pre\u0161it\u00fd PES dut\u00fdm vl\u00e1knom 250 gr\/m2<\/li>\n<li>Klimatiza\u010dn\u00e1 v\u00fdpl\u0148- 100% polyesterov\u00e9 silanizovan\u00e9 antialergick\u00e9 dut\u00e9 vl\u00e1kno<\/li>\n<li>Po\u0165ah je sn\u00edmate\u013en\u00fd, mo\u017en\u00e9 pra\u0165 pri teplote max. 60 \u00b0C<\/li>\n<li>Na pevn\u00fd alebo lamelov\u00fd ro\u0161t<\/li>\n<li>So siedmimi z\u00f3nami (fyziosyst\u00e9m)<\/li>\n<li>So zipsom<\/li>\n<li>3 roky z\u00e1ruka<\/li>\n<li><b>Kvalitn\u00fd slovensk\u00fd v\u00fdrobok<\/b><\/li>\n<\/ul>\n<p><img decoding=\"async\" src=\"https:\/\/www.temponabytok.sk\/uploads\/images\/piktogramy_popis\/PUR_pena.jpg\" \/>\u00a0<img decoding=\"async\" src=\"https:\/\/www.temponabytok.sk\/uploads\/images\/piktogramy_popis\/zonovany.jpg\" \/>\u00a0<img decoding=\"async\" src=\"https:\/\/www.temponabytok.sk\/uploads\/images\/piktogramy_popis\/antialergicky.jpg\" \/>\u00a0<img decoding=\"async\" src=\"https:\/\/www.temponabytok.sk\/uploads\/images\/piktogramy_popis\/makka_a_tvrda.jpg\" \/>\u00a0<img decoding=\"async\" src=\"https:\/\/www.temponabytok.sk\/uploads\/images\/piktogramy_popis\/aloe_vera.jpg\" \/>\u00a0<img decoding=\"async\" src=\"https:\/\/www.temponabytok.sk\/uploads\/images\/piktogramy_popis\/teplota_prania.jpg\" \/>\u00a0<img decoding=\"async\" src=\"https:\/\/www.temponabytok.sk\/uploads\/images\/piktogramy_popis\/zips.jpg\" \/>\u00a0<img decoding=\"async\" src=\"https:\/\/www.temponabytok.sk\/uploads\/images\/piktogramy_popis\/nosnost_120.jpg\" \/>\u00a0<img decoding=\"async\" src=\"https:\/\/www.temponabytok.sk\/uploads\/images\/piktogramy_popis\/Dute%20vlakno.jpg\" \/>\u00a0<img decoding=\"async\" src=\"https:\/\/www.temponabytok.sk\/uploads\/images\/piktogramy_popis\/piktogram_stredne%20Tvrdy.png\" \/><\/p>\n<div class=\"text\">\n<ul>\n<li><\/li>\n<\/ul>\n<\/div>\n","protected":false},"excerpt":{"rendered":"<p>Komfortn\u00fd sendvi\u010dov\u00fd matrac BE TEMPO VISCO vyroben\u00fd je z\u00a0kvalitnej peny\u00a0s\u00a0povrchovou profil\u00e1ciou. Tak\u00e1to profil\u00e1cia prekrvuje poko\u017eku a uvo\u013e\u0148uje svalstvo po\u010das sp\u00e1nku. Matrac je obojstrann\u00fd a pon\u00faka mo\u017enos\u0165 v\u00fdberu\u00a0tvrd\u0161ej\u00a0a\u00a0m\u00e4k\u0161ej strany. Tvor\u00ed ho pam\u00e4\u0165ov\u00e1 pena, pri\u010dom jadro je z PUR peny. Pam\u00e4\u0165ov\u00e1 pena\u00a0ide\u00e1lne\u00a0reaguje na tlak a teplo, matrac sa tak dok\u00e1\u017ee\u00a0optim\u00e1lne prisp\u00f4sobi\u0165 tvaru \u013eudsk\u00e9ho tela, doch\u00e1dza k rovnomern\u00e9mu&#8230;<\/p>\n","protected":false},"featured_media":69416,"comment_status":"closed","ping_status":"closed","template":"","meta":{"_seopress_robots_primary_cat":"229","_seopress_titles_title":"","_seopress_titles_desc":"","_seopress_robots_index":""},"product_brand":[],"product_cat":[227,229],"product_tag":[],"class_list":{"0":"post-69409","1":"product","2":"type-product","3":"status-publish","4":"has-post-thumbnail","6":"product_cat-rosty-matrace","7":"product_cat-matrace","9":"first","10":"onbackorder","11":"shipping-taxable","12":"purchasable","13":"product-type-variable"},"_links":{"self":[{"href":"https:\/\/nabytoklaguna.sk\/sk\/wp-json\/wp\/v2\/product\/69409","targetHints":{"allow":["GET"]}}],"collection":[{"href":"https:\/\/nabytoklaguna.sk\/sk\/wp-json\/wp\/v2\/product"}],"about":[{"href":"https:\/\/nabytoklaguna.sk\/sk\/wp-json\/wp\/v2\/types\/product"}],"replies":[{"embeddable":true,"href":"https:\/\/nabytoklaguna.sk\/sk\/wp-json\/wp\/v2\/comments?post=69409"}],"wp:featuredmedia":[{"embeddable":true,"href":"https:\/\/nabytoklaguna.sk\/sk\/wp-json\/wp\/v2\/media\/69416"}],"wp:attachment":[{"href":"https:\/\/nabytoklaguna.sk\/sk\/wp-json\/wp\/v2\/media?parent=69409"}],"wp:term":[{"taxonomy":"product_brand","embeddable":true,"href":"https:\/\/nabytoklaguna.sk\/sk\/wp-json\/wp\/v2\/product_brand?post=69409"},{"taxonomy":"product_cat","embeddable":true,"href":"https:\/\/nabytoklaguna.sk\/sk\/wp-json\/wp\/v2\/product_cat?post=69409"},{"taxonomy":"product_tag","embeddable":true,"href":"https:\/\/nabytoklaguna.sk\/sk\/wp-json\/wp\/v2\/product_tag?post=69409"}],"curies":[{"name":"wp","href":"https:\/\/api.w.org\/{rel}","templated":true}]}}

<p><strong>K</strong><b>omfortný sendvičový matrac BE TEMPO VISCO</b> vyrobený je z <b>kvalitnej peny</b> s <b>povrchovou profiláciou</b>. Takáto profilácia prekrvuje pokožku a uvoľňuje svalstvo počas spánku. Matrac je obojstranný a ponúka možnosť výberu <b>tvrdšej</b> a <b>mäkšej strany</b>. Tvorí ho pamäťová pena, pričom jadro je z PUR peny. <b>Pamäťová pena</b> ideálne <b>reaguje na tlak a teplo</b>, matrac sa tak dokáže <b>optimálne prispôsobiť tvaru ľudského tela</b>, dochádza k rovnomernému rozloženiu váhy a k zníženiu protitlaku matraca, pôsobiaceho na organizmus. Svalstvo je počas spánku úplne uvoľnené, čo prispieva k celkovej regenerácii organizmu. <b>PUR pena</b> vyniká výbornými vlastnosťami. Matrac z PUR peny je <b>na začiatku tuhší, používaním sa stáva komfortnejším</b> bez toho, aby strácal na objeme. Matrace z PUR peny sú veľmi obľúbené kvôli svojim <b>ortopedickým a antialergickým vlastnostiam</b>. Matrac vďaka fyziosystému optimálne kopíruje telo vo všetkých polohách. Je so <b>7 zónami (fyziosystém)</b>, čo znamená, že jeho <b>povrch je rozdelený na niekoľko pásiem s odlišnou tvrdosťou a výstuhou</b>. <b>Matrac</b> je dodávaný s <b>kvalitným poťahom Aloe Vera</b>. <b>Aloe Vera</b> obsahuje enzýmy, minerálne látky a aminokyseliny, ktoré účinne pôsobia na pokožku a napomáhajú ju regenerovať. Posilňujú relaxačné účinky spánku. Poťah má zips po celom obvode. Je snímateľný a možno ho vyprať v práčke pri teplote 60 °C. Poťah matraca je navyše obojstranne prešitý <b>PES dutým vláknom</b>. Toto vlákno, je veľmi pohodlný a pevný materiál. Je antibakteriálny a antialergénny. Jeho ďalšie výhody sú, že nešuští, drží tvar. Je kvalitný s <b>certifikátom OEKO-TEX STANDARD</b>. Bol <b>testovaný</b> na pH hodnotu, obsah formaldehydu, prítomnosť pesticídov, obsah ťažkých kovov, konzervačných látok, tiež na prítomnosť alergizujúcich a potenciálne karcinogénnych farbív.</p>
<ul>
<li><b>Materiál:</b> PUR pena/pamäťová pena</li>
<li>Sendvičový</li>
<li>Obojstranný matrac &#8211; tvrdšia a mäkšia strana</li>
<li><b>Tvrdosť matraca:</b> stredne tvrdý</li>
<li>Stredne tvrdý matrac sa dokáže najlepšie prispôsobiť ležiacemu, nevytvára protitlak a udržuje chrbticu v rovine. Tento typ sa hodí na spanie v akejkoľvek polohe.</li>
<li><b>Výška matraca:</b> 18 cm</li>
<li><b>Nosnosť:</b> 120 kg</li>
<li>Snímateľný poťah ALOE VERA</li>
<li>Poťah s certifikátom OEKO-TEX STANDARD</li>
<li>Poťah prešitý PES dutým vláknom 250 gr/m2</li>
<li>Klimatizačná výplň- 100% polyesterové silanizované antialergické duté vlákno</li>
<li>Poťah je snímateľný, možné prať pri teplote max. 60 °C</li>
<li>Na pevný alebo lamelový rošt</li>
<li>So siedmimi zónami (fyziosystém)</li>
<li>So zipsom</li>
<li>3 roky záruka</li>
<li><b>Kvalitný slovenský výrobok</b></li>
</ul>
<p><img decoding="async" src="https://www.temponabytok.sk/uploads/images/piktogramy_popis/PUR_pena.jpg" /> <img decoding="async" src="https://www.temponabytok.sk/uploads/images/piktogramy_popis/zonovany.jpg" /> <img decoding="async" src="https://www.temponabytok.sk/uploads/images/piktogramy_popis/antialergicky.jpg" /> <img decoding="async" src="https://www.temponabytok.sk/uploads/images/piktogramy_popis/makka_a_tvrda.jpg" /> <img decoding="async" src="https://www.temponabytok.sk/uploads/images/piktogramy_popis/aloe_vera.jpg" /> <img decoding="async" src="https://www.temponabytok.sk/uploads/images/piktogramy_popis/teplota_prania.jpg" /> <img decoding="async" src="https://www.temponabytok.sk/uploads/images/piktogramy_popis/zips.jpg" /> <img decoding="async" src="https://www.temponabytok.sk/uploads/images/piktogramy_popis/nosnost_120.jpg" /> <img decoding="async" src="https://www.temponabytok.sk/uploads/images/piktogramy_popis/Dute%20vlakno.jpg" /> <img decoding="async" src="https://www.temponabytok.sk/uploads/images/piktogramy_popis/piktogram_stredne%20Tvrdy.png" /></p>
<div class="text">
<ul>
<li></li>
</ul>
</div>

<p>Komfortný sendvičový matrac BE TEMPO VISCO vyrobený je z kvalitnej peny s povrchovou profiláciou. Takáto profilácia prekrvuje pokožku a uvoľňuje svalstvo počas spánku. Matrac je obojstranný a ponúka možnosť výberu tvrdšej a mäkšej strany. Tvorí ho pamäťová pena, pričom jadro je z PUR peny. Pamäťová pena ideálne reaguje na tlak a teplo, matrac sa tak dokáže optimálne prispôsobiť tvaru ľudského tela, dochádza k rovnomernému&#8230;</p>
