{"id":69428,"date":"2021-04-30T11:04:14","date_gmt":"2021-04-30T09:04:14","guid":{"rendered":"https:\/\/nabytoklaguna.sk\/sk\/?post_type=product&#038;p=69428"},"modified":"2026-02-18T08:33:14","modified_gmt":"2026-02-18T07:33:14","slug":"tempo-kondela-be-palmea-new","status":"publish","type":"product","link":"https:\/\/nabytoklaguna.sk\/sk\/produkt\/tempo-kondela-be-palmea-new\/","title":{"rendered":"TK BE PALMEA NEW"},"content":{"rendered":"<p>Princ\u00edpom <b>\u00a0matraca Palema<\/b>\u00a0je\u00a0<b>jadro z ta\u0161ti\u010dkov\u00fdch pru\u017e\u00edn<\/b>, kde pru\u017einy s\u00fa z vysokokvalitn\u00e9ho dr\u00f4tu, ktor\u00fd vyr\u00e1ba nemeck\u00fd v\u00fdrobca AGRO. Matrace s ta\u0161ti\u010dkovou pru\u017einou s\u00fa \u0161pi\u010dkou medzi pru\u017einov\u00fdmi matracmi. Ka\u017ed\u00e1 pru\u017eina je ulo\u017een\u00e1 v ochrannej ta\u0161ke, ktor\u00e1 jej umo\u017e\u0148uje samostatn\u00e9 kop\u00edrovanie tela. K vlastnostiam, ktor\u00e9 m\u00e1 klasick\u00e1 bonelov\u00e1 pru\u017eina, prid\u00e1va lep\u0161ie\u00a0<b>ortopedick\u00e9 schopnosti<\/b>. V\u010faka tomuto typu kon\u0161trukcie sa chrbtica ulo\u017e\u00ed do prirodzen\u00e9ho\u00a0<b>tvaru p\u00edsmena S<\/b> a vy budete spa\u0165 ove\u013ea pohodlnej\u0161ie a zdrav\u0161ie.\u00a0<b>Pru\u017einov\u00e9 jadro<\/b>\u00a0je obojstranne oblo\u017een\u00e9\u00a0<b>\u010dal\u00fanickou pls\u0165ou<\/b>\u00a0a\u00a0<b>polyuret\u00e1novou penou T25-25 mm<\/b>\u00a0so zv\u00fd\u0161enou pru\u017enos\u0165ou a\u00a0<b>latexovanou kokosovou doskou<\/b>.\u00a0<b>Kokosov\u00e1 doska<\/b>\u00a0je vyroben\u00e1 z pr\u00edrodn\u00fdch\u00a0<b>kokosov\u00fdch vl\u00e1kien<\/b>. Tieto vl\u00e1kna sa z\u00edskavaj\u00fa z vl\u00e1knit\u00e9ho obalu\u00a0<b>kokosov\u00e9ho orecha<\/b>. Matrac je obojstrann\u00fd, tzv.\u00a0<b>letn\u00e1 a zimn\u00e1 strana<\/b>. Jedn\u00e1 strana je obohaten\u00e1 o\u00a0<b>pr\u00edrodn\u00e9 ov\u010die r\u00fano<\/b>. Matrac je\u00a0<b>lepen\u00fd najnov\u0161ou technol\u00f3giou HOTMELT<\/b>, pri ktorej sa pou\u017e\u00edva tavn\u00e9 lepidlo\u00a0<b>zdravotne nez\u00e1vadn\u00e9<\/b>. <b>Polyuret\u00e1nov\u00e1 pena<\/b>\u00a0patr\u00ed medzi z\u00e1kladn\u00e9 materi\u00e1ly pri v\u00fdrobe matracov. Jej vlastnosti sa pou\u017e\u00edvan\u00edm menia. Pri prvom pou\u017eit\u00ed vynik\u00e1 tuhos\u0165ou, ktor\u00e1 sa pou\u017e\u00edvan\u00edm men\u00ed k pr\u00edjemnej\u0161iemu\u00a0<b>komfortu pri le\u017ean\u00ed<\/b>. Je vyr\u00e1ban\u00e1 z\u00a0<b>kvalitn\u00fdch surov\u00edn<\/b>\u00a0a\u00a0<b>materi\u00e1lov<\/b>, bezpe\u010dnou technol\u00f3giou nepo\u0161kodzuj\u00facou oz\u00f3nov\u00fa vrstvu. Je to zdravotne nez\u00e1vadn\u00fd materi\u00e1l, ktor\u00fd sa be\u017ene pou\u017e\u00edva v detsk\u00fdch postie\u013ekach, v nemocniciach a aj v na\u0161ich matracoch. Matrac m\u00e1\u00a0<b>sn\u00edmate\u013en\u00fd po\u0165ah<\/b>\u00a0vyroben\u00fd vo verzii\u00a0<b>CHLOE AKTIV<\/b>\u00a0s klimatiza\u010dnou v\u00fdpl\u0148ou\u00a0<b>PES dut\u00fdm vl\u00e1knom 200gr\/m2<\/b>. Po\u0165ah je snehovobiely. Na dotyk pr\u00edjemn\u00fd po\u0165ah ocenia predov\u0161etk\u00fdm<b>\u00a0\u013eudia s citlivou poko\u017ekou<\/b>. Je kvalitn\u00fd s\u00a0<b>certifik\u00e1tom OEKO-TEX STANDARD<\/b>. Bol\u00a0<b>testovan\u00fd<\/b>\u00a0na pH hodnotu, obsah formaldehydu, pr\u00edtomnos\u0165 pestic\u00eddov, obsah \u0165a\u017ek\u00fdch kovov, konzerva\u010dn\u00fdch l\u00e1tok, tie\u017e na pr\u00edtomnos\u0165 alergizuj\u00facich a potenci\u00e1lne karcinog\u00e9nnych farb\u00edv. Tento\u00a0<b>zdravotne nez\u00e1vadn\u00fd<\/b>\u00a0po\u0165ah je odpor\u00fa\u010dan\u00fd odborn\u00edkmi. Je mo\u017en\u00e9 pra\u0165 ho v pr\u00e1\u010dke pri teplote\u00a0<b>60 \u00b0C<\/b>.<\/p>\n<ul>\n<li><b>Materi\u00e1l:<\/b>\u00a0ta\u0161ti\u010dkov\u00e9 pru\u017einy\/pls\u0165\/polyuret\u00e1nov\u00e1 pena\/latexovan\u00e1 kokosov\u00e1 doska<\/li>\n<li><b>V\u00fd\u0161ka matraca:<\/b>\u00a018 cm<\/li>\n<li>Matrac je v preveden\u00ed letn\u00e1\/zimn\u00e1 strana<\/li>\n<li>Jedna strana matraca obohaten\u00e1 o pr\u00edrodn\u00e9 ov\u010die r\u00fano<\/li>\n<li><b>Tvrdos\u0165 matraca:<\/b>\u00a0stredne tvrd\u00fd<\/li>\n<li>Stredne tvrd\u00fd matrac sa dok\u00e1\u017ee najlep\u0161ie prisp\u00f4sobi\u0165 le\u017eiacemu, nevytv\u00e1ra protitlak a udr\u017euje chrbticu v rovine. Je vhodn\u00fd pre \u013eud\u00ed s hmotnos\u0165ou od 70 do 110 kilogramov. Tento typ sa hod\u00ed na spanie v akejko\u013evek polohe.<\/li>\n<li><b>Nosnos\u0165:<\/b>\u00a0110 kg<\/li>\n<li>Matrac lepen\u00fd najnov\u0161ou technol\u00f3giou HOTMELT<\/li>\n<li>Z\u00e1klad matraca tvoria ta\u0161ti\u010dkov\u00e9 pru\u017einy<\/li>\n<li>Pru\u017einy s\u00fa oblo\u017een\u00e9 \u010dal\u00fanickou pls\u0165ou, polyuret\u00e1novou penou T25-25 mm a latexovanou kokosovou doskou<\/li>\n<li>Kokosov\u00e1 doska z pr\u00edrodn\u00fdch kokosov\u00fdch vl\u00e1kien<\/li>\n<li>Po\u0165ah CHLOE AKTIV<\/li>\n<li>Po\u0165ah s certifik\u00e1tom OEKO-TEX STANDARD<\/li>\n<li>Po\u0165ah pre\u0161it\u00fd PES dut\u00fdm vl\u00e1knom<\/li>\n<li>Po\u0165ah je sn\u00edmate\u013en\u00fd, mo\u017en\u00e9 pra\u0165 pri teplote max. 60 \u00b0C<\/li>\n<li>Na pevn\u00fd ro\u0161t<\/li>\n<li>So siedmimi z\u00f3nami<\/li>\n<li><b>Kvalitn\u00fd slovensk\u00fd v\u00fdrobok<\/b><\/li>\n<\/ul>\n<p><img decoding=\"async\" src=\"https:\/\/www.temponabytok.sk\/uploads\/images\/piktogramy_popis\/kokosova_doska.jpg\" \/>\u00a0<img decoding=\"async\" src=\"https:\/\/www.temponabytok.sk\/uploads\/images\/piktogramy_popis\/tastickove_pruziny.jpg\" \/>\u00a0<img decoding=\"async\" src=\"https:\/\/www.temponabytok.sk\/uploads\/images\/piktogramy_popis\/polyuretanova.jpg\" \/>\u00a0<img decoding=\"async\" src=\"https:\/\/www.temponabytok.sk\/uploads\/images\/piktogramy_popis\/plst.jpg\" \/>\u00a0<img decoding=\"async\" src=\"https:\/\/www.temponabytok.sk\/uploads\/images\/piktogramy_popis\/nosnost_110kg.jpg\" \/>\u00a0<img decoding=\"async\" src=\"https:\/\/www.temponabytok.sk\/uploads\/images\/piktogramy_popis\/letna_zimna_strana.jpg\" \/>\u00a0<img decoding=\"async\" src=\"https:\/\/www.temponabytok.sk\/uploads\/images\/piktogramy_popis\/otropedicky.jpg\" \/>\u00a0<img decoding=\"async\" src=\"https:\/\/www.temponabytok.sk\/uploads\/images\/piktogramy_popis\/antialergicky.jpg\" \/>\u00a0<img decoding=\"async\" src=\"https:\/\/www.temponabytok.sk\/uploads\/images\/piktogramy_popis\/zips.jpg\" \/>\u00a0<img decoding=\"async\" src=\"https:\/\/www.temponabytok.sk\/uploads\/images\/piktogramy_popis\/ovcia_vlna.jpg\" \/>\u00a0<img decoding=\"async\" src=\"https:\/\/www.temponabytok.sk\/uploads\/images\/piktogramy_popis\/Dute%20vlakno.jpg\" \/><\/p>\n<div class=\"text\">\n<p>&nbsp;<\/p>\n<\/div>\n","protected":false},"excerpt":{"rendered":"<p>Princ\u00edpom \u00a0matraca Palema\u00a0je\u00a0jadro z ta\u0161ti\u010dkov\u00fdch pru\u017e\u00edn, kde pru\u017einy s\u00fa z vysokokvalitn\u00e9ho dr\u00f4tu, ktor\u00fd vyr\u00e1ba nemeck\u00fd v\u00fdrobca AGRO. Matrace s ta\u0161ti\u010dkovou pru\u017einou s\u00fa \u0161pi\u010dkou medzi pru\u017einov\u00fdmi matracmi. Ka\u017ed\u00e1 pru\u017eina je ulo\u017een\u00e1 v ochrannej ta\u0161ke, ktor\u00e1 jej umo\u017e\u0148uje samostatn\u00e9 kop\u00edrovanie tela. K vlastnostiam, ktor\u00e9 m\u00e1 klasick\u00e1 bonelov\u00e1 pru\u017eina, prid\u00e1va lep\u0161ie\u00a0ortopedick\u00e9 schopnosti. V\u010faka tomuto typu kon\u0161trukcie sa chrbtica&#8230;<\/p>\n","protected":false},"featured_media":69433,"comment_status":"closed","ping_status":"closed","template":"","meta":{"_seopress_robots_primary_cat":"229","_seopress_titles_title":"                                    ","_seopress_titles_desc":"                                    ","_seopress_robots_index":""},"product_brand":[],"product_cat":[227,229],"product_tag":[],"class_list":{"0":"post-69428","1":"product","2":"type-product","3":"status-publish","4":"has-post-thumbnail","6":"product_cat-rosty-matrace","7":"product_cat-matrace","9":"first","10":"onbackorder","11":"shipping-taxable","12":"purchasable","13":"product-type-variable"},"_links":{"self":[{"href":"https:\/\/nabytoklaguna.sk\/sk\/wp-json\/wp\/v2\/product\/69428","targetHints":{"allow":["GET"]}}],"collection":[{"href":"https:\/\/nabytoklaguna.sk\/sk\/wp-json\/wp\/v2\/product"}],"about":[{"href":"https:\/\/nabytoklaguna.sk\/sk\/wp-json\/wp\/v2\/types\/product"}],"replies":[{"embeddable":true,"href":"https:\/\/nabytoklaguna.sk\/sk\/wp-json\/wp\/v2\/comments?post=69428"}],"wp:featuredmedia":[{"embeddable":true,"href":"https:\/\/nabytoklaguna.sk\/sk\/wp-json\/wp\/v2\/media\/69433"}],"wp:attachment":[{"href":"https:\/\/nabytoklaguna.sk\/sk\/wp-json\/wp\/v2\/media?parent=69428"}],"wp:term":[{"taxonomy":"product_brand","embeddable":true,"href":"https:\/\/nabytoklaguna.sk\/sk\/wp-json\/wp\/v2\/product_brand?post=69428"},{"taxonomy":"product_cat","embeddable":true,"href":"https:\/\/nabytoklaguna.sk\/sk\/wp-json\/wp\/v2\/product_cat?post=69428"},{"taxonomy":"product_tag","embeddable":true,"href":"https:\/\/nabytoklaguna.sk\/sk\/wp-json\/wp\/v2\/product_tag?post=69428"}],"curies":[{"name":"wp","href":"https:\/\/api.w.org\/{rel}","templated":true}]}}

<p>Princípom <b> matraca Palema</b> je <b>jadro z taštičkových pružín</b>, kde pružiny sú z vysokokvalitného drôtu, ktorý vyrába nemecký výrobca AGRO. Matrace s taštičkovou pružinou sú špičkou medzi pružinovými matracmi. Každá pružina je uložená v ochrannej taške, ktorá jej umožňuje samostatné kopírovanie tela. K vlastnostiam, ktoré má klasická bonelová pružina, pridáva lepšie <b>ortopedické schopnosti</b>. Vďaka tomuto typu konštrukcie sa chrbtica uloží do prirodzeného <b>tvaru písmena S</b> a vy budete spať oveľa pohodlnejšie a zdravšie. <b>Pružinové jadro</b> je obojstranne obložené <b>čalúnickou plsťou</b> a <b>polyuretánovou penou T25-25 mm</b> so zvýšenou pružnosťou a <b>latexovanou kokosovou doskou</b>. <b>Kokosová doska</b> je vyrobená z prírodných <b>kokosových vlákien</b>. Tieto vlákna sa získavajú z vláknitého obalu <b>kokosového orecha</b>. Matrac je obojstranný, tzv. <b>letná a zimná strana</b>. Jedná strana je obohatená o <b>prírodné ovčie rúno</b>. Matrac je <b>lepený najnovšou technológiou HOTMELT</b>, pri ktorej sa používa tavné lepidlo <b>zdravotne nezávadné</b>. <b>Polyuretánová pena</b> patrí medzi základné materiály pri výrobe matracov. Jej vlastnosti sa používaním menia. Pri prvom použití vyniká tuhosťou, ktorá sa používaním mení k príjemnejšiemu <b>komfortu pri ležaní</b>. Je vyrábaná z <b>kvalitných surovín</b> a <b>materiálov</b>, bezpečnou technológiou nepoškodzujúcou ozónovú vrstvu. Je to zdravotne nezávadný materiál, ktorý sa bežne používa v detských postieľkach, v nemocniciach a aj v našich matracoch. Matrac má <b>snímateľný poťah</b> vyrobený vo verzii <b>CHLOE AKTIV</b> s klimatizačnou výplňou <b>PES dutým vláknom 200gr/m2</b>. Poťah je snehovobiely. Na dotyk príjemný poťah ocenia predovšetkým<b> ľudia s citlivou pokožkou</b>. Je kvalitný s <b>certifikátom OEKO-TEX STANDARD</b>. Bol <b>testovaný</b> na pH hodnotu, obsah formaldehydu, prítomnosť pesticídov, obsah ťažkých kovov, konzervačných látok, tiež na prítomnosť alergizujúcich a potenciálne karcinogénnych farbív. Tento <b>zdravotne nezávadný</b> poťah je odporúčaný odborníkmi. Je možné prať ho v práčke pri teplote <b>60 °C</b>.</p>
<ul>
<li><b>Materiál:</b> taštičkové pružiny/plsť/polyuretánová pena/latexovaná kokosová doska</li>
<li><b>Výška matraca:</b> 18 cm</li>
<li>Matrac je v prevedení letná/zimná strana</li>
<li>Jedna strana matraca obohatená o prírodné ovčie rúno</li>
<li><b>Tvrdosť matraca:</b> stredne tvrdý</li>
<li>Stredne tvrdý matrac sa dokáže najlepšie prispôsobiť ležiacemu, nevytvára protitlak a udržuje chrbticu v rovine. Je vhodný pre ľudí s hmotnosťou od 70 do 110 kilogramov. Tento typ sa hodí na spanie v akejkoľvek polohe.</li>
<li><b>Nosnosť:</b> 110 kg</li>
<li>Matrac lepený najnovšou technológiou HOTMELT</li>
<li>Základ matraca tvoria taštičkové pružiny</li>
<li>Pružiny sú obložené čalúnickou plsťou, polyuretánovou penou T25-25 mm a latexovanou kokosovou doskou</li>
<li>Kokosová doska z prírodných kokosových vlákien</li>
<li>Poťah CHLOE AKTIV</li>
<li>Poťah s certifikátom OEKO-TEX STANDARD</li>
<li>Poťah prešitý PES dutým vláknom</li>
<li>Poťah je snímateľný, možné prať pri teplote max. 60 °C</li>
<li>Na pevný rošt</li>
<li>So siedmimi zónami</li>
<li><b>Kvalitný slovenský výrobok</b></li>
</ul>
<p><img decoding="async" src="https://www.temponabytok.sk/uploads/images/piktogramy_popis/kokosova_doska.jpg" /> <img decoding="async" src="https://www.temponabytok.sk/uploads/images/piktogramy_popis/tastickove_pruziny.jpg" /> <img decoding="async" src="https://www.temponabytok.sk/uploads/images/piktogramy_popis/polyuretanova.jpg" /> <img decoding="async" src="https://www.temponabytok.sk/uploads/images/piktogramy_popis/plst.jpg" /> <img decoding="async" src="https://www.temponabytok.sk/uploads/images/piktogramy_popis/nosnost_110kg.jpg" /> <img decoding="async" src="https://www.temponabytok.sk/uploads/images/piktogramy_popis/letna_zimna_strana.jpg" /> <img decoding="async" src="https://www.temponabytok.sk/uploads/images/piktogramy_popis/otropedicky.jpg" /> <img decoding="async" src="https://www.temponabytok.sk/uploads/images/piktogramy_popis/antialergicky.jpg" /> <img decoding="async" src="https://www.temponabytok.sk/uploads/images/piktogramy_popis/zips.jpg" /> <img decoding="async" src="https://www.temponabytok.sk/uploads/images/piktogramy_popis/ovcia_vlna.jpg" /> <img decoding="async" src="https://www.temponabytok.sk/uploads/images/piktogramy_popis/Dute%20vlakno.jpg" /></p>
<div class="text">
<p>&nbsp;</p>
</div>

<p>Princípom  matraca Palema je jadro z taštičkových pružín, kde pružiny sú z vysokokvalitného drôtu, ktorý vyrába nemecký výrobca AGRO. Matrace s taštičkovou pružinou sú špičkou medzi pružinovými matracmi. Každá pružina je uložená v ochrannej taške, ktorá jej umožňuje samostatné kopírovanie tela. K vlastnostiam, ktoré má klasická bonelová pružina, pridáva lepšie ortopedické schopnosti. Vďaka tomuto typu konštrukcie sa chrbtica&#8230;</p>
