{"id":69463,"date":"2021-04-30T11:04:14","date_gmt":"2021-04-30T09:04:14","guid":{"rendered":"https:\/\/nabytoklaguna.sk\/sk\/?post_type=product&#038;p=69463"},"modified":"2023-12-20T13:56:34","modified_gmt":"2023-12-20T12:56:34","slug":"tempo-kondela-arkona","status":"publish","type":"product","link":"https:\/\/nabytoklaguna.sk\/sk\/produkt\/tempo-kondela-arkona\/","title":{"rendered":"TK ARKONA"},"content":{"rendered":"<p><b>Modern\u00e1 poste\u013e ARKONA<\/b> v\u010faka <b>pevnej kon\u0161trukcii<\/b> V\u00e1m zaru\u010d\u00ed kvalitn\u00fd sp\u00e1nok. Je vyroben\u00e1 z kvalitn\u00fdch materi\u00e1lov, ako je <b>ekoko\u017ea<\/b> \u010di <b>dreven\u00e9 nohy.\u00a0<\/b><strong> Prvotriedne<\/strong><b> spracovanie<\/b> a \u010dist\u00e9 l\u00ednie s\u00fa vhodn\u00e9 do ak\u00e9hoko\u013evek interi\u00e9ru, zvl\u00e1\u0161\u0165 v \u0161tudentsk\u00fdch izb\u00e1ch sa bude vyn\u00edma\u0165 tento klenot.<strong> Arkona<\/strong> zaujme vysok\u00fdm <b>pre\u0161\u00edvan\u00fdm \u010delom<\/b>. Dod\u00e1van\u00e1 je s <b>latkov\u00fdm ro\u0161tom ZDARMA. <\/b>Kvalitn\u00fd sp\u00e1nok V\u00e1m zaru\u010d\u00ed kvalitn\u00fd matrac<b>,<\/b> preto V\u00e1m odpor\u00fa\u010dame zak\u00fapi\u0165 poste\u013e\u00a0 spolu s\u00a023 cm vysok\u00fdm <b><strong>luxusn\u00fdm matracom\u00a0VENDY,\u00a0<\/strong><\/b>\u010d\u00edm bude poste\u013e <strong>ARKONA<\/strong> nielen vkusn\u00fdm a praktick\u00fdm prvkom, ale zabezpe\u010d\u00ed V\u00e1m aj blahodarn\u00fd plnohodnotn\u00fd sp\u00e1nok.<b><br \/>\n<\/b><\/p>\n<ul>\n<li><b>Materi\u00e1l:<\/b> ekoko\u017ea<\/li>\n<li><b>Farba: <\/b>biela<\/li>\n<li><b>Rozmery (\u0160xHxV):<\/b> 95,5x204x91 cm, <b>Plocha na spanie (\u0160xD):<\/b> 90&#215;200 cm<\/li>\n<li><b>V\u00fd\u0161ka po ro\u0161t:<\/b> 30 cm<\/li>\n<li>Ro\u0161tov\u00e1 doska ZDARMA<\/li>\n<li>Dreven\u00e9 nohy<\/li>\n<li>Dod\u00e1van\u00e9 v demonte<\/li>\n<\/ul>\n<table style=\"width: 100%\" border=\"0\" cellspacing=\"1\" cellpadding=\"1\">\n<tbody>\n<tr>\n<td style=\"width: 42.2668%\"><img loading=\"lazy\" decoding=\"async\" class=\"\" src=\"https:\/\/i2.wp.com\/nabytoklaguna.sk\/sk\/wp-content\/uploads\/2021\/01\/matrac-LENNA.jpg?resize=252%2C252&amp;ssl=1\" width=\"259\" height=\"259\" \/><\/td>\n<td style=\"width: 57.497%\"><u><strong>Matrac LENNA:<\/strong><\/u><\/p>\n<p>Kvalitn\u00fd 5-z\u00f3nov\u00fd profilovan\u00fd matrac Lenna je z\u00e1stupcom matracov bez pou\u017eitia lepidiel. \u0160peci\u00e1lne jadro tvoria dva d\u00f4myselne rezan\u00e9 diely z kvalitn\u00fdch polyuret\u00e1nov\u00fdch Sleepfoam pien. Pri sp\u00e1nku umo\u017e\u0148uje tento matrac bez lepidiel pohyb pien v\u010faka vo\u013en\u00e9mu ulo\u017eeniu a t\u00fdm vyhovuje individu\u00e1lnym potreb\u00e1m u\u017e\u00edvate\u013ea. V\u010faka rozdielnym objemov\u00fdm hmotnostiam Sleepfoam pien tento matrac poskytuje tvrd\u0161iu a m\u00e4k\u0161iu stranu. Matrac je ur\u010den\u00fd pre v\u00e1hov\u00fa kateg\u00f3riu do 100 kg. Celkov\u00e1 v\u00fd\u0161ka matraca je 17 cm. Po\u0165ah je z kvalitn\u00e9ho \u00fapletu, z\u00f3novo pre\u0161it\u00fd, delite\u013en\u00fd a na jeho v\u00fdrobu je pou\u017eit\u00e9 r\u00fano vysokej gram\u00e1\u017ee. Po\u0165ah je prate\u013en\u00fd na 60 \u00baC.<\/td>\n<\/tr>\n<tr>\n<td style=\"width: 42.2668%\">&nbsp;<\/p>\n<p><img loading=\"lazy\" decoding=\"async\" class=\"\" src=\"https:\/\/i1.wp.com\/nabytoklaguna.sk\/sk\/wp-content\/uploads\/2021\/01\/matrac-VENDY.jpg?resize=258%2C258&amp;ssl=1\" width=\"259\" height=\"259\" \/><\/td>\n<td style=\"width: 57.497%\"><strong><u>Matrac VENDY:<\/u><\/strong><\/p>\n<p>Luxusn\u00fd matrac tvor\u00ed z oboch str\u00e1n a\u017e 9 cm vysok\u00e1 vrstva polyuret\u00e1novej peny. Ru\u017eov\u00e1 (m\u00e4kk\u0161ia) pena je gram\u00e1\u017ee 25 kg \/ m3 a zelen\u00e1 ( tvrd\u0161ia ) a\u017e 28 kg \/ m3. V\u00fdrazn\u00e9 profilovanie povrchu oboch pien zabezpe\u010d\u00ed spr\u00e1vny a z\u00e1rove\u0148 ve\u013emi kvalitn\u00fd sp\u00e1nkov\u00fd komfort, v\u010faka ktor\u00e9mu je zaru\u010den\u00e9 od\u013eah\u010denie exponovan\u00fdch miest na tele. T\u00fdm sa zrete\u013ene zlep\u0161uje prekrvenie poko\u017eky a uvo\u013enenie svalov. Pre dosiahnutie nosnosti 130 kg je matrac spevnen\u00fd 4 cm vrstvou RE peny. Celkov\u00e1 v\u00fd\u0161ka vr\u00e1tane po\u0165ahu ALOE VERA je 23 cm. Po\u0165ah je z ALOE VERA. Po\u0165ah je prate\u013en\u00fd na 60 \u00baC.<\/td>\n<\/tr>\n<\/tbody>\n<\/table>\n<div class=\"text\">\n<p>&nbsp;<\/p>\n<\/div>\n","protected":false},"excerpt":{"rendered":"<p>Modern\u00e1 poste\u013e ARKONA v\u010faka pevnej kon\u0161trukcii V\u00e1m zaru\u010d\u00ed kvalitn\u00fd sp\u00e1nok. Je vyroben\u00e1 z kvalitn\u00fdch materi\u00e1lov, ako je ekoko\u017ea \u010di dreven\u00e9 nohy.\u00a0 Prvotriedne spracovanie a \u010dist\u00e9 l\u00ednie s\u00fa vhodn\u00e9 do ak\u00e9hoko\u013evek interi\u00e9ru, zvl\u00e1\u0161\u0165 v \u0161tudentsk\u00fdch izb\u00e1ch sa bude vyn\u00edma\u0165 tento klenot. Arkona zaujme vysok\u00fdm pre\u0161\u00edvan\u00fdm \u010delom. Dod\u00e1van\u00e1 je s latkov\u00fdm ro\u0161tom ZDARMA. Kvalitn\u00fd sp\u00e1nok V\u00e1m zaru\u010d\u00ed&#8230;<\/p>\n","protected":false},"featured_media":91029,"comment_status":"closed","ping_status":"closed","template":"","meta":{"_seopress_robots_primary_cat":"4012","_seopress_titles_title":"","_seopress_titles_desc":"","_seopress_robots_index":""},"product_brand":[],"product_cat":[4012],"product_tag":[],"class_list":{"0":"post-69463","1":"product","2":"type-product","3":"status-publish","4":"has-post-thumbnail","6":"product_cat-postele","7":"pa_farba-biela","8":"pa_farba-tmavohneda","9":"pa_typ-produktu-s-matracom-lenna-90x200-cm","10":"pa_typ-produktu-s-matracom-vendy-90x200-cm","11":"pa_typ-produktu-s-rostom-bez-matraca-2","13":"first","14":"onbackorder","15":"shipping-taxable","16":"purchasable","17":"product-type-variable"},"_links":{"self":[{"href":"https:\/\/nabytoklaguna.sk\/sk\/wp-json\/wp\/v2\/product\/69463","targetHints":{"allow":["GET"]}}],"collection":[{"href":"https:\/\/nabytoklaguna.sk\/sk\/wp-json\/wp\/v2\/product"}],"about":[{"href":"https:\/\/nabytoklaguna.sk\/sk\/wp-json\/wp\/v2\/types\/product"}],"replies":[{"embeddable":true,"href":"https:\/\/nabytoklaguna.sk\/sk\/wp-json\/wp\/v2\/comments?post=69463"}],"wp:featuredmedia":[{"embeddable":true,"href":"https:\/\/nabytoklaguna.sk\/sk\/wp-json\/wp\/v2\/media\/91029"}],"wp:attachment":[{"href":"https:\/\/nabytoklaguna.sk\/sk\/wp-json\/wp\/v2\/media?parent=69463"}],"wp:term":[{"taxonomy":"product_brand","embeddable":true,"href":"https:\/\/nabytoklaguna.sk\/sk\/wp-json\/wp\/v2\/product_brand?post=69463"},{"taxonomy":"product_cat","embeddable":true,"href":"https:\/\/nabytoklaguna.sk\/sk\/wp-json\/wp\/v2\/product_cat?post=69463"},{"taxonomy":"product_tag","embeddable":true,"href":"https:\/\/nabytoklaguna.sk\/sk\/wp-json\/wp\/v2\/product_tag?post=69463"}],"curies":[{"name":"wp","href":"https:\/\/api.w.org\/{rel}","templated":true}]}}

<p><b>Moderná posteľ ARKONA</b> vďaka <b>pevnej konštrukcii</b> Vám zaručí kvalitný spánok. Je vyrobená z kvalitných materiálov, ako je <b>ekokoža</b> či <b>drevené nohy. </b><strong> Prvotriedne</strong><b> spracovanie</b> a čisté línie sú vhodné do akéhokoľvek interiéru, zvlášť v študentských izbách sa bude vynímať tento klenot.<strong> Arkona</strong> zaujme vysokým <b>prešívaným čelom</b>. Dodávaná je s <b>latkovým roštom ZDARMA. </b>Kvalitný spánok Vám zaručí kvalitný matrac<b>,</b> preto Vám odporúčame zakúpiť posteľ  spolu s 23 cm vysokým <b><strong>luxusným matracom VENDY, </strong></b>čím bude posteľ <strong>ARKONA</strong> nielen vkusným a praktickým prvkom, ale zabezpečí Vám aj blahodarný plnohodnotný spánok.<b><br />
</b></p>
<ul>
<li><b>Materiál:</b> ekokoža</li>
<li><b>Farba: </b>biela</li>
<li><b>Rozmery (ŠxHxV):</b> 95,5x204x91 cm, <b>Plocha na spanie (ŠxD):</b> 90&#215;200 cm</li>
<li><b>Výška po rošt:</b> 30 cm</li>
<li>Roštová doska ZDARMA</li>
<li>Drevené nohy</li>
<li>Dodávané v demonte</li>
</ul>
<table style="width: 100%" border="0" cellspacing="1" cellpadding="1">
<tbody>
<tr>
<td style="width: 42.2668%"><img loading="lazy" decoding="async" class="" src="https://i2.wp.com/nabytoklaguna.sk/sk/wp-content/uploads/2021/01/matrac-LENNA.jpg?resize=252%2C252&amp;ssl=1" width="259" height="259" /></td>
<td style="width: 57.497%"><u><strong>Matrac LENNA:</strong></u></p>
<p>Kvalitný 5-zónový profilovaný matrac Lenna je zástupcom matracov bez použitia lepidiel. Špeciálne jadro tvoria dva dômyselne rezané diely z kvalitných polyuretánových Sleepfoam pien. Pri spánku umožňuje tento matrac bez lepidiel pohyb pien vďaka voľnému uloženiu a tým vyhovuje individuálnym potrebám užívateľa. Vďaka rozdielnym objemovým hmotnostiam Sleepfoam pien tento matrac poskytuje tvrdšiu a mäkšiu stranu. Matrac je určený pre váhovú kategóriu do 100 kg. Celková výška matraca je 17 cm. Poťah je z kvalitného úpletu, zónovo prešitý, deliteľný a na jeho výrobu je použité rúno vysokej gramáže. Poťah je prateľný na 60 ºC.</td>
</tr>
<tr>
<td style="width: 42.2668%">&nbsp;</p>
<p><img loading="lazy" decoding="async" class="" src="https://i1.wp.com/nabytoklaguna.sk/sk/wp-content/uploads/2021/01/matrac-VENDY.jpg?resize=258%2C258&amp;ssl=1" width="259" height="259" /></td>
<td style="width: 57.497%"><strong><u>Matrac VENDY:</u></strong></p>
<p>Luxusný matrac tvorí z oboch strán až 9 cm vysoká vrstva polyuretánovej peny. Ružová (mäkkšia) pena je gramáže 25 kg / m3 a zelená ( tvrdšia ) až 28 kg / m3. Výrazné profilovanie povrchu oboch pien zabezpečí správny a zároveň veľmi kvalitný spánkový komfort, vďaka ktorému je zaručené odľahčenie exponovaných miest na tele. Tým sa zreteľne zlepšuje prekrvenie pokožky a uvoľnenie svalov. Pre dosiahnutie nosnosti 130 kg je matrac spevnený 4 cm vrstvou RE peny. Celková výška vrátane poťahu ALOE VERA je 23 cm. Poťah je z ALOE VERA. Poťah je prateľný na 60 ºC.</td>
</tr>
</tbody>
</table>
<div class="text">
<p>&nbsp;</p>
</div>

<p>Moderná posteľ ARKONA vďaka pevnej konštrukcii Vám zaručí kvalitný spánok. Je vyrobená z kvalitných materiálov, ako je ekokoža či drevené nohy.  Prvotriedne spracovanie a čisté línie sú vhodné do akéhokoľvek interiéru, zvlášť v študentských izbách sa bude vynímať tento klenot. Arkona zaujme vysokým prešívaným čelom. Dodávaná je s latkovým roštom ZDARMA. Kvalitný spánok Vám zaručí&#8230;</p>
