{"id":69682,"date":"2021-04-30T11:04:14","date_gmt":"2021-04-30T09:04:14","guid":{"rendered":"https:\/\/nabytoklaguna.sk\/sk\/?post_type=product&#038;p=69682"},"modified":"2023-12-12T14:40:01","modified_gmt":"2023-12-12T13:40:01","slug":"tempo-kondela-matiasi","status":"publish","type":"product","link":"https:\/\/nabytoklaguna.sk\/sk\/produkt\/tempo-kondela-matiasi\/","title":{"rendered":"TK MATIASI"},"content":{"rendered":"<p>Univerz\u00e1lna poste\u013e MATIASI je skvelou vo\u013ebou do detsk\u00fdch izieb \u010di sp\u00e1lne. \u00dalo\u017en\u00fd priestor z\u00edskate v podobe troch \u0161upl\u00edkov. Vyroben\u00e1 je z laminovanej drevotriesky v 4 farebn\u00fdch prevedeniach. Poste\u013e sa p\u00fd\u0161i aj t\u00fdm, \u017ee je to kvalitn\u00fd slovensk\u00fd v\u00fdrobok. poste\u013e je dod\u00e1van\u00e1 bez matraca a ro\u0161tu.<\/p>\n<ul>\n<li><b>Materi\u00e1l:<\/b>\u00a0laminovan\u00e1 drevotrieska<\/li>\n<li><b>Farba:\u00a0<\/b>dub sonoma\/biela, buk biela, buk<\/li>\n<li><b>Hr\u00fabka lamina:\u00a0<\/b>1,6 &#8211; 2,2 cm<\/li>\n<li><b>V\u00fd\u0161ka po ro\u0161t:\u00a0<\/b>34 cm<\/li>\n<li>Modern\u00e1 a praktick\u00e1<\/li>\n<li>S \u00falo\u017en\u00fdm priestorom<\/li>\n<li>Tri \u0161upl\u00edky<\/li>\n<li><b>Rozmery dvoch rovnako ve\u013ek\u00fdch \u0161upl\u00edkov (\u0160xHxV):<\/b>\u00a049&#215;46,8&#215;16 cm<\/li>\n<li><b>Rozmery stredn\u00e9ho \u0161upl\u00edka (\u0160xHxV):<\/b>\u00a095,8&#215;46,8&#215;16 cm<\/li>\n<li><b>Nosnos\u0165 \u0161upl\u00edka:<\/b>\u00a0max 10 kg<\/li>\n<li>Kvalitn\u00fd slovensk\u00fd v\u00fdrobok<\/li>\n<li>Dod\u00e1van\u00e1 bez matraca a ro\u0161tu<\/li>\n<li>Mo\u017enos\u0165 dok\u00fapi\u0165 matrac a ro\u0161t z na\u0161ej ponuky<\/li>\n<li>Dod\u00e1van\u00e1 v demonte<\/li>\n<\/ul>\n","protected":false},"excerpt":{"rendered":"<p>Univerz\u00e1lna poste\u013e MATIASI je skvelou vo\u013ebou do detsk\u00fdch izieb \u010di sp\u00e1lne. \u00dalo\u017en\u00fd priestor z\u00edskate v podobe troch \u0161upl\u00edkov. Vyroben\u00e1 je z laminovanej drevotriesky v 4 farebn\u00fdch prevedeniach. Poste\u013e sa p\u00fd\u0161i aj t\u00fdm, \u017ee je to kvalitn\u00fd slovensk\u00fd v\u00fdrobok. poste\u013e je dod\u00e1van\u00e1 bez matraca a ro\u0161tu. Materi\u00e1l:\u00a0laminovan\u00e1 drevotrieska Farba:\u00a0dub sonoma\/biela, buk biela, buk Hr\u00fabka lamina:\u00a01,6 &#8211;&#8230;<\/p>\n","protected":false},"featured_media":69689,"comment_status":"closed","ping_status":"closed","template":"","meta":{"_seopress_robots_primary_cat":"223","_seopress_titles_title":"                                    ","_seopress_titles_desc":"                                    ","_seopress_robots_index":""},"product_brand":[],"product_cat":[4012,223],"product_tag":[],"class_list":{"0":"post-69682","1":"product","2":"type-product","3":"status-publish","4":"has-post-thumbnail","6":"product_cat-postele","7":"product_cat-spalne","8":"pa_farba-biela","9":"pa_farba-buk","10":"pa_farba-dub-sonoma","11":"pa_farba-dub-sonomabiela","13":"first","14":"onbackorder","15":"shipping-taxable","16":"purchasable","17":"product-type-variable"},"_links":{"self":[{"href":"https:\/\/nabytoklaguna.sk\/sk\/wp-json\/wp\/v2\/product\/69682","targetHints":{"allow":["GET"]}}],"collection":[{"href":"https:\/\/nabytoklaguna.sk\/sk\/wp-json\/wp\/v2\/product"}],"about":[{"href":"https:\/\/nabytoklaguna.sk\/sk\/wp-json\/wp\/v2\/types\/product"}],"replies":[{"embeddable":true,"href":"https:\/\/nabytoklaguna.sk\/sk\/wp-json\/wp\/v2\/comments?post=69682"}],"wp:featuredmedia":[{"embeddable":true,"href":"https:\/\/nabytoklaguna.sk\/sk\/wp-json\/wp\/v2\/media\/69689"}],"wp:attachment":[{"href":"https:\/\/nabytoklaguna.sk\/sk\/wp-json\/wp\/v2\/media?parent=69682"}],"wp:term":[{"taxonomy":"product_brand","embeddable":true,"href":"https:\/\/nabytoklaguna.sk\/sk\/wp-json\/wp\/v2\/product_brand?post=69682"},{"taxonomy":"product_cat","embeddable":true,"href":"https:\/\/nabytoklaguna.sk\/sk\/wp-json\/wp\/v2\/product_cat?post=69682"},{"taxonomy":"product_tag","embeddable":true,"href":"https:\/\/nabytoklaguna.sk\/sk\/wp-json\/wp\/v2\/product_tag?post=69682"}],"curies":[{"name":"wp","href":"https:\/\/api.w.org\/{rel}","templated":true}]}}

<p>Univerzálna posteľ MATIASI je skvelou voľbou do detských izieb či spálne. Úložný priestor získate v podobe troch šuplíkov. Vyrobená je z laminovanej drevotriesky v 4 farebných prevedeniach. Posteľ sa pýši aj tým, že je to kvalitný slovenský výrobok. posteľ je dodávaná bez matraca a roštu.</p>
<ul>
<li><b>Materiál:</b> laminovaná drevotrieska</li>
<li><b>Farba: </b>dub sonoma/biela, buk biela, buk</li>
<li><b>Hrúbka lamina: </b>1,6 &#8211; 2,2 cm</li>
<li><b>Výška po rošt: </b>34 cm</li>
<li>Moderná a praktická</li>
<li>S úložným priestorom</li>
<li>Tri šuplíky</li>
<li><b>Rozmery dvoch rovnako veľkých šuplíkov (ŠxHxV):</b> 49&#215;46,8&#215;16 cm</li>
<li><b>Rozmery stredného šuplíka (ŠxHxV):</b> 95,8&#215;46,8&#215;16 cm</li>
<li><b>Nosnosť šuplíka:</b> max 10 kg</li>
<li>Kvalitný slovenský výrobok</li>
<li>Dodávaná bez matraca a roštu</li>
<li>Možnosť dokúpiť matrac a rošt z našej ponuky</li>
<li>Dodávaná v demonte</li>
</ul>

<p>Univerzálna posteľ MATIASI je skvelou voľbou do detských izieb či spálne. Úložný priestor získate v podobe troch šuplíkov. Vyrobená je z laminovanej drevotriesky v 4 farebných prevedeniach. Posteľ sa pýši aj tým, že je to kvalitný slovenský výrobok. posteľ je dodávaná bez matraca a roštu. Materiál: laminovaná drevotrieska Farba: dub sonoma/biela, buk biela, buk Hrúbka lamina: 1,6 &#8211;&#8230;</p>
