{"id":69734,"date":"2021-04-30T11:04:14","date_gmt":"2021-04-30T09:04:14","guid":{"rendered":"https:\/\/nabytoklaguna.sk\/sk\/?post_type=product&#038;p=69734"},"modified":"2023-12-20T16:55:02","modified_gmt":"2023-12-20T15:55:02","slug":"tempo-kondela-impers","status":"publish","type":"product","link":"https:\/\/nabytoklaguna.sk\/sk\/produkt\/tempo-kondela-impers\/","title":{"rendered":"TK IMPRES"},"content":{"rendered":"<p>Prekvapte svoje deti\u00a0<b>skvelou, dizajnovou poste\u013eou IMPRES<\/b>\u00a0v podobe\u00a0<b>dom\u010deka<\/b>\u00a0(Montessori house), ktor\u00fd je v s\u00fa\u010dasnosti m\u00f3dnym hitom. Stane sa ich\u00a0<b>rajom na spanie, ale i hranie<\/b>.\u00a0<b>Kon\u0161trukcia<\/b>\u00a0postele je vyroben\u00e1 z\u00a0<b>borovicov\u00e9ho dreva<\/b>\u00a0a\u00a0<b>MDF<\/b>. T\u00fdm, \u017ee je v\u00a0<b>bielej farbe<\/b>, p\u00f4sob\u00ed ve\u013emi\u00a0<b>jemne<\/b>\u00a0a\u00a0<b>ne\u017ene<\/b>.\u00a0<b>Jednoducho<\/b>\u00a0a\u00a0<b>vkusne<\/b>\u00a0ju m\u00f4\u017eete kombinova\u0165 s ostatn\u00fdm zariaden\u00edm v interi\u00e9ri. Dod\u00e1va sa spolu s\u00a0<b>rolovan\u00fdm preglejkov\u00fdm ro\u0161tom<\/b>. Poste\u013e poskytuje\u00a0<b>plochu na spanie s rozmerom 90&#215;200 cm<\/b>, dostatok priestoru na oddych. M\u00e1\u00a0<b>ide\u00e1lnu v\u00fd\u0161ku<\/b>, t\u00fdm \u017ee je\u00a0<b>ni\u017e\u0161ia<\/b>, je umo\u017enen\u00e9, aby sa die\u0165a samo rozhodlo, kedy si p\u00f4jde odd\u00fdchnu\u0165 a kedy bolo sp\u00e1nku dos\u0165. \u013dahko na poste\u013e vylezie, bez hrozby \u00farazu z nej jednoducho z\u00edde. Impres\u00a0<b>otv\u00e1ra br\u00e1nu fant\u00e1zie<\/b>\u00a0a rozv\u00edja detsk\u00fa predstavivos\u0165. Poste\u013e m\u00f4\u017eete ozdobi\u0165\u00a0<b>r\u00f4znymi svetielkami<\/b>, alebo z nej vytvorte\u00a0<b>pevnos\u0165 pre va\u0161e die\u0165a<\/b>.Dizajnov\u00e1 poste\u013e IMPRES v podobe dom\u010deka sa stane s\u00fa\u010das\u0165ou ka\u017ed\u00fdch hier \u010di spania v\u00e1\u0161ho die\u0165a\u0165a. Poste\u013e je vyroben\u00e1 z MDF a borovicov\u00e9ho dreva v bielej farbe. Je dod\u00e1van\u00e1 s rolovan\u00fdm ro\u0161tom.<\/p>\n<ul>\n<li>Poste\u013e pod\u013ea met\u00f3dy v\u00fdchovy Montessori<\/li>\n<li><b>Materi\u00e1l:<\/b>\u00a0borovicov\u00e9 drevo\/MDF\/preglejka<\/li>\n<li><b>Farba:<\/b>\u00a0biela<\/li>\n<li><b>Rozmery (\u0160xHxV):<\/b>\u00a0207x97x165 cm<\/li>\n<li><b>Plocha na spanie (\u0160xD):<\/b>\u00a090&#215;200 cm<\/li>\n<li><b>V\u00fd\u0161ka po ro\u0161t:<\/b>\u00a027 cm<\/li>\n<li>Dod\u00e1van\u00e9 s preglejkov\u00fdm rolovan\u00fdm ro\u0161tom ZDARMA<\/li>\n<li>Dod\u00e1van\u00e9 v demonte<\/li>\n<\/ul>\n<table border=\"0\" cellspacing=\"1\" cellpadding=\"1\">\n<tbody>\n<tr>\n<td style=\"width: 32.1945%\"><img decoding=\"async\" src=\"https:\/\/shop.tempo-kondela.sk\/Files\/2521000\/2521873\/montana.png\" alt=\"Matrac, penov\u00fd, 90x200, MONTANA\" \/><\/td>\n<td style=\"width: 67.2799%\"><u><strong>Matrac MONTANA:<\/strong><\/u><\/p>\n<p><a href=\"https:\/\/nabytoklaguna.sk\/sk\/obchod\/spalne\/matrace\/tempo-kondela-montana\/\">https:\/\/nabytoklaguna.sk\/sk\/obchod\/spalne\/matrace\/tempo-kondela-montana\/<\/a><\/p>\n<p>&nbsp;<\/p>\n<p>&nbsp;<\/td>\n<\/tr>\n<tr>\n<td style=\"width: 32.1945%\"><img decoding=\"async\" src=\"https:\/\/nabytoklaguna.sk\/sk\/wp-content\/uploads\/2017\/11\/80x200-610x609.jpg\" \/><\/td>\n<td style=\"width: 67.2799%\"><strong><u>Matrac BE KATARINA:<\/u><\/strong><\/p>\n<p><a href=\"https:\/\/nabytoklaguna.sk\/sk\/obchod\/spalne\/matrace\/tempo-kondela-katarina-10\/\">https:\/\/nabytoklaguna.sk\/sk\/obchod\/spalne\/matrace\/tempo-kondela-katarina-10\/<\/a><\/td>\n<\/tr>\n<\/tbody>\n<\/table>\n","protected":false},"excerpt":{"rendered":"<p>Prekvapte svoje deti\u00a0skvelou, dizajnovou poste\u013eou IMPRES\u00a0v podobe\u00a0dom\u010deka\u00a0(Montessori house), ktor\u00fd je v s\u00fa\u010dasnosti m\u00f3dnym hitom. Stane sa ich\u00a0rajom na spanie, ale i hranie.\u00a0Kon\u0161trukcia\u00a0postele je vyroben\u00e1 z\u00a0borovicov\u00e9ho dreva\u00a0a\u00a0MDF. T\u00fdm, \u017ee je v\u00a0bielej farbe, p\u00f4sob\u00ed ve\u013emi\u00a0jemne\u00a0a\u00a0ne\u017ene.\u00a0Jednoducho\u00a0a\u00a0vkusne\u00a0ju m\u00f4\u017eete kombinova\u0165 s ostatn\u00fdm zariaden\u00edm v interi\u00e9ri. Dod\u00e1va sa spolu s\u00a0rolovan\u00fdm preglejkov\u00fdm ro\u0161tom. Poste\u013e poskytuje\u00a0plochu na spanie s rozmerom 90&#215;200 cm, dostatok&#8230;<\/p>\n","protected":false},"featured_media":69737,"comment_status":"closed","ping_status":"closed","template":"","meta":{"_seopress_robots_primary_cat":"209","_seopress_titles_title":"","_seopress_titles_desc":"","_seopress_robots_index":""},"product_brand":[],"product_cat":[234,209],"product_tag":[],"class_list":{"0":"post-69734","1":"product","2":"type-product","3":"status-publish","4":"has-post-thumbnail","6":"product_cat-detske-postele","7":"product_cat-detske-izby","8":"pa_typ-produktu-s-matracom-be-katarina-10-new","9":"pa_typ-produktu-s-matracom-montana","10":"pa_typ-produktu-s-rostom-bez-matraca-2","12":"first","13":"onbackorder","14":"shipping-taxable","15":"purchasable","16":"product-type-variable"},"_links":{"self":[{"href":"https:\/\/nabytoklaguna.sk\/sk\/wp-json\/wp\/v2\/product\/69734","targetHints":{"allow":["GET"]}}],"collection":[{"href":"https:\/\/nabytoklaguna.sk\/sk\/wp-json\/wp\/v2\/product"}],"about":[{"href":"https:\/\/nabytoklaguna.sk\/sk\/wp-json\/wp\/v2\/types\/product"}],"replies":[{"embeddable":true,"href":"https:\/\/nabytoklaguna.sk\/sk\/wp-json\/wp\/v2\/comments?post=69734"}],"wp:featuredmedia":[{"embeddable":true,"href":"https:\/\/nabytoklaguna.sk\/sk\/wp-json\/wp\/v2\/media\/69737"}],"wp:attachment":[{"href":"https:\/\/nabytoklaguna.sk\/sk\/wp-json\/wp\/v2\/media?parent=69734"}],"wp:term":[{"taxonomy":"product_brand","embeddable":true,"href":"https:\/\/nabytoklaguna.sk\/sk\/wp-json\/wp\/v2\/product_brand?post=69734"},{"taxonomy":"product_cat","embeddable":true,"href":"https:\/\/nabytoklaguna.sk\/sk\/wp-json\/wp\/v2\/product_cat?post=69734"},{"taxonomy":"product_tag","embeddable":true,"href":"https:\/\/nabytoklaguna.sk\/sk\/wp-json\/wp\/v2\/product_tag?post=69734"}],"curies":[{"name":"wp","href":"https:\/\/api.w.org\/{rel}","templated":true}]}}

<p>Prekvapte svoje deti <b>skvelou, dizajnovou posteľou IMPRES</b> v podobe <b>domčeka</b> (Montessori house), ktorý je v súčasnosti módnym hitom. Stane sa ich <b>rajom na spanie, ale i hranie</b>. <b>Konštrukcia</b> postele je vyrobená z <b>borovicového dreva</b> a <b>MDF</b>. Tým, že je v <b>bielej farbe</b>, pôsobí veľmi <b>jemne</b> a <b>nežne</b>. <b>Jednoducho</b> a <b>vkusne</b> ju môžete kombinovať s ostatným zariadením v interiéri. Dodáva sa spolu s <b>rolovaným preglejkovým roštom</b>. Posteľ poskytuje <b>plochu na spanie s rozmerom 90&#215;200 cm</b>, dostatok priestoru na oddych. Má <b>ideálnu výšku</b>, tým že je <b>nižšia</b>, je umožnené, aby sa dieťa samo rozhodlo, kedy si pôjde oddýchnuť a kedy bolo spánku dosť. Ľahko na posteľ vylezie, bez hrozby úrazu z nej jednoducho zíde. Impres <b>otvára bránu fantázie</b> a rozvíja detskú predstavivosť. Posteľ môžete ozdobiť <b>rôznymi svetielkami</b>, alebo z nej vytvorte <b>pevnosť pre vaše dieťa</b>.Dizajnová posteľ IMPRES v podobe domčeka sa stane súčasťou každých hier či spania vášho dieťaťa. Posteľ je vyrobená z MDF a borovicového dreva v bielej farbe. Je dodávaná s rolovaným roštom.</p>
<ul>
<li>Posteľ podľa metódy výchovy Montessori</li>
<li><b>Materiál:</b> borovicové drevo/MDF/preglejka</li>
<li><b>Farba:</b> biela</li>
<li><b>Rozmery (ŠxHxV):</b> 207x97x165 cm</li>
<li><b>Plocha na spanie (ŠxD):</b> 90&#215;200 cm</li>
<li><b>Výška po rošt:</b> 27 cm</li>
<li>Dodávané s preglejkovým rolovaným roštom ZDARMA</li>
<li>Dodávané v demonte</li>
</ul>
<table border="0" cellspacing="1" cellpadding="1">
<tbody>
<tr>
<td style="width: 32.1945%"><img decoding="async" src="https://shop.tempo-kondela.sk/Files/2521000/2521873/montana.png" alt="Matrac, penový, 90x200, MONTANA" /></td>
<td style="width: 67.2799%"><u><strong>Matrac MONTANA:</strong></u></p>
<p><a href="https://nabytoklaguna.sk/sk/obchod/spalne/matrace/tempo-kondela-montana/">https://nabytoklaguna.sk/sk/obchod/spalne/matrace/tempo-kondela-montana/</a></p>
<p>&nbsp;</p>
<p>&nbsp;</td>
</tr>
<tr>
<td style="width: 32.1945%"><img decoding="async" src="https://nabytoklaguna.sk/sk/wp-content/uploads/2017/11/80x200-610x609.jpg" /></td>
<td style="width: 67.2799%"><strong><u>Matrac BE KATARINA:</u></strong></p>
<p><a href="https://nabytoklaguna.sk/sk/obchod/spalne/matrace/tempo-kondela-katarina-10/">https://nabytoklaguna.sk/sk/obchod/spalne/matrace/tempo-kondela-katarina-10/</a></td>
</tr>
</tbody>
</table>

<p>Prekvapte svoje deti skvelou, dizajnovou posteľou IMPRES v podobe domčeka (Montessori house), ktorý je v súčasnosti módnym hitom. Stane sa ich rajom na spanie, ale i hranie. Konštrukcia postele je vyrobená z borovicového dreva a MDF. Tým, že je v bielej farbe, pôsobí veľmi jemne a nežne. Jednoducho a vkusne ju môžete kombinovať s ostatným zariadením v interiéri. Dodáva sa spolu s rolovaným preglejkovým roštom. Posteľ poskytuje plochu na spanie s rozmerom 90&#215;200 cm, dostatok&#8230;</p>
