{"id":70444,"date":"2021-04-30T11:04:14","date_gmt":"2021-04-30T09:04:14","guid":{"rendered":"https:\/\/nabytoklaguna.sk\/sk\/?post_type=product&#038;p=70444"},"modified":"2023-12-12T15:00:12","modified_gmt":"2023-12-12T14:00:12","slug":"tempo-kondela-poppy-komody","status":"publish","type":"product","link":"https:\/\/nabytoklaguna.sk\/sk\/produkt\/tempo-kondela-poppy-komody\/","title":{"rendered":"TK POPPY komody"},"content":{"rendered":"<p>Aj komoda m\u00f4\u017ee by\u0165\u00a0<b>kr\u00e1ska s modern\u00fdm dizajnom<\/b>. Komoda je sama o sebe ve\u013emi zauj\u00edmav\u00fd kus n\u00e1bytku. Svoje korene m\u00e1 v \u010falekom\u00a0<b>Franc\u00fazsku<\/b>, kde ju u\u017e v 18. storo\u010d\u00ed pou\u017e\u00edvali sk\u00f4r ako \u00falo\u017en\u00fd priestor na bielize\u0148. V s\u00fa\u010dasnosti m\u00e1 komoda ove\u013ea\u00a0<b>praktickej\u0161ie vyu\u017eitie<\/b>, a dalo by sa poveda\u0165, \u017ee je pre n\u00e1s nenahradite\u013en\u00fdm pomocn\u00edkom v dom\u00e1cnosti.<\/p>\n<ul>\n<li><b>Materi\u00e1l:<\/b>\u00a0DTD laminovan\u00e1<\/li>\n<li><b>Farba:<\/b>\u00a0bet\u00f3n \/biela<\/li>\n<li><b>Rozmery TYP 2\u00a0 (\u0160xHxV):<\/b>120x35x82 cm<\/li>\n<li><b>Rozmery TYP 3 (\u0160xHxV):<\/b>160x35x82 cm<\/li>\n<li><b>Rozmery TYP 4 (\u0160xHxV):\u00a0<\/b>80x35x82 cm<\/li>\n<li><b>Rozmery TYP 5 (\u0160xHxV):\u00a0<\/b>120x35x82 cm<\/li>\n<li>Dvojdverov\u00e1\/Trojdverov\u00e1<\/li>\n<li>Skrinky s policou<\/li>\n<li>Dva\/\u0160tyri \u0161upl\u00edky<\/li>\n<li>Dod\u00e1van\u00e9 v demonte<\/li>\n<\/ul>\n","protected":false},"excerpt":{"rendered":"<p>Aj komoda m\u00f4\u017ee by\u0165\u00a0kr\u00e1ska s modern\u00fdm dizajnom. Komoda je sama o sebe ve\u013emi zauj\u00edmav\u00fd kus n\u00e1bytku. Svoje korene m\u00e1 v \u010falekom\u00a0Franc\u00fazsku, kde ju u\u017e v 18. storo\u010d\u00ed pou\u017e\u00edvali sk\u00f4r ako \u00falo\u017en\u00fd priestor na bielize\u0148. V s\u00fa\u010dasnosti m\u00e1 komoda ove\u013ea\u00a0praktickej\u0161ie vyu\u017eitie, a dalo by sa poveda\u0165, \u017ee je pre n\u00e1s nenahradite\u013en\u00fdm pomocn\u00edkom v dom\u00e1cnosti. Materi\u00e1l:\u00a0DTD laminovan\u00e1&#8230;<\/p>\n","protected":false},"featured_media":70450,"comment_status":"closed","ping_status":"closed","template":"","meta":{"_seopress_robots_primary_cat":"222","_seopress_titles_title":"                                    ","_seopress_titles_desc":"                                    ","_seopress_robots_index":""},"product_brand":[],"product_cat":[222],"product_tag":[],"class_list":{"0":"post-70444","1":"product","2":"type-product","3":"status-publish","4":"has-post-thumbnail","6":"product_cat-komody","7":"pa_typ-produktu-typ-2","8":"pa_typ-produktu-typ-3","9":"pa_typ-produktu-typ-4","10":"pa_typ-produktu-typ-5","12":"first","13":"onbackorder","14":"shipping-taxable","15":"purchasable","16":"product-type-variable"},"_links":{"self":[{"href":"https:\/\/nabytoklaguna.sk\/sk\/wp-json\/wp\/v2\/product\/70444","targetHints":{"allow":["GET"]}}],"collection":[{"href":"https:\/\/nabytoklaguna.sk\/sk\/wp-json\/wp\/v2\/product"}],"about":[{"href":"https:\/\/nabytoklaguna.sk\/sk\/wp-json\/wp\/v2\/types\/product"}],"replies":[{"embeddable":true,"href":"https:\/\/nabytoklaguna.sk\/sk\/wp-json\/wp\/v2\/comments?post=70444"}],"wp:featuredmedia":[{"embeddable":true,"href":"https:\/\/nabytoklaguna.sk\/sk\/wp-json\/wp\/v2\/media\/70450"}],"wp:attachment":[{"href":"https:\/\/nabytoklaguna.sk\/sk\/wp-json\/wp\/v2\/media?parent=70444"}],"wp:term":[{"taxonomy":"product_brand","embeddable":true,"href":"https:\/\/nabytoklaguna.sk\/sk\/wp-json\/wp\/v2\/product_brand?post=70444"},{"taxonomy":"product_cat","embeddable":true,"href":"https:\/\/nabytoklaguna.sk\/sk\/wp-json\/wp\/v2\/product_cat?post=70444"},{"taxonomy":"product_tag","embeddable":true,"href":"https:\/\/nabytoklaguna.sk\/sk\/wp-json\/wp\/v2\/product_tag?post=70444"}],"curies":[{"name":"wp","href":"https:\/\/api.w.org\/{rel}","templated":true}]}}

<p>Aj komoda môže byť <b>kráska s moderným dizajnom</b>. Komoda je sama o sebe veľmi zaujímavý kus nábytku. Svoje korene má v ďalekom <b>Francúzsku</b>, kde ju už v 18. storočí používali skôr ako úložný priestor na bielizeň. V súčasnosti má komoda oveľa <b>praktickejšie využitie</b>, a dalo by sa povedať, že je pre nás nenahraditeľným pomocníkom v domácnosti.</p>
<ul>
<li><b>Materiál:</b> DTD laminovaná</li>
<li><b>Farba:</b> betón /biela</li>
<li><b>Rozmery TYP 2  (ŠxHxV):</b>120x35x82 cm</li>
<li><b>Rozmery TYP 3 (ŠxHxV):</b>160x35x82 cm</li>
<li><b>Rozmery TYP 4 (ŠxHxV): </b>80x35x82 cm</li>
<li><b>Rozmery TYP 5 (ŠxHxV): </b>120x35x82 cm</li>
<li>Dvojdverová/Trojdverová</li>
<li>Skrinky s policou</li>
<li>Dva/Štyri šuplíky</li>
<li>Dodávané v demonte</li>
</ul>

<p>Aj komoda môže byť kráska s moderným dizajnom. Komoda je sama o sebe veľmi zaujímavý kus nábytku. Svoje korene má v ďalekom Francúzsku, kde ju už v 18. storočí používali skôr ako úložný priestor na bielizeň. V súčasnosti má komoda oveľa praktickejšie využitie, a dalo by sa povedať, že je pre nás nenahraditeľným pomocníkom v domácnosti. Materiál: DTD laminovaná&#8230;</p>
