{"id":70669,"date":"2021-04-30T11:04:14","date_gmt":"2021-04-30T09:04:14","guid":{"rendered":"https:\/\/nabytoklaguna.sk\/sk\/?post_type=product&#038;p=70669"},"modified":"2023-12-12T14:21:05","modified_gmt":"2023-12-12T13:21:05","slug":"tempo-kondela-bergi","status":"publish","type":"product","link":"https:\/\/nabytoklaguna.sk\/sk\/produkt\/tempo-kondela-bergi\/","title":{"rendered":"TK BERGI"},"content":{"rendered":"<p>Praktick\u00e1 lavica s \u00falo\u017en\u00fdm priestorom vo farebnom preveden\u00ed dub sonoma alebo biela. Na v\u00fdrobu bola pou\u017eit\u00e1 DTD laminovan\u00e1.<\/p>\n<p><strong>Mo\u017enos\u0165 dok\u00fapi\u0165 vank\u00fa\u0161 v l\u00e1tke Savana 21 siv\u00e1 v cene 24\u20ac.\u00a0<\/strong><\/p>\n<ul>\n<li><b>Materi\u00e1l:<\/b>\u00a0DTD laminovan\u00e1<\/li>\n<li><b>Farba:<\/b>\u00a0biela, dub sonoma<\/li>\n<li><b>Rozmery (\u0160xHxV):<\/b>\u00a060x30x44,8 cm<\/li>\n<li>S \u00falo\u017en\u00fdm priestorom<\/li>\n<li>So \u0161upl\u00edkom<\/li>\n<li>Bez vank\u00fa\u0161a\/podu\u0161ky<\/li>\n<li>Mo\u017enos\u0165 dok\u00fapi\u0165 vank\u00fa\u0161 z na\u0161ej ponuky<\/li>\n<li><b>Kvalitn\u00fd slovensk\u00fd v\u00fdrobok<\/b><\/li>\n<li>Dod\u00e1van\u00e9 v demonte<\/li>\n<\/ul>\n","protected":false},"excerpt":{"rendered":"<p>Praktick\u00e1 lavica s \u00falo\u017en\u00fdm priestorom vo farebnom preveden\u00ed dub sonoma alebo biela. Na v\u00fdrobu bola pou\u017eit\u00e1 DTD laminovan\u00e1. Mo\u017enos\u0165 dok\u00fapi\u0165 vank\u00fa\u0161 v l\u00e1tke Savana 21 siv\u00e1 v cene 24\u20ac.\u00a0 Materi\u00e1l:\u00a0DTD laminovan\u00e1 Farba:\u00a0biela, dub sonoma Rozmery (\u0160xHxV):\u00a060x30x44,8 cm S \u00falo\u017en\u00fdm priestorom So \u0161upl\u00edkom Bez vank\u00fa\u0161a\/podu\u0161ky Mo\u017enos\u0165 dok\u00fapi\u0165 vank\u00fa\u0161 z na\u0161ej ponuky Kvalitn\u00fd slovensk\u00fd v\u00fdrobok Dod\u00e1van\u00e9 v&#8230;<\/p>\n","protected":false},"featured_media":70674,"comment_status":"closed","ping_status":"closed","template":"","meta":{"_seopress_robots_primary_cat":"252","_seopress_titles_title":"                                    ","_seopress_titles_desc":"                                    ","_seopress_robots_index":""},"product_brand":[],"product_cat":[252,257],"product_tag":[],"class_list":{"0":"post-70669","1":"product","2":"type-product","3":"status-publish","4":"has-post-thumbnail","6":"product_cat-botniky","7":"product_cat-predsiene","8":"pa_farba-biela","9":"pa_farba-dub-sonoma","11":"first","12":"onbackorder","13":"shipping-taxable","14":"purchasable","15":"product-type-variable"},"_links":{"self":[{"href":"https:\/\/nabytoklaguna.sk\/sk\/wp-json\/wp\/v2\/product\/70669","targetHints":{"allow":["GET"]}}],"collection":[{"href":"https:\/\/nabytoklaguna.sk\/sk\/wp-json\/wp\/v2\/product"}],"about":[{"href":"https:\/\/nabytoklaguna.sk\/sk\/wp-json\/wp\/v2\/types\/product"}],"replies":[{"embeddable":true,"href":"https:\/\/nabytoklaguna.sk\/sk\/wp-json\/wp\/v2\/comments?post=70669"}],"wp:featuredmedia":[{"embeddable":true,"href":"https:\/\/nabytoklaguna.sk\/sk\/wp-json\/wp\/v2\/media\/70674"}],"wp:attachment":[{"href":"https:\/\/nabytoklaguna.sk\/sk\/wp-json\/wp\/v2\/media?parent=70669"}],"wp:term":[{"taxonomy":"product_brand","embeddable":true,"href":"https:\/\/nabytoklaguna.sk\/sk\/wp-json\/wp\/v2\/product_brand?post=70669"},{"taxonomy":"product_cat","embeddable":true,"href":"https:\/\/nabytoklaguna.sk\/sk\/wp-json\/wp\/v2\/product_cat?post=70669"},{"taxonomy":"product_tag","embeddable":true,"href":"https:\/\/nabytoklaguna.sk\/sk\/wp-json\/wp\/v2\/product_tag?post=70669"}],"curies":[{"name":"wp","href":"https:\/\/api.w.org\/{rel}","templated":true}]}}

<p>Praktická lavica s úložným priestorom vo farebnom prevedení dub sonoma alebo biela. Na výrobu bola použitá DTD laminovaná.</p>
<p><strong>Možnosť dokúpiť vankúš v látke Savana 21 sivá v cene 24€. </strong></p>
<ul>
<li><b>Materiál:</b> DTD laminovaná</li>
<li><b>Farba:</b> biela, dub sonoma</li>
<li><b>Rozmery (ŠxHxV):</b> 60x30x44,8 cm</li>
<li>S úložným priestorom</li>
<li>So šuplíkom</li>
<li>Bez vankúša/podušky</li>
<li>Možnosť dokúpiť vankúš z našej ponuky</li>
<li><b>Kvalitný slovenský výrobok</b></li>
<li>Dodávané v demonte</li>
</ul>

<p>Praktická lavica s úložným priestorom vo farebnom prevedení dub sonoma alebo biela. Na výrobu bola použitá DTD laminovaná. Možnosť dokúpiť vankúš v látke Savana 21 sivá v cene 24€.  Materiál: DTD laminovaná Farba: biela, dub sonoma Rozmery (ŠxHxV): 60x30x44,8 cm S úložným priestorom So šuplíkom Bez vankúša/podušky Možnosť dokúpiť vankúš z našej ponuky Kvalitný slovenský výrobok Dodávané v&#8230;</p>
