{"id":71209,"date":"2021-04-30T11:04:14","date_gmt":"2021-04-30T09:04:14","guid":{"rendered":"https:\/\/nabytoklaguna.sk\/sk\/?post_type=product&#038;p=71209"},"modified":"2023-12-12T14:48:34","modified_gmt":"2023-12-12T13:48:34","slug":"tempo-kondela-asta","status":"publish","type":"product","link":"https:\/\/nabytoklaguna.sk\/sk\/produkt\/tempo-kondela-asta\/","title":{"rendered":"TK ASTA"},"content":{"rendered":"<p>Variabiln\u00fd, modern\u00fd reg\u00e1l ASTA, ktor\u00fd zapadne do ka\u017edej miestnosti. \u00dalo\u017en\u00fd priestor z\u00edskate v\u010faka otvoren\u00fdm policiam. Na v\u00fdrobu bola pou\u017eit\u00fd DTD laminovan\u00e1 s hr\u00fabkou 22 mm v troch farebn\u00fdch prevedeniach.\u00a0<b><\/b><\/p>\n<ul>\n<li><b>Materi\u00e1l:<\/b>\u00a0DTD laminovan\u00e1<\/li>\n<li><b>Farba:<\/b>\u00a0biela\/dub sonoma, biela\/biela, biela\/\u010dierna<\/li>\n<li><b>Rozmery (\u0160xHxV):<\/b>\u00a074-130x29x187,5 cm<\/li>\n<li><b>Hr\u00fabka lamina:<\/b>\u00a02,2 cm<\/li>\n<li>Mnohostrann\u00e9 vyu\u017eitie<\/li>\n<li>Reg\u00e1l m\u00f4\u017ee by\u0165 so \u0161\u00edrkou 74 cm, alebo roztiahnut\u00fd so \u0161\u00edrkou 130 cm<\/li>\n<li>Mo\u017enos\u0165 ho postavi\u0165 aj ako rohov\u00fd reg\u00e1l<\/li>\n<li>Otvoren\u00e9 police<\/li>\n<li><b>V\u00fd\u0161ka otvoren\u00e9ho \u00falo\u017en\u00e9ho priestoru:<\/b>\u00a037,5 cm<\/li>\n<li>S jednou skrinkou<\/li>\n<li><b>Rozmery skrinky (\u0160xHxV):<\/b>\u00a067x29x33 cm<\/li>\n<li>Dod\u00e1van\u00e9 v demonte<\/li>\n<\/ul>\n","protected":false},"excerpt":{"rendered":"<p>Variabiln\u00fd, modern\u00fd reg\u00e1l ASTA, ktor\u00fd zapadne do ka\u017edej miestnosti. \u00dalo\u017en\u00fd priestor z\u00edskate v\u010faka otvoren\u00fdm policiam. Na v\u00fdrobu bola pou\u017eit\u00fd DTD laminovan\u00e1 s hr\u00fabkou 22 mm v troch farebn\u00fdch prevedeniach.\u00a0 Materi\u00e1l:\u00a0DTD laminovan\u00e1 Farba:\u00a0biela\/dub sonoma, biela\/biela, biela\/\u010dierna Rozmery (\u0160xHxV):\u00a074-130x29x187,5 cm Hr\u00fabka lamina:\u00a02,2 cm Mnohostrann\u00e9 vyu\u017eitie Reg\u00e1l m\u00f4\u017ee by\u0165 so \u0161\u00edrkou 74 cm, alebo roztiahnut\u00fd so \u0161\u00edrkou 130&#8230;<\/p>\n","protected":false},"featured_media":71215,"comment_status":"closed","ping_status":"closed","template":"","meta":{"_seopress_robots_primary_cat":"1062","_seopress_titles_title":"","_seopress_titles_desc":"","_seopress_robots_index":""},"product_brand":[],"product_cat":[1062],"product_tag":[],"class_list":{"0":"post-71209","1":"product","2":"type-product","3":"status-publish","4":"has-post-thumbnail","6":"product_cat-regaly-police","7":"pa_farba-biela","8":"pa_farba-bielacierna","9":"pa_farba-dub-sonomabiela","11":"first","12":"onbackorder","13":"shipping-taxable","14":"purchasable","15":"product-type-variable"},"_links":{"self":[{"href":"https:\/\/nabytoklaguna.sk\/sk\/wp-json\/wp\/v2\/product\/71209","targetHints":{"allow":["GET"]}}],"collection":[{"href":"https:\/\/nabytoklaguna.sk\/sk\/wp-json\/wp\/v2\/product"}],"about":[{"href":"https:\/\/nabytoklaguna.sk\/sk\/wp-json\/wp\/v2\/types\/product"}],"replies":[{"embeddable":true,"href":"https:\/\/nabytoklaguna.sk\/sk\/wp-json\/wp\/v2\/comments?post=71209"}],"wp:featuredmedia":[{"embeddable":true,"href":"https:\/\/nabytoklaguna.sk\/sk\/wp-json\/wp\/v2\/media\/71215"}],"wp:attachment":[{"href":"https:\/\/nabytoklaguna.sk\/sk\/wp-json\/wp\/v2\/media?parent=71209"}],"wp:term":[{"taxonomy":"product_brand","embeddable":true,"href":"https:\/\/nabytoklaguna.sk\/sk\/wp-json\/wp\/v2\/product_brand?post=71209"},{"taxonomy":"product_cat","embeddable":true,"href":"https:\/\/nabytoklaguna.sk\/sk\/wp-json\/wp\/v2\/product_cat?post=71209"},{"taxonomy":"product_tag","embeddable":true,"href":"https:\/\/nabytoklaguna.sk\/sk\/wp-json\/wp\/v2\/product_tag?post=71209"}],"curies":[{"name":"wp","href":"https:\/\/api.w.org\/{rel}","templated":true}]}}

<p>Variabilný, moderný regál ASTA, ktorý zapadne do každej miestnosti. Úložný priestor získate vďaka otvoreným policiam. Na výrobu bola použitý DTD laminovaná s hrúbkou 22 mm v troch farebných prevedeniach. <b></b></p>
<ul>
<li><b>Materiál:</b> DTD laminovaná</li>
<li><b>Farba:</b> biela/dub sonoma, biela/biela, biela/čierna</li>
<li><b>Rozmery (ŠxHxV):</b> 74-130x29x187,5 cm</li>
<li><b>Hrúbka lamina:</b> 2,2 cm</li>
<li>Mnohostranné využitie</li>
<li>Regál môže byť so šírkou 74 cm, alebo roztiahnutý so šírkou 130 cm</li>
<li>Možnosť ho postaviť aj ako rohový regál</li>
<li>Otvorené police</li>
<li><b>Výška otvoreného úložného priestoru:</b> 37,5 cm</li>
<li>S jednou skrinkou</li>
<li><b>Rozmery skrinky (ŠxHxV):</b> 67x29x33 cm</li>
<li>Dodávané v demonte</li>
</ul>

<p>Variabilný, moderný regál ASTA, ktorý zapadne do každej miestnosti. Úložný priestor získate vďaka otvoreným policiam. Na výrobu bola použitý DTD laminovaná s hrúbkou 22 mm v troch farebných prevedeniach.  Materiál: DTD laminovaná Farba: biela/dub sonoma, biela/biela, biela/čierna Rozmery (ŠxHxV): 74-130x29x187,5 cm Hrúbka lamina: 2,2 cm Mnohostranné využitie Regál môže byť so šírkou 74 cm, alebo roztiahnutý so šírkou 130&#8230;</p>
