{"id":71593,"date":"2021-04-30T11:04:14","date_gmt":"2021-04-30T09:04:14","guid":{"rendered":"https:\/\/nabytoklaguna.sk\/sk\/?post_type=product&#038;p=71593"},"modified":"2025-05-26T15:22:27","modified_gmt":"2025-05-26T13:22:27","slug":"tempo-kondela-prado-kuchyna","status":"publish","type":"product","link":"https:\/\/nabytoklaguna.sk\/sk\/produkt\/tempo-kondela-prado-kuchyna\/","title":{"rendered":"K PRADO"},"content":{"rendered":"<p>Luxusn\u00e1 kuchynsk\u00e1 zostava PRADO roz\u017eiari ka\u017ed\u00fa kuchy\u0148u. V skrink\u00e1ch objav\u00edte dostatok \u00falo\u017en\u00e9ho priestoru. Skrinky si m\u00f4\u017eete posklada\u0165 \u013eubovo\u013ene pod\u013ea va\u0161ich predst\u00e1v. Syst\u00e9m tich\u00e9ho zatv\u00e1rania dvierok a kovov\u00e9 \u00fachytky ur\u010dite ocen\u00edte. Doln\u00e9 skrinky s\u00fa dod\u00e1van\u00e9 vr\u00e1tane pracovnej dosky a dolnej li\u0161ty, drezov\u00e1 skrinka bez pracovnej dosky. \u0160\u00edrka zostavy je 2,6m. na v\u00fdrobu bola pou\u017eit\u00e1 MDF lakovan\u00e1\/ DTD laminovan\u00e1 v dvoch farebn\u00fdch prevedeniach.<\/p>\n<ul>\n<li><b>Materi\u00e1l<\/b>: dvierka: MDF lakovan\u00e1, korpus: DTD laminovan\u00e1<\/li>\n<li><b>Farba<\/b>: kr\u00e9mov\u00e1\/siv\u00e1 &#8211; extra vysok\u00fd lesk, korpus: siv\u00fd<\/li>\n<li><b>Farba<\/b>: biela extra vysok\u00fd lesk, korpus: siv\u00fd<\/li>\n<li><b>\u0160\u00edrka hornej a spodnej zostavy<\/b>: 2,6 m<\/li>\n<li><b>Rozmery spodn\u00fdch skriniek (VxH)<\/b>: 86&#215;52 cm<\/li>\n<li><b>Rozmery jednotliv\u00fdch horn\u00fdch skriniek (\u0160xHxV)<\/b>: 80\/60\/40x31x71 cm<\/li>\n<li>Vr\u00e1tane pracovnej dosky (okrem drezovej skrinky)<\/li>\n<li>Bez drezu<\/li>\n<li><b>Hr\u00fabka pracovnej dosky<\/b>: 28 mm<\/li>\n<li>Dod\u00e1van\u00e9 bez dekor\u00e1cii a spotrebi\u010dov<\/li>\n<li>Dod\u00e1van\u00e9 v demonte<\/li>\n<\/ul>\n","protected":false},"excerpt":{"rendered":"<p>Luxusn\u00e1 kuchynsk\u00e1 zostava PRADO roz\u017eiari ka\u017ed\u00fa kuchy\u0148u. V skrink\u00e1ch objav\u00edte dostatok \u00falo\u017en\u00e9ho priestoru. Skrinky si m\u00f4\u017eete posklada\u0165 \u013eubovo\u013ene pod\u013ea va\u0161ich predst\u00e1v. Syst\u00e9m tich\u00e9ho zatv\u00e1rania dvierok a kovov\u00e9 \u00fachytky ur\u010dite ocen\u00edte. Doln\u00e9 skrinky s\u00fa dod\u00e1van\u00e9 vr\u00e1tane pracovnej dosky a dolnej li\u0161ty, drezov\u00e1 skrinka bez pracovnej dosky. \u0160\u00edrka zostavy je 2,6m. na v\u00fdrobu bola pou\u017eit\u00e1 MDF lakovan\u00e1\/&#8230;<\/p>\n","protected":false},"featured_media":71598,"comment_status":"closed","ping_status":"closed","template":"","meta":{"_seopress_robots_primary_cat":"176","_seopress_titles_title":"","_seopress_titles_desc":"","_seopress_robots_index":""},"product_brand":[],"product_cat":[177,176],"product_tag":[],"class_list":{"0":"post-71593","1":"product","2":"type-product","3":"status-publish","4":"has-post-thumbnail","6":"product_cat-kuchyne-top","7":"product_cat-kuchyne","8":"pa_farba-biela-biela","9":"pa_farba-kremova-siva","11":"first","12":"onbackorder","13":"shipping-taxable","14":"purchasable","15":"product-type-variable"},"_links":{"self":[{"href":"https:\/\/nabytoklaguna.sk\/sk\/wp-json\/wp\/v2\/product\/71593","targetHints":{"allow":["GET"]}}],"collection":[{"href":"https:\/\/nabytoklaguna.sk\/sk\/wp-json\/wp\/v2\/product"}],"about":[{"href":"https:\/\/nabytoklaguna.sk\/sk\/wp-json\/wp\/v2\/types\/product"}],"replies":[{"embeddable":true,"href":"https:\/\/nabytoklaguna.sk\/sk\/wp-json\/wp\/v2\/comments?post=71593"}],"wp:featuredmedia":[{"embeddable":true,"href":"https:\/\/nabytoklaguna.sk\/sk\/wp-json\/wp\/v2\/media\/71598"}],"wp:attachment":[{"href":"https:\/\/nabytoklaguna.sk\/sk\/wp-json\/wp\/v2\/media?parent=71593"}],"wp:term":[{"taxonomy":"product_brand","embeddable":true,"href":"https:\/\/nabytoklaguna.sk\/sk\/wp-json\/wp\/v2\/product_brand?post=71593"},{"taxonomy":"product_cat","embeddable":true,"href":"https:\/\/nabytoklaguna.sk\/sk\/wp-json\/wp\/v2\/product_cat?post=71593"},{"taxonomy":"product_tag","embeddable":true,"href":"https:\/\/nabytoklaguna.sk\/sk\/wp-json\/wp\/v2\/product_tag?post=71593"}],"curies":[{"name":"wp","href":"https:\/\/api.w.org\/{rel}","templated":true}]}}

<p>Luxusná kuchynská zostava PRADO rozžiari každú kuchyňu. V skrinkách objavíte dostatok úložného priestoru. Skrinky si môžete poskladať ľubovoľne podľa vašich predstáv. Systém tichého zatvárania dvierok a kovové úchytky určite oceníte. Dolné skrinky sú dodávané vrátane pracovnej dosky a dolnej lišty, drezová skrinka bez pracovnej dosky. Šírka zostavy je 2,6m. na výrobu bola použitá MDF lakovaná/ DTD laminovaná v dvoch farebných prevedeniach.</p>
<ul>
<li><b>Materiál</b>: dvierka: MDF lakovaná, korpus: DTD laminovaná</li>
<li><b>Farba</b>: krémová/sivá &#8211; extra vysoký lesk, korpus: sivý</li>
<li><b>Farba</b>: biela extra vysoký lesk, korpus: sivý</li>
<li><b>Šírka hornej a spodnej zostavy</b>: 2,6 m</li>
<li><b>Rozmery spodných skriniek (VxH)</b>: 86&#215;52 cm</li>
<li><b>Rozmery jednotlivých horných skriniek (ŠxHxV)</b>: 80/60/40x31x71 cm</li>
<li>Vrátane pracovnej dosky (okrem drezovej skrinky)</li>
<li>Bez drezu</li>
<li><b>Hrúbka pracovnej dosky</b>: 28 mm</li>
<li>Dodávané bez dekorácii a spotrebičov</li>
<li>Dodávané v demonte</li>
</ul>

<p>Luxusná kuchynská zostava PRADO rozžiari každú kuchyňu. V skrinkách objavíte dostatok úložného priestoru. Skrinky si môžete poskladať ľubovoľne podľa vašich predstáv. Systém tichého zatvárania dvierok a kovové úchytky určite oceníte. Dolné skrinky sú dodávané vrátane pracovnej dosky a dolnej lišty, drezová skrinka bez pracovnej dosky. Šírka zostavy je 2,6m. na výrobu bola použitá MDF lakovaná/&#8230;</p>
