{"id":7416,"date":"2021-02-13T11:35:32","date_gmt":"2021-02-13T10:35:32","guid":{"rendered":"http:\/\/nabytoklaguna.sk\/sk\/?post_type=product&#038;p=7416"},"modified":"2024-12-17T15:23:10","modified_gmt":"2024-12-17T14:23:10","slug":"duet-80262-buk","status":"publish","type":"product","link":"https:\/\/nabytoklaguna.sk\/sk\/produkt\/duet-80262-buk\/","title":{"rendered":"TK DUET"},"content":{"rendered":"<p>Univerz\u00e1lne jednol\u00f4\u017eko s troma z\u00e1suvkami DUET je vhodn\u00e9 do ka\u017ed\u00e9ho interi\u00e9ru. Poste\u013e je vyroben\u00e1 z DTD laminovanej vo farebnom preveden\u00ed buk a javor.<\/p>\n<ul>\n<li><b>Materi\u00e1l<\/b>: DTD laminovan\u00e1<\/li>\n<li><b>Farba<\/b>: buk, javor<\/li>\n<li><b>Rozmery postele (\u0160xHxV)<\/b>: 95x204x67 cm<\/li>\n<li><b>Plocha na spanie<\/b>: 90&#215;200 cm<\/li>\n<li><b>V\u00fd\u0161ka po ro\u0161t:<\/b>\u00a034 cm<\/li>\n<li><b>Zapustenie ro\u0161tu<\/b>: 10 cm<\/li>\n<li>\u00dalo\u017en\u00fd priestor<\/li>\n<li><b>3 \u0161upl\u00edky<\/b>\u00a0na koliesk\u00e1ch<\/li>\n<li><b>Dva postrann\u00e9 \u0161upl\u00edky<\/b>: 50x47x23\/16 cm<\/li>\n<li>Dod\u00e1van\u00e1 bez matraca a ro\u0161tu<\/li>\n<li>Dod\u00e1van\u00e9 v demonte<\/li>\n<li>Mo\u017enos\u0165 dok\u00fapi\u0165 ro\u0161t a matraca s rozmerom 90&#215;200 cm z na\u0161ej ponuky.<\/li>\n<\/ul>\n<table border=\"0\" cellspacing=\"1\" cellpadding=\"1\">\n<tbody>\n<tr>\n<td style=\"width: 32.1945%;\"><img decoding=\"async\" src=\"https:\/\/nabytoklaguna.sk\/sk\/wp-content\/uploads\/2017\/11\/111-288.jpg\" \/><\/td>\n<td style=\"width: 67.2799%;\"><u><strong>Ro\u0161t FLEX:<\/strong><\/u><\/p>\n<p><a href=\"https:\/\/nabytoklaguna.sk\/sk\/obchod\/spalne\/rosty\/tempo-kondela-rost-flex-3-zonovy\/\">https:\/\/nabytoklaguna.sk\/sk\/obchod\/spalne\/rosty\/tempo-kondela-rost-flex-3-zonovy\/<\/a><\/td>\n<\/tr>\n<tr>\n<td style=\"width: 32.1945%;\"><img decoding=\"async\" src=\"https:\/\/shop.tempo-kondela.sk\/Files\/2521000\/2521873\/montana.png\" alt=\"Matrac, penov\u00fd, 90x200, MONTANA\" \/><\/td>\n<td style=\"width: 67.2799%;\"><u><strong>Matrac MONTANA:<\/strong><\/u><\/p>\n<p><a href=\"https:\/\/nabytoklaguna.sk\/sk\/obchod\/spalne\/matrace\/tempo-kondela-montana\/\">https:\/\/nabytoklaguna.sk\/sk\/obchod\/spalne\/matrace\/tempo-kondela-montana\/<\/a><\/p>\n<p>&nbsp;<\/p>\n<p>&nbsp;<\/td>\n<\/tr>\n<tr>\n<td style=\"width: 32.1945%;\"><img decoding=\"async\" src=\"https:\/\/nabytoklaguna.sk\/sk\/wp-content\/uploads\/2017\/11\/80x200-610x609.jpg\" \/><\/td>\n<td style=\"width: 67.2799%;\"><strong><u>Matrac BE KATARINA:<\/u><\/strong><\/p>\n<p><a href=\"https:\/\/nabytoklaguna.sk\/sk\/obchod\/spalne\/matrace\/tempo-kondela-katarina-10\/\">https:\/\/nabytoklaguna.sk\/sk\/obchod\/spalne\/matrace\/tempo-kondela-katarina-10\/<\/a><\/td>\n<\/tr>\n<\/tbody>\n<\/table>\n","protected":false},"excerpt":{"rendered":"<p>Univerz\u00e1lne jednol\u00f4\u017eko s troma z\u00e1suvkami DUET je vhodn\u00e9 do ka\u017ed\u00e9ho interi\u00e9ru. Poste\u013e je vyroben\u00e1 z DTD laminovanej vo farebnom preveden\u00ed buk a javor. Materi\u00e1l: DTD laminovan\u00e1 Farba: buk, javor Rozmery postele (\u0160xHxV): 95x204x67 cm Plocha na spanie: 90&#215;200 cm V\u00fd\u0161ka po ro\u0161t:\u00a034 cm Zapustenie ro\u0161tu: 10 cm \u00dalo\u017en\u00fd priestor 3 \u0161upl\u00edky\u00a0na koliesk\u00e1ch Dva postrann\u00e9 \u0161upl\u00edky:&#8230;<\/p>\n","protected":false},"featured_media":85160,"comment_status":"closed","ping_status":"closed","template":"","meta":{"_seopress_robots_primary_cat":"234","_seopress_titles_title":"","_seopress_titles_desc":"","_seopress_robots_index":""},"product_brand":[],"product_cat":[234],"product_tag":[],"class_list":{"0":"post-7416","1":"product","2":"type-product","3":"status-publish","4":"has-post-thumbnail","6":"product_cat-detske-postele","7":"pa_farba-buk","8":"pa_farba-javor","9":"pa_typ-produktu-bez-rostu-a-matraca","10":"pa_typ-produktu-s-rostom-flex","11":"pa_typ-produktu-s-rostom-flex-a-matracom-be-katarina-10-new","12":"pa_typ-produktu-s-rostom-flex-a-matracom-montana","14":"first","15":"onbackorder","16":"shipping-taxable","17":"purchasable","18":"product-type-variable"},"_links":{"self":[{"href":"https:\/\/nabytoklaguna.sk\/sk\/wp-json\/wp\/v2\/product\/7416","targetHints":{"allow":["GET"]}}],"collection":[{"href":"https:\/\/nabytoklaguna.sk\/sk\/wp-json\/wp\/v2\/product"}],"about":[{"href":"https:\/\/nabytoklaguna.sk\/sk\/wp-json\/wp\/v2\/types\/product"}],"replies":[{"embeddable":true,"href":"https:\/\/nabytoklaguna.sk\/sk\/wp-json\/wp\/v2\/comments?post=7416"}],"wp:featuredmedia":[{"embeddable":true,"href":"https:\/\/nabytoklaguna.sk\/sk\/wp-json\/wp\/v2\/media\/85160"}],"wp:attachment":[{"href":"https:\/\/nabytoklaguna.sk\/sk\/wp-json\/wp\/v2\/media?parent=7416"}],"wp:term":[{"taxonomy":"product_brand","embeddable":true,"href":"https:\/\/nabytoklaguna.sk\/sk\/wp-json\/wp\/v2\/product_brand?post=7416"},{"taxonomy":"product_cat","embeddable":true,"href":"https:\/\/nabytoklaguna.sk\/sk\/wp-json\/wp\/v2\/product_cat?post=7416"},{"taxonomy":"product_tag","embeddable":true,"href":"https:\/\/nabytoklaguna.sk\/sk\/wp-json\/wp\/v2\/product_tag?post=7416"}],"curies":[{"name":"wp","href":"https:\/\/api.w.org\/{rel}","templated":true}]}}

<p>Univerzálne jednolôžko s troma zásuvkami DUET je vhodné do každého interiéru. Posteľ je vyrobená z DTD laminovanej vo farebnom prevedení buk a javor.</p>
<ul>
<li><b>Materiál</b>: DTD laminovaná</li>
<li><b>Farba</b>: buk, javor</li>
<li><b>Rozmery postele (ŠxHxV)</b>: 95x204x67 cm</li>
<li><b>Plocha na spanie</b>: 90&#215;200 cm</li>
<li><b>Výška po rošt:</b> 34 cm</li>
<li><b>Zapustenie roštu</b>: 10 cm</li>
<li>Úložný priestor</li>
<li><b>3 šuplíky</b> na kolieskách</li>
<li><b>Dva postranné šuplíky</b>: 50x47x23/16 cm</li>
<li>Dodávaná bez matraca a roštu</li>
<li>Dodávané v demonte</li>
<li>Možnosť dokúpiť rošt a matraca s rozmerom 90&#215;200 cm z našej ponuky.</li>
</ul>
<table border="0" cellspacing="1" cellpadding="1">
<tbody>
<tr>
<td style="width: 32.1945%;"><img decoding="async" src="https://nabytoklaguna.sk/sk/wp-content/uploads/2017/11/111-288.jpg" /></td>
<td style="width: 67.2799%;"><u><strong>Rošt FLEX:</strong></u></p>
<p><a href="https://nabytoklaguna.sk/sk/obchod/spalne/rosty/tempo-kondela-rost-flex-3-zonovy/">https://nabytoklaguna.sk/sk/obchod/spalne/rosty/tempo-kondela-rost-flex-3-zonovy/</a></td>
</tr>
<tr>
<td style="width: 32.1945%;"><img decoding="async" src="https://shop.tempo-kondela.sk/Files/2521000/2521873/montana.png" alt="Matrac, penový, 90x200, MONTANA" /></td>
<td style="width: 67.2799%;"><u><strong>Matrac MONTANA:</strong></u></p>
<p><a href="https://nabytoklaguna.sk/sk/obchod/spalne/matrace/tempo-kondela-montana/">https://nabytoklaguna.sk/sk/obchod/spalne/matrace/tempo-kondela-montana/</a></p>
<p>&nbsp;</p>
<p>&nbsp;</td>
</tr>
<tr>
<td style="width: 32.1945%;"><img decoding="async" src="https://nabytoklaguna.sk/sk/wp-content/uploads/2017/11/80x200-610x609.jpg" /></td>
<td style="width: 67.2799%;"><strong><u>Matrac BE KATARINA:</u></strong></p>
<p><a href="https://nabytoklaguna.sk/sk/obchod/spalne/matrace/tempo-kondela-katarina-10/">https://nabytoklaguna.sk/sk/obchod/spalne/matrace/tempo-kondela-katarina-10/</a></td>
</tr>
</tbody>
</table>

<p>Univerzálne jednolôžko s troma zásuvkami DUET je vhodné do každého interiéru. Posteľ je vyrobená z DTD laminovanej vo farebnom prevedení buk a javor. Materiál: DTD laminovaná Farba: buk, javor Rozmery postele (ŠxHxV): 95x204x67 cm Plocha na spanie: 90&#215;200 cm Výška po rošt: 34 cm Zapustenie roštu: 10 cm Úložný priestor 3 šuplíky na kolieskách Dva postranné šuplíky:&#8230;</p>
