{"id":77965,"date":"2021-04-30T11:04:14","date_gmt":"2021-04-30T09:04:14","guid":{"rendered":"https:\/\/nabytoklaguna.sk\/sk\/?post_type=product&#038;p=77965"},"modified":"2025-10-30T15:09:30","modified_gmt":"2025-10-30T14:09:30","slug":"ka-f03","status":"publish","type":"product","link":"https:\/\/nabytoklaguna.sk\/sk\/produkt\/ka-f03\/","title":{"rendered":"KA-F03"},"content":{"rendered":"<p>Ob\u013e\u00faben\u00e1 kancel\u00e1rska stoli\u010dka \u010dal\u00fanen\u00e1 ekoko\u017eou.\u00a0 Operadlo stoli\u010dky je polohovate\u013en\u00e9 90\u00b0-180\u00b0. Ruky si m\u00f4\u017eete pohodlne oprie\u0165 o podr\u00fa\u010dky, ktor\u00e9 s\u00fa v\u00fd\u0161kovo nastavite\u013en\u00e9. S\u00fa\u010das\u0165ou stoli\u010dky s\u00fa 2 odn\u00edmate\u013en\u00e9 vank\u00fa\u0161iky. Stoli\u010dka m\u00e1 hojdac\u00ed mechanizmus s mo\u017enos\u0165ou nastavenia tuhosti pod\u013ea v\u00e1hy u\u017e\u00edvate\u013ea. Pevn\u00fd plastov\u00fd kr\u00ed\u017e a univerz\u00e1lne pogumovan\u00e9 kolieska. Stoli\u010dka s vyr\u00e1ba vo farebnom preveden\u00ed: modr\u00e1\/\u010dierna ekoko\u017ea, \u010derven\u00e1\/\u010dierna ekoko\u017ea a \u010dierna ekoko\u017ea<\/p>\n<p>ROZMER<\/p>\n<p>\u0161\u00edrka: 73 cm<\/p>\n<p>h\u013abka: 70 cm<\/p>\n<p>v\u00fd\u0161ka: 125-132 cm<\/p>\n<p>\u0161\u00edrka sedu: 56 cm<\/p>\n<p>h\u013abka sedu: 50 cm<\/p>\n<p>v\u00fd\u0161ka sedu: 47-54 cm<\/p>\n<p>nosnos\u0165: 130 kg<\/p>\n<p>Dod\u00e1van\u00e9 v demonte<\/p>\n<p><strong>Hmotnos\u0165:<\/strong>\u00a023 kg<\/p>\n","protected":false},"excerpt":{"rendered":"<p>Ob\u013e\u00faben\u00e1 kancel\u00e1rska stoli\u010dka \u010dal\u00fanen\u00e1 ekoko\u017eou.\u00a0 Operadlo stoli\u010dky je polohovate\u013en\u00e9 90\u00b0-180\u00b0. Ruky si m\u00f4\u017eete pohodlne oprie\u0165 o podr\u00fa\u010dky, ktor\u00e9 s\u00fa v\u00fd\u0161kovo nastavite\u013en\u00e9. S\u00fa\u010das\u0165ou stoli\u010dky s\u00fa 2 odn\u00edmate\u013en\u00e9 vank\u00fa\u0161iky. Stoli\u010dka m\u00e1 hojdac\u00ed mechanizmus s mo\u017enos\u0165ou nastavenia tuhosti pod\u013ea v\u00e1hy u\u017e\u00edvate\u013ea. Pevn\u00fd plastov\u00fd kr\u00ed\u017e a univerz\u00e1lne pogumovan\u00e9 kolieska. Stoli\u010dka s vyr\u00e1ba vo farebnom preveden\u00ed: modr\u00e1\/\u010dierna ekoko\u017ea, \u010derven\u00e1\/\u010dierna ekoko\u017ea&#8230;<\/p>\n","protected":false},"featured_media":77966,"comment_status":"closed","ping_status":"closed","template":"","meta":{"_seopress_robots_primary_cat":"237","_seopress_titles_title":"","_seopress_titles_desc":"","_seopress_robots_index":""},"product_brand":[],"product_cat":[242],"product_tag":[],"class_list":{"0":"post-77965","1":"product","2":"type-product","3":"status-publish","4":"has-post-thumbnail","6":"product_cat-kancelarske-stolicky","7":"pa_farba-cervena-cierna-ekokoza","8":"pa_farba-cierna-ekokoza","9":"pa_farba-modra-cierna-ekokoza","11":"first","12":"onbackorder","13":"shipping-taxable","14":"purchasable","15":"product-type-variable"},"_links":{"self":[{"href":"https:\/\/nabytoklaguna.sk\/sk\/wp-json\/wp\/v2\/product\/77965","targetHints":{"allow":["GET"]}}],"collection":[{"href":"https:\/\/nabytoklaguna.sk\/sk\/wp-json\/wp\/v2\/product"}],"about":[{"href":"https:\/\/nabytoklaguna.sk\/sk\/wp-json\/wp\/v2\/types\/product"}],"replies":[{"embeddable":true,"href":"https:\/\/nabytoklaguna.sk\/sk\/wp-json\/wp\/v2\/comments?post=77965"}],"wp:featuredmedia":[{"embeddable":true,"href":"https:\/\/nabytoklaguna.sk\/sk\/wp-json\/wp\/v2\/media\/77966"}],"wp:attachment":[{"href":"https:\/\/nabytoklaguna.sk\/sk\/wp-json\/wp\/v2\/media?parent=77965"}],"wp:term":[{"taxonomy":"product_brand","embeddable":true,"href":"https:\/\/nabytoklaguna.sk\/sk\/wp-json\/wp\/v2\/product_brand?post=77965"},{"taxonomy":"product_cat","embeddable":true,"href":"https:\/\/nabytoklaguna.sk\/sk\/wp-json\/wp\/v2\/product_cat?post=77965"},{"taxonomy":"product_tag","embeddable":true,"href":"https:\/\/nabytoklaguna.sk\/sk\/wp-json\/wp\/v2\/product_tag?post=77965"}],"curies":[{"name":"wp","href":"https:\/\/api.w.org\/{rel}","templated":true}]}}

<p>Obľúbená kancelárska stolička čalúnená ekokožou.  Operadlo stoličky je polohovateľné 90°-180°. Ruky si môžete pohodlne oprieť o podrúčky, ktoré sú výškovo nastaviteľné. Súčasťou stoličky sú 2 odnímateľné vankúšiky. Stolička má hojdací mechanizmus s možnosťou nastavenia tuhosti podľa váhy užívateľa. Pevný plastový kríž a univerzálne pogumované kolieska. Stolička s vyrába vo farebnom prevedení: modrá/čierna ekokoža, červená/čierna ekokoža a čierna ekokoža</p>
<p>ROZMER</p>
<p>šírka: 73 cm</p>
<p>hĺbka: 70 cm</p>
<p>výška: 125-132 cm</p>
<p>šírka sedu: 56 cm</p>
<p>hĺbka sedu: 50 cm</p>
<p>výška sedu: 47-54 cm</p>
<p>nosnosť: 130 kg</p>
<p>Dodávané v demonte</p>
<p><strong>Hmotnosť:</strong> 23 kg</p>

<p>Obľúbená kancelárska stolička čalúnená ekokožou.  Operadlo stoličky je polohovateľné 90°-180°. Ruky si môžete pohodlne oprieť o podrúčky, ktoré sú výškovo nastaviteľné. Súčasťou stoličky sú 2 odnímateľné vankúšiky. Stolička má hojdací mechanizmus s možnosťou nastavenia tuhosti podľa váhy užívateľa. Pevný plastový kríž a univerzálne pogumované kolieska. Stolička s vyrába vo farebnom prevedení: modrá/čierna ekokoža, červená/čierna ekokoža&#8230;</p>
