{"id":79780,"date":"2021-05-30T13:46:44","date_gmt":"2021-05-30T11:46:44","guid":{"rendered":"https:\/\/nabytoklaguna.sk\/sk\/?post_type=product&#038;p=79780"},"modified":"2025-10-29T12:20:33","modified_gmt":"2025-10-29T11:20:33","slug":"ka-a188","status":"publish","type":"product","link":"https:\/\/nabytoklaguna.sk\/sk\/produkt\/ka-a188\/","title":{"rendered":"KA-A188"},"content":{"rendered":"<p>Zauj\u00edmav\u00e1 kancel\u00e1rska stoli\u010dka \u010dal\u00fanen\u00e1\u00a0 sie\u0165ovinou MESH. Synchr\u00f3nny mechanizmus, ktor\u00fd mo\u017eno zaaretova\u0165 v troch poloh\u00e1ch.\u00a0Podr\u00fa\u010dky umo\u017e\u0148uj\u00fa nastavi\u0165 v\u00fd\u0161ku i pos\u00fava\u0165 dopredu &#8211; dozadu. Opierka hlavy je taktie\u017e v\u00fd\u0161kovo nastavite\u013en\u00e1. Mo\u017enos\u0165 v\u00fdberu farebn\u00e9ho prevedenia: \u010derven\u00e1, \u010dierna. Nosnos\u0165 120\u00a0 kg<\/p>\n<p>ROZMER<\/p>\n<p>\u0160\u00edrka: 66 cm<br \/>\nH\u013abka: 70 cm<br \/>\nV\u00fd\u0161ka: 120-130 cm<br \/>\nV\u00fd\u0161ka sedu: 45-55 cm<\/p>\n<p>Dod\u00e1van\u00e9 v demonte<\/p>\n","protected":false},"excerpt":{"rendered":"<p>Zauj\u00edmav\u00e1 kancel\u00e1rska stoli\u010dka \u010dal\u00fanen\u00e1\u00a0 sie\u0165ovinou MESH. Synchr\u00f3nny mechanizmus, ktor\u00fd mo\u017eno zaaretova\u0165 v troch poloh\u00e1ch.\u00a0Podr\u00fa\u010dky umo\u017e\u0148uj\u00fa nastavi\u0165 v\u00fd\u0161ku i pos\u00fava\u0165 dopredu &#8211; dozadu. Opierka hlavy je taktie\u017e v\u00fd\u0161kovo nastavite\u013en\u00e1. Mo\u017enos\u0165 v\u00fdberu farebn\u00e9ho prevedenia: \u010derven\u00e1, \u010dierna. Nosnos\u0165 120\u00a0 kg ROZMER \u0160\u00edrka: 66 cm H\u013abka: 70 cm V\u00fd\u0161ka: 120-130 cm V\u00fd\u0161ka sedu: 45-55 cm Dod\u00e1van\u00e9 v demonte<\/p>\n","protected":false},"featured_media":79781,"comment_status":"closed","ping_status":"closed","template":"","meta":{"_seopress_robots_primary_cat":"242","_seopress_titles_title":"","_seopress_titles_desc":"","_seopress_robots_index":""},"product_brand":[],"product_cat":[242],"product_tag":[],"class_list":{"0":"post-79780","1":"product","2":"type-product","3":"status-publish","4":"has-post-thumbnail","6":"product_cat-kancelarske-stolicky","7":"pa_farba-cervena","8":"pa_farba-cierna","10":"first","11":"onbackorder","12":"shipping-taxable","13":"purchasable","14":"product-type-variable"},"_links":{"self":[{"href":"https:\/\/nabytoklaguna.sk\/sk\/wp-json\/wp\/v2\/product\/79780","targetHints":{"allow":["GET"]}}],"collection":[{"href":"https:\/\/nabytoklaguna.sk\/sk\/wp-json\/wp\/v2\/product"}],"about":[{"href":"https:\/\/nabytoklaguna.sk\/sk\/wp-json\/wp\/v2\/types\/product"}],"replies":[{"embeddable":true,"href":"https:\/\/nabytoklaguna.sk\/sk\/wp-json\/wp\/v2\/comments?post=79780"}],"wp:featuredmedia":[{"embeddable":true,"href":"https:\/\/nabytoklaguna.sk\/sk\/wp-json\/wp\/v2\/media\/79781"}],"wp:attachment":[{"href":"https:\/\/nabytoklaguna.sk\/sk\/wp-json\/wp\/v2\/media?parent=79780"}],"wp:term":[{"taxonomy":"product_brand","embeddable":true,"href":"https:\/\/nabytoklaguna.sk\/sk\/wp-json\/wp\/v2\/product_brand?post=79780"},{"taxonomy":"product_cat","embeddable":true,"href":"https:\/\/nabytoklaguna.sk\/sk\/wp-json\/wp\/v2\/product_cat?post=79780"},{"taxonomy":"product_tag","embeddable":true,"href":"https:\/\/nabytoklaguna.sk\/sk\/wp-json\/wp\/v2\/product_tag?post=79780"}],"curies":[{"name":"wp","href":"https:\/\/api.w.org\/{rel}","templated":true}]}}

<p>Zaujímavá kancelárska stolička čalúnená  sieťovinou MESH. Synchrónny mechanizmus, ktorý možno zaaretovať v troch polohách. Podrúčky umožňujú nastaviť výšku i posúvať dopredu &#8211; dozadu. Opierka hlavy je taktiež výškovo nastaviteľná. Možnosť výberu farebného prevedenia: červená, čierna. Nosnosť 120  kg</p>
<p>ROZMER</p>
<p>Šírka: 66 cm<br />
Hĺbka: 70 cm<br />
Výška: 120-130 cm<br />
Výška sedu: 45-55 cm</p>
<p>Dodávané v demonte</p>

<p>Zaujímavá kancelárska stolička čalúnená  sieťovinou MESH. Synchrónny mechanizmus, ktorý možno zaaretovať v troch polohách. Podrúčky umožňujú nastaviť výšku i posúvať dopredu &#8211; dozadu. Opierka hlavy je taktiež výškovo nastaviteľná. Možnosť výberu farebného prevedenia: červená, čierna. Nosnosť 120  kg ROZMER Šírka: 66 cm Hĺbka: 70 cm Výška: 120-130 cm Výška sedu: 45-55 cm Dodávané v demonte</p>
