{"id":79791,"date":"2021-05-30T13:46:44","date_gmt":"2021-05-30T11:46:44","guid":{"rendered":"https:\/\/nabytoklaguna.sk\/sk\/?post_type=product&#038;p=79791"},"modified":"2025-10-29T12:28:01","modified_gmt":"2025-10-29T11:28:01","slug":"ka-a186","status":"publish","type":"product","link":"https:\/\/nabytoklaguna.sk\/sk\/produkt\/ka-a186\/","title":{"rendered":"KA-A186"},"content":{"rendered":"<p>Zauj\u00edmav\u00e1 kancel\u00e1rska stoli\u010dka, ktor\u00e1 m\u00e1 sed\u00e1k \u010dal\u00fanen\u00fd l\u00e1tkou MESH a operadlo je \u010dal\u00fanen\u00e9 sie\u0165ovinou. Stoli\u010dka m\u00e1 v\u00fd\u0161kovo nastavite\u013en\u00fa opierku hlavy a pas\u00edvnu bedrov\u00fa opierku. Taktie\u017e je v\u00fd\u0161kovo nastavite\u013en\u00e1, m\u00e1 plastov\u00fd kr\u00ed\u017e s plastov\u00fdmi kolieskami vhodn\u00fdmi na koberce a synchr\u00f3nny mechanizmus.<\/p>\n<p>Farebn\u00e9 prevedenie: \u010dierna. Nosnos\u0165 120 kg<\/p>\n<p>ROZMER<\/p>\n<p>\u0160\u00edrka: 65 cm<br \/>\nH\u013abka: 57 cm<br \/>\nV\u00fd\u0161ka: 120-130 cm<br \/>\nV\u00fd\u0161ka sedu:45-55 cm<\/p>\n<p>Dod\u00e1van\u00e9 v demonte<\/p>\n","protected":false},"excerpt":{"rendered":"<p>Zauj\u00edmav\u00e1 kancel\u00e1rska stoli\u010dka, ktor\u00e1 m\u00e1 sed\u00e1k \u010dal\u00fanen\u00fd l\u00e1tkou MESH a operadlo je \u010dal\u00fanen\u00e9 sie\u0165ovinou. Stoli\u010dka m\u00e1 v\u00fd\u0161kovo nastavite\u013en\u00fa opierku hlavy a pas\u00edvnu bedrov\u00fa opierku. Taktie\u017e je v\u00fd\u0161kovo nastavite\u013en\u00e1, m\u00e1 plastov\u00fd kr\u00ed\u017e s plastov\u00fdmi kolieskami vhodn\u00fdmi na koberce a synchr\u00f3nny mechanizmus. Farebn\u00e9 prevedenie: \u010dierna. Nosnos\u0165 120 kg ROZMER \u0160\u00edrka: 65 cm H\u013abka: 57 cm V\u00fd\u0161ka: 120-130&#8230;<\/p>\n","protected":false},"featured_media":79800,"comment_status":"closed","ping_status":"closed","template":"","meta":{"_seopress_robots_primary_cat":"242","_seopress_titles_title":"","_seopress_titles_desc":"","_seopress_robots_index":""},"product_brand":[],"product_cat":[242],"product_tag":[],"class_list":{"0":"post-79791","1":"product","2":"type-product","3":"status-publish","4":"has-post-thumbnail","6":"product_cat-kancelarske-stolicky","7":"pa_farba-cervena","8":"pa_farba-cierna","10":"first","11":"onbackorder","12":"shipping-taxable","13":"purchasable","14":"product-type-variable"},"_links":{"self":[{"href":"https:\/\/nabytoklaguna.sk\/sk\/wp-json\/wp\/v2\/product\/79791","targetHints":{"allow":["GET"]}}],"collection":[{"href":"https:\/\/nabytoklaguna.sk\/sk\/wp-json\/wp\/v2\/product"}],"about":[{"href":"https:\/\/nabytoklaguna.sk\/sk\/wp-json\/wp\/v2\/types\/product"}],"replies":[{"embeddable":true,"href":"https:\/\/nabytoklaguna.sk\/sk\/wp-json\/wp\/v2\/comments?post=79791"}],"wp:featuredmedia":[{"embeddable":true,"href":"https:\/\/nabytoklaguna.sk\/sk\/wp-json\/wp\/v2\/media\/79800"}],"wp:attachment":[{"href":"https:\/\/nabytoklaguna.sk\/sk\/wp-json\/wp\/v2\/media?parent=79791"}],"wp:term":[{"taxonomy":"product_brand","embeddable":true,"href":"https:\/\/nabytoklaguna.sk\/sk\/wp-json\/wp\/v2\/product_brand?post=79791"},{"taxonomy":"product_cat","embeddable":true,"href":"https:\/\/nabytoklaguna.sk\/sk\/wp-json\/wp\/v2\/product_cat?post=79791"},{"taxonomy":"product_tag","embeddable":true,"href":"https:\/\/nabytoklaguna.sk\/sk\/wp-json\/wp\/v2\/product_tag?post=79791"}],"curies":[{"name":"wp","href":"https:\/\/api.w.org\/{rel}","templated":true}]}}

<p>Zaujímavá kancelárska stolička, ktorá má sedák čalúnený látkou MESH a operadlo je čalúnené sieťovinou. Stolička má výškovo nastaviteľnú opierku hlavy a pasívnu bedrovú opierku. Taktiež je výškovo nastaviteľná, má plastový kríž s plastovými kolieskami vhodnými na koberce a synchrónny mechanizmus.</p>
<p>Farebné prevedenie: čierna. Nosnosť 120 kg</p>
<p>ROZMER</p>
<p>Šírka: 65 cm<br />
Hĺbka: 57 cm<br />
Výška: 120-130 cm<br />
Výška sedu:45-55 cm</p>
<p>Dodávané v demonte</p>

<p>Zaujímavá kancelárska stolička, ktorá má sedák čalúnený látkou MESH a operadlo je čalúnené sieťovinou. Stolička má výškovo nastaviteľnú opierku hlavy a pasívnu bedrovú opierku. Taktiež je výškovo nastaviteľná, má plastový kríž s plastovými kolieskami vhodnými na koberce a synchrónny mechanizmus. Farebné prevedenie: čierna. Nosnosť 120 kg ROZMER Šírka: 65 cm Hĺbka: 57 cm Výška: 120-130&#8230;</p>
