{"id":8211,"date":"2021-02-13T11:35:32","date_gmt":"2021-02-13T10:35:32","guid":{"rendered":"http:\/\/nabytoklaguna.sk\/sk\/?post_type=product&#038;p=8211"},"modified":"2025-02-25T12:10:24","modified_gmt":"2025-02-25T11:10:24","slug":"morena-3","status":"publish","type":"product","link":"https:\/\/nabytoklaguna.sk\/sk\/produkt\/morena-3\/","title":{"rendered":"K MORENA"},"content":{"rendered":"<p><b>Kr\u00e1sna poste\u013e MORENA<\/b> o\u010dar\u00ed pevn\u00fdm <b>kovov\u00fdm<\/b> telom v\u00a0<b>\u010diernej<\/b> farbe. Vyzdoben\u00e1 je\u00a0<b>kreat\u00edvnymi<\/b>\u00a0tvarmi s\u00a0<b>l\u00edstkami<\/b>.\u00a0 Spolu s <b>drevom<\/b>\u00a0v preveden\u00ed\u00a0<b>\u010dere\u0161\u0148a<\/b>\u00a0tvoria dokonal\u00fd s\u00falad pr\u00edrodn\u00e9ho a kovov\u00e9ho materi\u00e1lu.\u00a0<b>Mohutn\u00fdm telom<\/b> sa vyrovn\u00e1 m\u00e1loktor\u00e9mu s\u00faperovi, z\u00e1rove\u0148 v\u0161ak p\u00f4sob\u00ed ne\u017ene a romanticky. Dod\u00e1van\u00e1 s <b>lamelov\u00fdm ro\u0161tom ZDARMA<\/b>.<\/p>\n<div class=\"text\">\n<ul>\n<li><b>Materi\u00e1l<\/b>: kov\/drevo<\/li>\n<li><b>Farba<\/b>: \u010dierna\/\u010dere\u0161\u0148a<\/li>\n<li><b>Vonkaj\u0161ie rozmery (\u0160xHxV)<\/b>: 167x208x100 cm, <b>Plocha na spanie<\/b>: 160&#215;200 cm<\/li>\n<li><b>Vonkaj\u0161ie rozmery (\u0160xHxV)<\/b>: 95,5x208x98 cm, <b>Plocha na spanie<\/b>: 90&#215;200 cm<\/li>\n<li><b>Lamelov\u00fd ro\u0161t zdarma<\/b><\/li>\n<li><b>V\u00fd\u0161ka po ro\u0161t:<\/b>\u00a031 cm<\/li>\n<li>Ozdobn\u00fd vzor<\/li>\n<li>Dod\u00e1van\u00e9 v demonte<\/li>\n<\/ul>\n<\/div>\n<table border=\"0\" cellspacing=\"1\" cellpadding=\"1\">\n<tbody>\n<tr>\n<td style=\"width: 32.1945%;\"><img decoding=\"async\" src=\"https:\/\/shop.tempo-kondela.sk\/Files\/2521000\/2521873\/montana.png\" alt=\"Matrac, penov\u00fd, 90x200, MONTANA\" \/><\/td>\n<td style=\"width: 67.2799%;\"><u><strong>Matrac MONTANA:<\/strong><\/u><\/p>\n<p><a href=\"https:\/\/nabytoklaguna.sk\/sk\/obchod\/spalne\/matrace\/tempo-kondela-montana\/\">https:\/\/nabytoklaguna.sk\/sk\/obchod\/spalne\/matrace\/tempo-kondela-montana\/<\/a><\/p>\n<p>&nbsp;<\/p>\n<p>&nbsp;<\/td>\n<\/tr>\n<tr>\n<td style=\"width: 32.1945%;\"><img decoding=\"async\" src=\"https:\/\/nabytoklaguna.sk\/sk\/wp-content\/uploads\/2017\/11\/80x200-610x609.jpg\" \/><\/td>\n<td style=\"width: 67.2799%;\"><strong><u>Matrac BE KATARINA:<\/u><\/strong><\/p>\n<p><a href=\"https:\/\/nabytoklaguna.sk\/sk\/obchod\/spalne\/matrace\/tempo-kondela-katarina-10\/\">https:\/\/nabytoklaguna.sk\/sk\/obchod\/spalne\/matrace\/tempo-kondela-katarina-10\/<\/a><\/td>\n<\/tr>\n<\/tbody>\n<\/table>\n","protected":false},"excerpt":{"rendered":"<p>Kr\u00e1sna poste\u013e MORENA o\u010dar\u00ed pevn\u00fdm kovov\u00fdm telom v\u00a0\u010diernej farbe. Vyzdoben\u00e1 je\u00a0kreat\u00edvnymi\u00a0tvarmi s\u00a0l\u00edstkami.\u00a0 Spolu s drevom\u00a0v preveden\u00ed\u00a0\u010dere\u0161\u0148a\u00a0tvoria dokonal\u00fd s\u00falad pr\u00edrodn\u00e9ho a kovov\u00e9ho materi\u00e1lu.\u00a0Mohutn\u00fdm telom sa vyrovn\u00e1 m\u00e1loktor\u00e9mu s\u00faperovi, z\u00e1rove\u0148 v\u0161ak p\u00f4sob\u00ed ne\u017ene a romanticky. Dod\u00e1van\u00e1 s lamelov\u00fdm ro\u0161tom ZDARMA. Materi\u00e1l: kov\/drevo Farba: \u010dierna\/\u010dere\u0161\u0148a Vonkaj\u0161ie rozmery (\u0160xHxV): 167x208x100 cm, Plocha na spanie: 160&#215;200 cm Vonkaj\u0161ie rozmery (\u0160xHxV):&#8230;<\/p>\n","protected":false},"featured_media":8216,"comment_status":"closed","ping_status":"closed","template":"","meta":{"_seopress_robots_primary_cat":"618","_seopress_titles_title":"","_seopress_titles_desc":"","_seopress_robots_index":""},"product_brand":[],"product_cat":[4012,618],"product_tag":[],"class_list":{"0":"post-8211","1":"product","2":"type-product","3":"status-publish","4":"has-post-thumbnail","6":"product_cat-postele","7":"product_cat-kovove-postele","8":"pa_typ-produktu-s-matracmi-be-katarina-10-new-11","9":"pa_typ-produktu-s-matracmi-montana-11","10":"pa_typ-produktu-s-matracom-be-katarina-10-new","11":"pa_typ-produktu-s-matracom-montana","12":"pa_typ-produktu-s-rostom-bez-matraca-2","14":"first","15":"onbackorder","16":"shipping-taxable","17":"purchasable","18":"product-type-variable"},"_links":{"self":[{"href":"https:\/\/nabytoklaguna.sk\/sk\/wp-json\/wp\/v2\/product\/8211","targetHints":{"allow":["GET"]}}],"collection":[{"href":"https:\/\/nabytoklaguna.sk\/sk\/wp-json\/wp\/v2\/product"}],"about":[{"href":"https:\/\/nabytoklaguna.sk\/sk\/wp-json\/wp\/v2\/types\/product"}],"replies":[{"embeddable":true,"href":"https:\/\/nabytoklaguna.sk\/sk\/wp-json\/wp\/v2\/comments?post=8211"}],"wp:featuredmedia":[{"embeddable":true,"href":"https:\/\/nabytoklaguna.sk\/sk\/wp-json\/wp\/v2\/media\/8216"}],"wp:attachment":[{"href":"https:\/\/nabytoklaguna.sk\/sk\/wp-json\/wp\/v2\/media?parent=8211"}],"wp:term":[{"taxonomy":"product_brand","embeddable":true,"href":"https:\/\/nabytoklaguna.sk\/sk\/wp-json\/wp\/v2\/product_brand?post=8211"},{"taxonomy":"product_cat","embeddable":true,"href":"https:\/\/nabytoklaguna.sk\/sk\/wp-json\/wp\/v2\/product_cat?post=8211"},{"taxonomy":"product_tag","embeddable":true,"href":"https:\/\/nabytoklaguna.sk\/sk\/wp-json\/wp\/v2\/product_tag?post=8211"}],"curies":[{"name":"wp","href":"https:\/\/api.w.org\/{rel}","templated":true}]}}

<p><b>Krásna posteľ MORENA</b> očarí pevným <b>kovovým</b> telom v <b>čiernej</b> farbe. Vyzdobená je <b>kreatívnymi</b> tvarmi s <b>lístkami</b>.  Spolu s <b>drevom</b> v prevedení <b>čerešňa</b> tvoria dokonalý súlad prírodného a kovového materiálu. <b>Mohutným telom</b> sa vyrovná máloktorému súperovi, zároveň však pôsobí nežne a romanticky. Dodávaná s <b>lamelovým roštom ZDARMA</b>.</p>
<div class="text">
<ul>
<li><b>Materiál</b>: kov/drevo</li>
<li><b>Farba</b>: čierna/čerešňa</li>
<li><b>Vonkajšie rozmery (ŠxHxV)</b>: 167x208x100 cm, <b>Plocha na spanie</b>: 160&#215;200 cm</li>
<li><b>Vonkajšie rozmery (ŠxHxV)</b>: 95,5x208x98 cm, <b>Plocha na spanie</b>: 90&#215;200 cm</li>
<li><b>Lamelový rošt zdarma</b></li>
<li><b>Výška po rošt:</b> 31 cm</li>
<li>Ozdobný vzor</li>
<li>Dodávané v demonte</li>
</ul>
</div>
<table border="0" cellspacing="1" cellpadding="1">
<tbody>
<tr>
<td style="width: 32.1945%;"><img decoding="async" src="https://shop.tempo-kondela.sk/Files/2521000/2521873/montana.png" alt="Matrac, penový, 90x200, MONTANA" /></td>
<td style="width: 67.2799%;"><u><strong>Matrac MONTANA:</strong></u></p>
<p><a href="https://nabytoklaguna.sk/sk/obchod/spalne/matrace/tempo-kondela-montana/">https://nabytoklaguna.sk/sk/obchod/spalne/matrace/tempo-kondela-montana/</a></p>
<p>&nbsp;</p>
<p>&nbsp;</td>
</tr>
<tr>
<td style="width: 32.1945%;"><img decoding="async" src="https://nabytoklaguna.sk/sk/wp-content/uploads/2017/11/80x200-610x609.jpg" /></td>
<td style="width: 67.2799%;"><strong><u>Matrac BE KATARINA:</u></strong></p>
<p><a href="https://nabytoklaguna.sk/sk/obchod/spalne/matrace/tempo-kondela-katarina-10/">https://nabytoklaguna.sk/sk/obchod/spalne/matrace/tempo-kondela-katarina-10/</a></td>
</tr>
</tbody>
</table>

<p>Krásna posteľ MORENA očarí pevným kovovým telom v čiernej farbe. Vyzdobená je kreatívnymi tvarmi s lístkami.  Spolu s drevom v prevedení čerešňa tvoria dokonalý súlad prírodného a kovového materiálu. Mohutným telom sa vyrovná máloktorému súperovi, zároveň však pôsobí nežne a romanticky. Dodávaná s lamelovým roštom ZDARMA. Materiál: kov/drevo Farba: čierna/čerešňa Vonkajšie rozmery (ŠxHxV): 167x208x100 cm, Plocha na spanie: 160&#215;200 cm Vonkajšie rozmery (ŠxHxV):&#8230;</p>
