{"id":82444,"date":"2021-05-30T13:46:44","date_gmt":"2021-05-30T11:46:44","guid":{"rendered":"https:\/\/nabytoklaguna.sk\/sk\/?post_type=product&#038;p=82444"},"modified":"2025-11-18T16:28:39","modified_gmt":"2025-11-18T15:28:39","slug":"otto-s-celami","status":"publish","type":"product","link":"https:\/\/nabytoklaguna.sk\/sk\/produkt\/otto-s-celami\/","title":{"rendered":"OTTO s \u010delami"},"content":{"rendered":"<p><strong>BOXSPRING EXTRA <\/strong>je modelov\u00e1 rada luxusn\u00fdch boxspringov\u00fdch postel\u00ed od renomovan\u00e9ho \u010desk\u00e9ho v\u00fdrobcu, ktor\u00e1 sa vyzna\u010duje\u00a0osobit\u00fdm\u00a0vzh\u013eadom\u00a0a\u00a0starostliv\u00fdm\u00a0spracovan\u00edm do toho najmen\u0161ieho\u00a0detailu. <strong>Poste\u013e OTTO<\/strong> je vyroben\u00e1 z kvalitn\u00fdch materi\u00e1lov a poskytuje maxim\u00e1lny relax a odpo\u010dinok. Na posteli <strong>OTTO <\/strong>zaujme <strong>\u010delami<\/strong> s modern\u00fdm nad\u010dasov\u00fdm zvisl\u00fdm pre\u0161\u00edvan\u00edm, ktor\u00e9 zapadne do ka\u017ed\u00e9ho interi\u00e9ru. <strong>R\u00e1m postele <\/strong>je ve\u013emi pevn\u00fd a pon\u00faka ve\u013ek\u00fd \u00falo\u017en\u00fd priestor pr\u00edstupn\u00fd zboku postele. <strong>Kvalitn\u00fd lamelov\u00fd ro\u0161t<\/strong> z mas\u00edvneho dreva v\u00fdrazne prispieva k pohodliu a \u017eivotnosti postele.<strong> Pru\u017einov\u00fd matrac <\/strong>s nad\u0161tandardnou v\u00fd\u0161kou a vy\u0161\u0161ou pevnos\u0165ou m\u00e1 tvarov\u00fa st\u00e1los\u0165, je vzdu\u0161n\u00fd, \u010do zabezpe\u010duje spr\u00e1vnu mikrokl\u00edmu a komfort. K maxim\u00e1lnemu pohodliu prispeje horn\u00fd matrac<strong> TOPPER EXTRA <\/strong>s jadrom z HR studenej peny s hr\u00fabkou cca 6 cm. Po\u0165ah toppera Aloe Vera je sn\u00edmate\u013en\u00fd a prate\u013en\u00fd.<\/p>\n<p><strong>TOPPER EXTRA nie je v cene. Teraz je mo\u017en\u00e9 ho zak\u00fapi\u0165 za zv\u00fdhodnen\u00fa cenu 121,- EUR!!!<\/strong><\/p>\n<p><strong>Po\u0165ahov\u00fa<\/strong>\u00a0l\u00e1tku si m\u00f4\u017eete\u00a0<strong>vybra\u0165<\/strong>\u00a0v r\u00f4znych\u00a0<strong>farb\u00e1ch<\/strong>\u00a0a\u00a0<strong>\u0161t\u00fdloch<\/strong>.\u00a0<strong>Farbu<\/strong>\u00a0n\u00f4h si m\u00f4\u017eete vybra\u0165 z<strong> piatich<\/strong> variantov \u2013 buk, \u010dere\u0161\u0148a, orech, strieborn\u00e1 a \u010dierna. Takisto je mo\u017en\u00e9 vybra\u0165 si\u00a0<strong>typ<\/strong>\u00a0<strong>n\u00f4h<\/strong>, a to zo\u00a0<strong>\u0161iestich<\/strong>\u00a0variantov (v\u00fd\u0161ka 6 alebo 12 cm). Farbu a typ no\u017ei\u010diek pros\u00edm uve\u010fte v\u00a0<strong>pozn\u00e1mke<\/strong>\u00a0objedn\u00e1vky. Poste\u013e je dod\u00e1van\u00e1 v dvoch \u0161\u00edrkach: <strong>80<\/strong>\u00a0a <strong>90<\/strong>\u00a0cm.<\/p>\n<p><a href=\"https:\/\/nabytoklaguna.sk\/sk\/wp-content\/uploads\/2020\/05\/ND-Vzorkovn%C3%ADk-l%C3%A1tok.pdf\">ND-Vzorkovn\u00edk-l\u00e1tok.pdf<\/a><\/p>\n<p>Nastavenie displeja m\u00f4\u017ee sp\u00f4sobi\u0165 odch\u00fdlku vo farbe vzoriek po\u0165ahov\u00fdch l\u00e1tok.<\/p>\n<p>Vank\u00fa\u0161e a pl\u00e9d nie s\u00fa v cene postele, mo\u017enos\u0165 dok\u00fapi\u0165 pl\u00e9d, denn\u00fa deku, taburetku\u00a0 a vank\u00fa\u0161e (potrebn\u00e9 uvies\u0165 v pozn\u00e1mke objedn\u00e1vky) <strong><br \/>\n<\/strong><\/p>\n<table class=\"table-data-sheet\">\n<tbody>\n<tr class=\"odd\">\n<td><strong>Rozmery postele:<\/strong> (\u0160xVxH)<\/td>\n<td>90 x 210 cm, Plocha na spanie: 80 x 200 cm<\/td>\n<\/tr>\n<tr class=\"even\">\n<td><\/td>\n<td>100 x 210 cm, Plocha na spanie: 90 x 200 cm<\/td>\n<\/tr>\n<tr class=\"odd\">\n<td><strong>V\u00fd\u0161ka lo\u017enej plochy<\/strong>:<\/td>\n<td>57 \/ 63 cm (pod\u013ea typu n\u00f4h)<\/td>\n<\/tr>\n<tr>\n<td><strong>Rozmer \u010dela:<\/strong> (\u0160xV)<strong><br \/>\n<\/strong><\/td>\n<td>202 x 95 cm, 82 x 95 cm<\/td>\n<\/tr>\n<tr>\n<td><strong>\u00a0<\/strong><\/td>\n<td>202 x 95 cm, 92 x 95 cm<\/td>\n<\/tr>\n<tr class=\"even\">\n<td><strong>Max. nosnos\u0165 postele<\/strong>:<\/td>\n<td>130 kg<\/td>\n<\/tr>\n<tr>\n<td><strong>Prevedenie n\u00f4h: <\/strong><\/td>\n<td>v\u00fd\u0161ka 6 cm (typ 1, 2) alebo 12 cm (typ 3, 4, 5, 6)<\/td>\n<\/tr>\n<\/tbody>\n<\/table>\n<p><u><strong>Farebn\u00e9 prevedenie\u00a0 a typy n\u00f4h \u2013 v cene postele (uve\u010fte pros\u00edm v pozn\u00e1mke objedn\u00e1vky):<\/strong><\/u><\/p>\n<p><img loading=\"lazy\" decoding=\"async\" class=\"alignnone size-medium wp-image-82336\" src=\"https:\/\/i1.wp.com\/nabytoklaguna.sk\/sk\/wp-content\/uploads\/2020\/05\/nd-nohy.jpg?resize=500%2C330&amp;ssl=1\" alt=\"\" width=\"500\" height=\"330\" srcset=\"https:\/\/nabytoklaguna.sk\/sk\/wp-content\/uploads\/2020\/05\/nd-nohy.jpg 839w, https:\/\/nabytoklaguna.sk\/sk\/wp-content\/uploads\/2020\/05\/nd-nohy-610x402.jpg 610w, https:\/\/nabytoklaguna.sk\/sk\/wp-content\/uploads\/2020\/05\/nd-nohy-500x330.jpg 500w, https:\/\/nabytoklaguna.sk\/sk\/wp-content\/uploads\/2020\/05\/nd-nohy-768x506.jpg 768w\" sizes=\"auto, (max-width: 500px) 100vw, 500px\" \/><\/p>\n<p>&nbsp;<\/p>\n<p><strong>Mo\u017enos\u0165 dok\u00fapi\u0165 vank\u00fa\u0161iky:<\/strong><\/p>\n<p><strong>A: 40 x 40 cm \u2013 12 \u20ac<\/strong><\/p>\n<p><strong>B: 60 x 60 cm \u2013 20 \u20ac<\/strong><\/p>\n<p><strong>C: 70 x 28 cm \u2013 15 \u20ac<\/strong><\/p>\n<p><img loading=\"lazy\" decoding=\"async\" class=\"alignnone size-medium wp-image-61674\" src=\"https:\/\/i0.wp.com\/nabytoklaguna.sk\/sk\/wp-content\/uploads\/2017\/06\/vankuse.jpg?resize=500%2C310&amp;ssl=1\" alt=\"\" width=\"500\" height=\"310\" srcset=\"https:\/\/nabytoklaguna.sk\/sk\/wp-content\/uploads\/2017\/06\/vankuse.jpg 1290w, https:\/\/nabytoklaguna.sk\/sk\/wp-content\/uploads\/2017\/06\/vankuse-610x378.jpg 610w, https:\/\/nabytoklaguna.sk\/sk\/wp-content\/uploads\/2017\/06\/vankuse-500x310.jpg 500w, https:\/\/nabytoklaguna.sk\/sk\/wp-content\/uploads\/2017\/06\/vankuse-768x476.jpg 768w, https:\/\/nabytoklaguna.sk\/sk\/wp-content\/uploads\/2017\/06\/vankuse-1024x635.jpg 1024w\" sizes=\"auto, (max-width: 500px) 100vw, 500px\" \/><\/p>\n<p><strong>Denn\u00e1 deka v l\u00e1tke pod\u013ea vlastn\u00e9ho v\u00fdberu \u2013 100,- \u20ac (rozmery 260\u00d7150 cm):<\/strong><\/p>\n<p><img loading=\"lazy\" decoding=\"async\" class=\"alignnone wp-image-62747\" src=\"https:\/\/i1.wp.com\/nabytoklaguna.sk\/sk\/wp-content\/uploads\/2017\/06\/Denn%C3%AD-deka.jpg?resize=308%2C227&amp;ssl=1\" alt=\"\" width=\"308\" height=\"227\" \/><\/p>\n<p><strong>Taburet v po\u0165ahovej l\u00e1tke postele pod\u013ea vlastn\u00e9ho v\u00fdberu \u2013 92,- \u20ac (rozmery 40x101x33 cm):<\/strong><\/p>\n<p><img loading=\"lazy\" decoding=\"async\" class=\"alignnone wp-image-62749\" src=\"https:\/\/i2.wp.com\/nabytoklaguna.sk\/sk\/wp-content\/uploads\/2017\/06\/Harme.jpg?resize=288%2C201&amp;ssl=1\" alt=\"\" width=\"288\" height=\"201\" srcset=\"https:\/\/nabytoklaguna.sk\/sk\/wp-content\/uploads\/2017\/06\/Harme.jpg 1146w, https:\/\/nabytoklaguna.sk\/sk\/wp-content\/uploads\/2017\/06\/Harme-610x426.jpg 610w, https:\/\/nabytoklaguna.sk\/sk\/wp-content\/uploads\/2017\/06\/Harme-500x349.jpg 500w, https:\/\/nabytoklaguna.sk\/sk\/wp-content\/uploads\/2017\/06\/Harme-768x536.jpg 768w, https:\/\/nabytoklaguna.sk\/sk\/wp-content\/uploads\/2017\/06\/Harme-1024x715.jpg 1024w\" sizes=\"auto, (max-width: 288px) 100vw, 288px\" \/><\/p>\n<p>&nbsp;<\/p>\n<p><strong>Pl\u00e9d v po\u0165ahovej l\u00e1tke pod\u013ea vlastn\u00e9ho v\u00fdberu \u2013 53,- \u20ac (rozmery 250\u00d770 cm):<\/strong><\/p>\n<p><img loading=\"lazy\" decoding=\"async\" class=\"alignnone size-medium wp-image-62750\" src=\"https:\/\/i0.wp.com\/nabytoklaguna.sk\/sk\/wp-content\/uploads\/2017\/06\/Pl%C3%A9d.jpg?resize=500%2C290&amp;ssl=1\" alt=\"\" width=\"500\" height=\"290\" \/><\/p>\n","protected":false},"excerpt":{"rendered":"<p><img loading=\"lazy\" decoding=\"async\" class=\"alignnone size-full wp-image-82345\" src=\"https:\/\/nabytoklaguna.sk\/sk\/wp-content\/uploads\/2020\/05\/logo-\u010desk\u00fd-v\u00fdrobok.png\" alt=\"\" width=\"264\" height=\"191\" \/><\/p>\n","protected":false},"featured_media":82374,"comment_status":"closed","ping_status":"closed","template":"","meta":{"_seopress_robots_primary_cat":"none","_seopress_titles_title":"","_seopress_titles_desc":"","_seopress_robots_index":""},"product_brand":[],"product_cat":[234,209],"product_tag":[],"class_list":{"0":"post-82444","1":"product","2":"type-product","3":"status-publish","4":"has-post-thumbnail","6":"product_cat-detske-postele","7":"product_cat-detske-izby","9":"first","10":"instock","11":"sale","12":"shipping-taxable","13":"purchasable","14":"product-type-variable"},"_links":{"self":[{"href":"https:\/\/nabytoklaguna.sk\/sk\/wp-json\/wp\/v2\/product\/82444","targetHints":{"allow":["GET"]}}],"collection":[{"href":"https:\/\/nabytoklaguna.sk\/sk\/wp-json\/wp\/v2\/product"}],"about":[{"href":"https:\/\/nabytoklaguna.sk\/sk\/wp-json\/wp\/v2\/types\/product"}],"replies":[{"embeddable":true,"href":"https:\/\/nabytoklaguna.sk\/sk\/wp-json\/wp\/v2\/comments?post=82444"}],"wp:featuredmedia":[{"embeddable":true,"href":"https:\/\/nabytoklaguna.sk\/sk\/wp-json\/wp\/v2\/media\/82374"}],"wp:attachment":[{"href":"https:\/\/nabytoklaguna.sk\/sk\/wp-json\/wp\/v2\/media?parent=82444"}],"wp:term":[{"taxonomy":"product_brand","embeddable":true,"href":"https:\/\/nabytoklaguna.sk\/sk\/wp-json\/wp\/v2\/product_brand?post=82444"},{"taxonomy":"product_cat","embeddable":true,"href":"https:\/\/nabytoklaguna.sk\/sk\/wp-json\/wp\/v2\/product_cat?post=82444"},{"taxonomy":"product_tag","embeddable":true,"href":"https:\/\/nabytoklaguna.sk\/sk\/wp-json\/wp\/v2\/product_tag?post=82444"}],"curies":[{"name":"wp","href":"https:\/\/api.w.org\/{rel}","templated":true}]}}

OTTO s čelami

<p><strong>BOXSPRING EXTRA </strong>je modelová rada luxusných boxspringových postelí od renomovaného českého výrobcu, ktorá sa vyznačuje osobitým vzhľadom a starostlivým spracovaním do toho najmenšieho detailu. <strong>Posteľ OTTO</strong> je vyrobená z kvalitných materiálov a poskytuje maximálny relax a odpočinok. Na posteli <strong>OTTO </strong>zaujme <strong>čelami</strong> s moderným nadčasovým zvislým prešívaním, ktoré zapadne do každého interiéru. <strong>Rám postele </strong>je veľmi pevný a ponúka veľký úložný priestor prístupný zboku postele. <strong>Kvalitný lamelový rošt</strong> z masívneho dreva výrazne prispieva k pohodliu a životnosti postele.<strong> Pružinový matrac </strong>s nadštandardnou výškou a vyššou pevnosťou má tvarovú stálosť, je vzdušný, čo zabezpečuje správnu mikroklímu a komfort. K maximálnemu pohodliu prispeje horný matrac<strong> TOPPER EXTRA </strong>s jadrom z HR studenej peny s hrúbkou cca 6 cm. Poťah toppera Aloe Vera je snímateľný a prateľný.</p>
<p><strong>TOPPER EXTRA nie je v cene. Teraz je možné ho zakúpiť za zvýhodnenú cenu 121,- EUR!!!</strong></p>
<p><strong>Poťahovú</strong> látku si môžete <strong>vybrať</strong> v rôznych <strong>farbách</strong> a <strong>štýloch</strong>. <strong>Farbu</strong> nôh si môžete vybrať z<strong> piatich</strong> variantov – buk, čerešňa, orech, strieborná a čierna. Takisto je možné vybrať si <strong>typ</strong> <strong>nôh</strong>, a to zo <strong>šiestich</strong> variantov (výška 6 alebo 12 cm). Farbu a typ nožičiek prosím uveďte v <strong>poznámke</strong> objednávky. Posteľ je dodávaná v dvoch šírkach: <strong>80</strong> a <strong>90</strong> cm.</p>
<p><a href="https://nabytoklaguna.sk/sk/wp-content/uploads/2020/05/ND-Vzorkovn%C3%ADk-l%C3%A1tok.pdf">ND-Vzorkovník-látok.pdf</a></p>
<p>Nastavenie displeja môže spôsobiť odchýlku vo farbe vzoriek poťahových látok.</p>
<p>Vankúše a pléd nie sú v cene postele, možnosť dokúpiť pléd, dennú deku, taburetku  a vankúše (potrebné uviesť v poznámke objednávky) <strong><br />
</strong></p>
<table class="table-data-sheet">
<tbody>
<tr class="odd">
<td><strong>Rozmery postele:</strong> (ŠxVxH)</td>
<td>90 x 210 cm, Plocha na spanie: 80 x 200 cm</td>
</tr>
<tr class="even">
<td></td>
<td>100 x 210 cm, Plocha na spanie: 90 x 200 cm</td>
</tr>
<tr class="odd">
<td><strong>Výška ložnej plochy</strong>:</td>
<td>57 / 63 cm (podľa typu nôh)</td>
</tr>
<tr>
<td><strong>Rozmer čela:</strong> (ŠxV)<strong><br />
</strong></td>
<td>202 x 95 cm, 82 x 95 cm</td>
</tr>
<tr>
<td><strong> </strong></td>
<td>202 x 95 cm, 92 x 95 cm</td>
</tr>
<tr class="even">
<td><strong>Max. nosnosť postele</strong>:</td>
<td>130 kg</td>
</tr>
<tr>
<td><strong>Prevedenie nôh: </strong></td>
<td>výška 6 cm (typ 1, 2) alebo 12 cm (typ 3, 4, 5, 6)</td>
</tr>
</tbody>
</table>
<p><u><strong>Farebné prevedenie  a typy nôh – v cene postele (uveďte prosím v poznámke objednávky):</strong></u></p>
<p><img loading="lazy" decoding="async" class="alignnone size-medium wp-image-82336" src="https://i1.wp.com/nabytoklaguna.sk/sk/wp-content/uploads/2020/05/nd-nohy.jpg?resize=500%2C330&amp;ssl=1" alt="" width="500" height="330" srcset="https://nabytoklaguna.sk/sk/wp-content/uploads/2020/05/nd-nohy.jpg 839w, https://nabytoklaguna.sk/sk/wp-content/uploads/2020/05/nd-nohy-610x402.jpg 610w, https://nabytoklaguna.sk/sk/wp-content/uploads/2020/05/nd-nohy-500x330.jpg 500w, https://nabytoklaguna.sk/sk/wp-content/uploads/2020/05/nd-nohy-768x506.jpg 768w" sizes="auto, (max-width: 500px) 100vw, 500px" /></p>
<p>&nbsp;</p>
<p><strong>Možnosť dokúpiť vankúšiky:</strong></p>
<p><strong>A: 40 x 40 cm – 12 €</strong></p>
<p><strong>B: 60 x 60 cm – 20 €</strong></p>
<p><strong>C: 70 x 28 cm – 15 €</strong></p>
<p><img loading="lazy" decoding="async" class="alignnone size-medium wp-image-61674" src="https://i0.wp.com/nabytoklaguna.sk/sk/wp-content/uploads/2017/06/vankuse.jpg?resize=500%2C310&amp;ssl=1" alt="" width="500" height="310" srcset="https://nabytoklaguna.sk/sk/wp-content/uploads/2017/06/vankuse.jpg 1290w, https://nabytoklaguna.sk/sk/wp-content/uploads/2017/06/vankuse-610x378.jpg 610w, https://nabytoklaguna.sk/sk/wp-content/uploads/2017/06/vankuse-500x310.jpg 500w, https://nabytoklaguna.sk/sk/wp-content/uploads/2017/06/vankuse-768x476.jpg 768w, https://nabytoklaguna.sk/sk/wp-content/uploads/2017/06/vankuse-1024x635.jpg 1024w" sizes="auto, (max-width: 500px) 100vw, 500px" /></p>
<p><strong>Denná deka v látke podľa vlastného výberu – 100,- € (rozmery 260×150 cm):</strong></p>
<p><img loading="lazy" decoding="async" class="alignnone wp-image-62747" src="https://i1.wp.com/nabytoklaguna.sk/sk/wp-content/uploads/2017/06/Denn%C3%AD-deka.jpg?resize=308%2C227&amp;ssl=1" alt="" width="308" height="227" /></p>
<p><strong>Taburet v poťahovej látke postele podľa vlastného výberu – 92,- € (rozmery 40x101x33 cm):</strong></p>
<p><img loading="lazy" decoding="async" class="alignnone wp-image-62749" src="https://i2.wp.com/nabytoklaguna.sk/sk/wp-content/uploads/2017/06/Harme.jpg?resize=288%2C201&amp;ssl=1" alt="" width="288" height="201" srcset="https://nabytoklaguna.sk/sk/wp-content/uploads/2017/06/Harme.jpg 1146w, https://nabytoklaguna.sk/sk/wp-content/uploads/2017/06/Harme-610x426.jpg 610w, https://nabytoklaguna.sk/sk/wp-content/uploads/2017/06/Harme-500x349.jpg 500w, https://nabytoklaguna.sk/sk/wp-content/uploads/2017/06/Harme-768x536.jpg 768w, https://nabytoklaguna.sk/sk/wp-content/uploads/2017/06/Harme-1024x715.jpg 1024w" sizes="auto, (max-width: 288px) 100vw, 288px" /></p>
<p>&nbsp;</p>
<p><strong>Pléd v poťahovej látke podľa vlastného výberu – 53,- € (rozmery 250×70 cm):</strong></p>
<p><img loading="lazy" decoding="async" class="alignnone size-medium wp-image-62750" src="https://i0.wp.com/nabytoklaguna.sk/sk/wp-content/uploads/2017/06/Pl%C3%A9d.jpg?resize=500%2C290&amp;ssl=1" alt="" width="500" height="290" /></p>

<p><img loading="lazy" decoding="async" class="alignnone size-full wp-image-82345" src="https://nabytoklaguna.sk/sk/wp-content/uploads/2020/05/logo-český-výrobok.png" alt="" width="264" height="191" /></p>
