{"id":85412,"date":"2021-06-23T12:33:11","date_gmt":"2021-06-23T10:33:11","guid":{"rendered":"https:\/\/nabytoklaguna.sk\/sk\/?post_type=product&#038;p=85412"},"modified":"2025-11-18T11:31:41","modified_gmt":"2025-11-18T10:31:41","slug":"denver-postel","status":"publish","type":"product","link":"https:\/\/nabytoklaguna.sk\/sk\/produkt\/denver-postel\/","title":{"rendered":"DENVER poste\u013e"},"content":{"rendered":"<p>Z postele <strong>DENVER<\/strong> vy\u017earuje luxus. Elegancia a <strong>modern\u00fd dizajn<\/strong> si ur\u010dite z\u00edska Va\u0161u pozornos\u0165. Je vyroben\u00e1 z kvalitnej laminovanej DTD s <strong>\u00fapravou ABS<\/strong>, ktor\u00e1 predl\u017euje \u017eivotnos\u0165 tejto postele. V\u00e1\u0161mu oku neunikne \u010dielko s \u010dal\u00fanenou strednou \u010das\u0165ou z ekoko\u017ee v \u0161edej farbe. Samozrejmos\u0165ou je aj<strong> \u00falo\u017en\u00fd priestor<\/strong> vo <strong>forme z\u00e1suviek<\/strong>, ktor\u00fd sa nach\u00e1dza po oboch stran\u00e1ch postele.<\/p>\n<p><strong>S\u00fa\u010das\u0165ou postele je aj ro\u0161t v hodnote 80,- eur zo<\/strong> <strong>smrekov\u00e9ho dreva v cene postele<\/strong>. Modern\u00e1 poste\u013e<strong> DENVER<\/strong> sa dokonale hod\u00ed do modernej \u010di tradi\u010dnej sp\u00e1lne. V\u010faka kvalitn\u00e9mu spracovaniu a modernej farebnej kombin\u00e1cii, budete s touto poste\u013eou nadmieru spokojn\u00ed.<\/p>\n<p>&nbsp;<\/p>\n<p><strong>Poste\u013e Denver je tou spr\u00e1vnou vo\u013ebou ak:<\/strong><\/p>\n<ol>\n<li>Chcete klasicky navrhnut\u00fa poste\u013e<\/li>\n<li>Chcete ma\u0165 dostatok priestoru pre kvalitn\u00fd a pokojn\u00fd sp\u00e1nok<\/li>\n<li>Chcete pohodln\u00e9 \u010delo postele, ktor\u00e9 poskytuje tepl\u00e9 \u00fato\u010disko a ide\u00e1lne operadlo na \u010d\u00edtanie v posteli<\/li>\n<li>Chcete poste\u013e, v ktorej si m\u00f4\u017eete dovoli\u0165 nieko\u013eko rokov kvalitn\u00e9ho odpo\u010dinku<\/li>\n<\/ol>\n<p>&nbsp;<\/p>\n<p><strong>VLASTNOSTI<\/strong><\/p>\n<table>\n<tbody>\n<tr>\n<td><strong>Rozmer postele(\u0160xDxV):180<\/strong><\/td>\n<td>184,5 x 204,5 x90 cm<\/td>\n<\/tr>\n<tr>\n<td><strong>Rozmer postele(\u0160xDxV):160<\/strong><\/td>\n<td>164,5&#215;204,5x90cm<\/td>\n<\/tr>\n<tr>\n<td><strong>Plocha na spanie:180<\/strong><\/td>\n<td>180x200cm<\/td>\n<\/tr>\n<tr>\n<td><strong>Plocha na spanie:160<\/strong><\/td>\n<td>160x200cm<\/td>\n<\/tr>\n<tr>\n<td><strong>\u00dalo\u017en\u00fd priestor:<\/strong><\/td>\n<td>\u00c1NO<\/td>\n<\/tr>\n<tr>\n<td><strong>Ro\u0161t:<\/strong><\/td>\n<td>\u00c1NO<\/td>\n<\/tr>\n<tr>\n<td><strong>Materi\u00e1l:<\/strong><\/td>\n<td>DTD laminovan\u00e1, ABS<\/td>\n<\/tr>\n<tr>\n<td><strong>Farebn\u00e9 prevedenie:<\/strong><\/td>\n<td>Dub artisan\/bazalt<\/td>\n<\/tr>\n<tr>\n<td><strong>V\u00fd\u0161ka sedu:<\/strong><\/td>\n<td>46 cm<\/td>\n<\/tr>\n<tr>\n<td><strong>No\u010dn\u00fd stol\u00edk\u00a0(\u0160xHxV):<\/strong><\/td>\n<td>45 x 40 x 46 cm<\/td>\n<\/tr>\n<\/tbody>\n<\/table>\n<table style=\"width: 100%;\" border=\"0\" cellspacing=\"1\" cellpadding=\"1\">\n<tbody>\n<tr>\n<td style=\"width: 31.1206%;\"><img loading=\"lazy\" decoding=\"async\" class=\"\" src=\"https:\/\/i2.wp.com\/nabytoklaguna.sk\/sk\/wp-content\/uploads\/2021\/01\/matrac-LENNA.jpg?resize=252%2C252&amp;ssl=1\" width=\"259\" height=\"259\" \/><\/td>\n<td style=\"width: 68.7366%;\"><u><strong>Matrac LENNA:<\/strong><\/u><\/p>\n<p>Kvalitn\u00fd 5-z\u00f3nov\u00fd profilovan\u00fd matrac Lenna je z\u00e1stupcom matracov bez pou\u017eitia lepidiel. \u0160peci\u00e1lne jadro tvoria dva d\u00f4myselne rezan\u00e9 diely z kvalitn\u00fdch polyuret\u00e1nov\u00fdch Sleepfoam pien. Pri sp\u00e1nku umo\u017e\u0148uje tento matrac bez lepidiel pohyb pien v\u010faka vo\u013en\u00e9mu ulo\u017eeniu a t\u00fdm vyhovuje individu\u00e1lnym potreb\u00e1m u\u017e\u00edvate\u013ea. V\u010faka rozdielnym objemov\u00fdm hmotnostiam Sleepfoam pien tento matrac poskytuje tvrd\u0161iu a m\u00e4k\u0161iu stranu. Matrac je ur\u010den\u00fd pre v\u00e1hov\u00fa kateg\u00f3riu do 100 kg. Celkov\u00e1 v\u00fd\u0161ka matraca je 17 cm. Po\u0165ah je z kvalitn\u00e9ho \u00fapletu, z\u00f3novo pre\u0161it\u00fd, delite\u013en\u00fd a na jeho v\u00fdrobu je pou\u017eit\u00e9 r\u00fano vysokej gram\u00e1\u017ee. Po\u0165ah je prate\u013en\u00fd na 60 \u00baC.<\/td>\n<\/tr>\n<tr>\n<td style=\"width: 31.1206%;\">&nbsp;<\/p>\n<p><img loading=\"lazy\" decoding=\"async\" class=\"\" src=\"https:\/\/i1.wp.com\/nabytoklaguna.sk\/sk\/wp-content\/uploads\/2021\/01\/matrac-VENDY.jpg?resize=258%2C258&amp;ssl=1\" width=\"259\" height=\"259\" \/><\/td>\n<td style=\"width: 68.7366%;\"><strong><u>Matrac VENDY:<\/u><\/strong><\/p>\n<p>Luxusn\u00fd matrac tvor\u00ed z oboch str\u00e1n a\u017e 9 cm vysok\u00e1 vrstva polyuret\u00e1novej peny. Ru\u017eov\u00e1 (m\u00e4kk\u0161ia) pena je gram\u00e1\u017ee 25 kg \/ m3 a zelen\u00e1 ( tvrd\u0161ia ) a\u017e 28 kg \/ m3. V\u00fdrazn\u00e9 profilovanie povrchu oboch pien zabezpe\u010d\u00ed spr\u00e1vny a z\u00e1rove\u0148 ve\u013emi kvalitn\u00fd sp\u00e1nkov\u00fd komfort, v\u010faka ktor\u00e9mu je zaru\u010den\u00e9 od\u013eah\u010denie exponovan\u00fdch miest na tele. T\u00fdm sa zrete\u013ene zlep\u0161uje prekrvenie poko\u017eky a uvo\u013enenie svalov. Pre dosiahnutie nosnosti 130 kg je matrac spevnen\u00fd 4 cm vrstvou RE peny. Celkov\u00e1 v\u00fd\u0161ka vr\u00e1tane po\u0165ahu ALOE VERA je 23 cm. Po\u0165ah je z ALOE VERA. Po\u0165ah je prate\u013en\u00fd na 60 \u00baC.<\/td>\n<\/tr>\n<\/tbody>\n<\/table>\n<p>&nbsp;<\/p>\n","protected":false},"excerpt":{"rendered":"<p>Z postele DENVER vy\u017earuje luxus. Elegancia a modern\u00fd dizajn si ur\u010dite z\u00edska Va\u0161u pozornos\u0165. Je vyroben\u00e1 z kvalitnej laminovanej DTD s \u00fapravou ABS, ktor\u00e1 predl\u017euje \u017eivotnos\u0165 tejto postele. V\u00e1\u0161mu oku neunikne \u010dielko s \u010dal\u00fanenou strednou \u010das\u0165ou z ekoko\u017ee v \u0161edej farbe. Samozrejmos\u0165ou je aj \u00falo\u017en\u00fd priestor vo forme z\u00e1suviek, ktor\u00fd sa nach\u00e1dza po oboch stran\u00e1ch&#8230;<\/p>\n","protected":false},"featured_media":85491,"comment_status":"closed","ping_status":"closed","template":"","meta":{"_seopress_robots_primary_cat":"4012","_seopress_titles_title":"","_seopress_titles_desc":"","_seopress_robots_index":""},"product_brand":[],"product_cat":[4012,616],"product_tag":[],"class_list":{"0":"post-85412","1":"product","2":"type-product","3":"status-publish","4":"has-post-thumbnail","6":"product_cat-postele","7":"product_cat-drevene-postele","8":"pa_style-bez-matraca","9":"pa_style-s-matracom-lenna-80x200-2ks","10":"pa_style-s-matracom-lenna-90x200-2-ks","11":"pa_style-s-matracom-vendy-80x200-2ks","12":"pa_style-s-matracom-vendy-90x200-2ks","14":"first","15":"instock","16":"sale","17":"shipping-taxable","18":"purchasable","19":"product-type-variable"},"_links":{"self":[{"href":"https:\/\/nabytoklaguna.sk\/sk\/wp-json\/wp\/v2\/product\/85412","targetHints":{"allow":["GET"]}}],"collection":[{"href":"https:\/\/nabytoklaguna.sk\/sk\/wp-json\/wp\/v2\/product"}],"about":[{"href":"https:\/\/nabytoklaguna.sk\/sk\/wp-json\/wp\/v2\/types\/product"}],"replies":[{"embeddable":true,"href":"https:\/\/nabytoklaguna.sk\/sk\/wp-json\/wp\/v2\/comments?post=85412"}],"wp:featuredmedia":[{"embeddable":true,"href":"https:\/\/nabytoklaguna.sk\/sk\/wp-json\/wp\/v2\/media\/85491"}],"wp:attachment":[{"href":"https:\/\/nabytoklaguna.sk\/sk\/wp-json\/wp\/v2\/media?parent=85412"}],"wp:term":[{"taxonomy":"product_brand","embeddable":true,"href":"https:\/\/nabytoklaguna.sk\/sk\/wp-json\/wp\/v2\/product_brand?post=85412"},{"taxonomy":"product_cat","embeddable":true,"href":"https:\/\/nabytoklaguna.sk\/sk\/wp-json\/wp\/v2\/product_cat?post=85412"},{"taxonomy":"product_tag","embeddable":true,"href":"https:\/\/nabytoklaguna.sk\/sk\/wp-json\/wp\/v2\/product_tag?post=85412"}],"curies":[{"name":"wp","href":"https:\/\/api.w.org\/{rel}","templated":true}]}}

DENVER posteľ

<p>Z postele <strong>DENVER</strong> vyžaruje luxus. Elegancia a <strong>moderný dizajn</strong> si určite získa Vašu pozornosť. Je vyrobená z kvalitnej laminovanej DTD s <strong>úpravou ABS</strong>, ktorá predlžuje životnosť tejto postele. Vášmu oku neunikne čielko s čalúnenou strednou časťou z ekokože v šedej farbe. Samozrejmosťou je aj<strong> úložný priestor</strong> vo <strong>forme zásuviek</strong>, ktorý sa nachádza po oboch stranách postele.</p>
<p><strong>Súčasťou postele je aj rošt v hodnote 80,- eur zo</strong> <strong>smrekového dreva v cene postele</strong>. Moderná posteľ<strong> DENVER</strong> sa dokonale hodí do modernej či tradičnej spálne. Vďaka kvalitnému spracovaniu a modernej farebnej kombinácii, budete s touto posteľou nadmieru spokojní.</p>
<p>&nbsp;</p>
<p><strong>Posteľ Denver je tou správnou voľbou ak:</strong></p>
<ol>
<li>Chcete klasicky navrhnutú posteľ</li>
<li>Chcete mať dostatok priestoru pre kvalitný a pokojný spánok</li>
<li>Chcete pohodlné čelo postele, ktoré poskytuje teplé útočisko a ideálne operadlo na čítanie v posteli</li>
<li>Chcete posteľ, v ktorej si môžete dovoliť niekoľko rokov kvalitného odpočinku</li>
</ol>
<p>&nbsp;</p>
<p><strong>VLASTNOSTI</strong></p>
<table>
<tbody>
<tr>
<td><strong>Rozmer postele(ŠxDxV):180</strong></td>
<td>184,5 x 204,5 x90 cm</td>
</tr>
<tr>
<td><strong>Rozmer postele(ŠxDxV):160</strong></td>
<td>164,5&#215;204,5x90cm</td>
</tr>
<tr>
<td><strong>Plocha na spanie:180</strong></td>
<td>180x200cm</td>
</tr>
<tr>
<td><strong>Plocha na spanie:160</strong></td>
<td>160x200cm</td>
</tr>
<tr>
<td><strong>Úložný priestor:</strong></td>
<td>ÁNO</td>
</tr>
<tr>
<td><strong>Rošt:</strong></td>
<td>ÁNO</td>
</tr>
<tr>
<td><strong>Materiál:</strong></td>
<td>DTD laminovaná, ABS</td>
</tr>
<tr>
<td><strong>Farebné prevedenie:</strong></td>
<td>Dub artisan/bazalt</td>
</tr>
<tr>
<td><strong>Výška sedu:</strong></td>
<td>46 cm</td>
</tr>
<tr>
<td><strong>Nočný stolík (ŠxHxV):</strong></td>
<td>45 x 40 x 46 cm</td>
</tr>
</tbody>
</table>
<table style="width: 100%;" border="0" cellspacing="1" cellpadding="1">
<tbody>
<tr>
<td style="width: 31.1206%;"><img loading="lazy" decoding="async" class="" src="https://i2.wp.com/nabytoklaguna.sk/sk/wp-content/uploads/2021/01/matrac-LENNA.jpg?resize=252%2C252&amp;ssl=1" width="259" height="259" /></td>
<td style="width: 68.7366%;"><u><strong>Matrac LENNA:</strong></u></p>
<p>Kvalitný 5-zónový profilovaný matrac Lenna je zástupcom matracov bez použitia lepidiel. Špeciálne jadro tvoria dva dômyselne rezané diely z kvalitných polyuretánových Sleepfoam pien. Pri spánku umožňuje tento matrac bez lepidiel pohyb pien vďaka voľnému uloženiu a tým vyhovuje individuálnym potrebám užívateľa. Vďaka rozdielnym objemovým hmotnostiam Sleepfoam pien tento matrac poskytuje tvrdšiu a mäkšiu stranu. Matrac je určený pre váhovú kategóriu do 100 kg. Celková výška matraca je 17 cm. Poťah je z kvalitného úpletu, zónovo prešitý, deliteľný a na jeho výrobu je použité rúno vysokej gramáže. Poťah je prateľný na 60 ºC.</td>
</tr>
<tr>
<td style="width: 31.1206%;">&nbsp;</p>
<p><img loading="lazy" decoding="async" class="" src="https://i1.wp.com/nabytoklaguna.sk/sk/wp-content/uploads/2021/01/matrac-VENDY.jpg?resize=258%2C258&amp;ssl=1" width="259" height="259" /></td>
<td style="width: 68.7366%;"><strong><u>Matrac VENDY:</u></strong></p>
<p>Luxusný matrac tvorí z oboch strán až 9 cm vysoká vrstva polyuretánovej peny. Ružová (mäkkšia) pena je gramáže 25 kg / m3 a zelená ( tvrdšia ) až 28 kg / m3. Výrazné profilovanie povrchu oboch pien zabezpečí správny a zároveň veľmi kvalitný spánkový komfort, vďaka ktorému je zaručené odľahčenie exponovaných miest na tele. Tým sa zreteľne zlepšuje prekrvenie pokožky a uvoľnenie svalov. Pre dosiahnutie nosnosti 130 kg je matrac spevnený 4 cm vrstvou RE peny. Celková výška vrátane poťahu ALOE VERA je 23 cm. Poťah je z ALOE VERA. Poťah je prateľný na 60 ºC.</td>
</tr>
</tbody>
</table>
<p>&nbsp;</p>

<p>Z postele DENVER vyžaruje luxus. Elegancia a moderný dizajn si určite získa Vašu pozornosť. Je vyrobená z kvalitnej laminovanej DTD s úpravou ABS, ktorá predlžuje životnosť tejto postele. Vášmu oku neunikne čielko s čalúnenou strednou časťou z ekokože v šedej farbe. Samozrejmosťou je aj úložný priestor vo forme zásuviek, ktorý sa nachádza po oboch stranách&#8230;</p>
