{"id":89793,"date":"2021-05-30T13:46:44","date_gmt":"2021-05-30T11:46:44","guid":{"rendered":"https:\/\/nabytoklaguna.sk\/sk\/?post_type=product&#038;p=89793"},"modified":"2025-02-12T13:37:04","modified_gmt":"2025-02-12T12:37:04","slug":"stg-mia","status":"publish","type":"product","link":"https:\/\/nabytoklaguna.sk\/sk\/produkt\/stg-mia\/","title":{"rendered":"STG MIA"},"content":{"rendered":"<p><strong>Elegantn\u00e1 rohov\u00e1<\/strong> sedacia s\u00faprava<strong> MIA<\/strong>\u00a0si z\u00edska najm\u00e4 milovn\u00edkov retro \u0161t\u00fdlu. Sedenie je <strong>jemne pre\u0161\u00edvan\u00e9<\/strong> a na prv\u00fd poh\u013ead si zamilujete <strong>vysok\u00e9 dreven\u00e9 no\u017ei\u010dky<\/strong>. O pohodlie pri seden\u00ed sa postar\u00e1 pru\u017eina <strong>FALISTA<\/strong> a pur pena. V\u010fake tomuto jadru bude sedenie stredne tvrd\u00e9. Funkcia <strong>rozkladu a \u00falo\u017en\u00fd priestor<\/strong> nesm\u00fa ch\u00fdba\u0165 pri takejto<strong> kr\u00e1snej<\/strong> elegantnej sedacej s\u00faprave. <strong>Mo\u017enos\u0165 v\u00fdberu<\/strong> prav\u00e9ho alebo \u013eav\u00e9ho prevedenia. Fotka je len ilustra\u010dn\u00e1.<\/p>\n<p><strong>Cena<\/strong>\u00a0<strong>sa men\u00ed v z\u00e1vislosti od v\u00fdberu po\u0165ahovej l\u00e1tky. Cena je uveden\u00e1 v cenovej skupine 0.<\/strong><\/p>\n<p><strong>VZORKOVN\u00cdK L\u00c1TOK<\/strong><\/p>\n<p><a href=\"https:\/\/nabytoklaguna.sk\/sk\/wp-content\/uploads\/2021\/02\/stagra-vzorkovniky.docx\"><img loading=\"lazy\" decoding=\"async\" class=\"alignnone size-full wp-image-100592\" src=\"https:\/\/nabytoklaguna.sk\/sk\/wp-content\/uploads\/2021\/01\/tlacidlo-vzorkovnik-latok-2.jpg\" alt=\"tlacidlo vzorkovnik latok (2)\" width=\"100\" height=\"100\" \/><\/a><\/p>\n<h3 class=\"page-product-heading\">VLASTNOSTI<\/h3>\n<table class=\"table-data-sheet\">\n<tbody>\n<tr class=\"odd\">\n<td>H\u013abka<\/td>\n<td>163 cm<\/td>\n<\/tr>\n<tr class=\"even\">\n<td>\u0160\u00edrka<\/td>\n<td>230 cm<\/td>\n<\/tr>\n<tr class=\"odd\">\n<td>V\u00fd\u0161ka<\/td>\n<td>88cm<\/td>\n<\/tr>\n<tr class=\"even\">\n<td>Vhodn\u00e1 miestnos\u0165<\/td>\n<td>ob\u00fdva\u010dka, spolo\u010densk\u00e1 miestnos\u0165, hotely, kaviarne<\/td>\n<\/tr>\n<tr class=\"odd\">\n<td>Typ n\u00e1bytku<\/td>\n<td>rohov\u00e1 sedacia s\u00faprava<\/td>\n<\/tr>\n<tr class=\"even\">\n<td>\u0160t\u00fdl n\u00e1bytku<\/td>\n<td>modern\u00fd<\/td>\n<\/tr>\n<tr class=\"odd\">\n<td>Z\u00e1ruka<\/td>\n<td>2 roky<\/td>\n<\/tr>\n<tr class=\"even\">\n<td>Sp\u00f4sob dodania<\/td>\n<td>demont v dvoch bal\u00edkoch<\/td>\n<\/tr>\n<tr class=\"odd\">\n<td>Hmotnos\u0165<\/td>\n<td>120 kg<\/td>\n<\/tr>\n<tr class=\"even\">\n<td>\u00dalo\u017en\u00fd priestor<\/td>\n<td>\u00e1no<\/td>\n<\/tr>\n<tr class=\"odd\">\n<td>Rohov\u00e9 prevedenie<\/td>\n<td>\u00e1no<\/td>\n<\/tr>\n<tr class=\"even\">\n<td>V\u00fd\u0161ka sed\u00e1ka<\/td>\n<td>45 cm<\/td>\n<\/tr>\n<tr class=\"odd\">\n<td>V\u00fd\u0161ka zadn\u00e9ho \u010dela<\/td>\n<td>max. 90 cm<\/td>\n<\/tr>\n<tr class=\"even\">\n<td>Mo\u017enos\u0165 rozkladania<\/td>\n<td>\u00e1no<\/td>\n<\/tr>\n<tr class=\"odd\">\n<td>Plocha po rozlo\u017een\u00ed<\/td>\n<td>145\u00d7200 cm<\/td>\n<\/tr>\n<tr class=\"even\">\n<td>Kon\u0161trukcia<\/td>\n<td>DTD<\/td>\n<\/tr>\n<tr class=\"odd\">\n<td>N\u00f4\u017eky<\/td>\n<td>drevo<\/td>\n<\/tr>\n<tr class=\"even\">\n<td>Obsahuje vank\u00fa\u0161e<\/td>\n<td>\u00e1no<\/td>\n<\/tr>\n<tr class=\"odd\">\n<td>Nastavenie opierok<\/td>\n<td>nie<\/td>\n<\/tr>\n<tr class=\"even\">\n<td>V\u00fdpl\u0148 seda\u010dky<\/td>\n<td>pena+ pru\u017eina<\/td>\n<\/tr>\n<\/tbody>\n<\/table>\n<p>&nbsp;<\/p>\n","protected":false},"excerpt":{"rendered":"<p>Elegantn\u00e1 rohov\u00e1 sedacia s\u00faprava MIA\u00a0si z\u00edska najm\u00e4 milovn\u00edkov retro \u0161t\u00fdlu. Sedenie je jemne pre\u0161\u00edvan\u00e9 a na prv\u00fd poh\u013ead si zamilujete vysok\u00e9 dreven\u00e9 no\u017ei\u010dky. O pohodlie pri seden\u00ed sa postar\u00e1 pru\u017eina FALISTA a pur pena. V\u010fake tomuto jadru bude sedenie stredne tvrd\u00e9. Funkcia rozkladu a \u00falo\u017en\u00fd priestor nesm\u00fa ch\u00fdba\u0165 pri takejto kr\u00e1snej elegantnej sedacej s\u00faprave. Mo\u017enos\u0165&#8230;<\/p>\n","protected":false},"featured_media":89795,"comment_status":"closed","ping_status":"closed","template":"","meta":{"_seopress_robots_primary_cat":"140","_seopress_titles_title":"","_seopress_titles_desc":"","_seopress_robots_index":""},"product_brand":[],"product_cat":[255,140],"product_tag":[],"class_list":{"0":"post-89793","1":"product","2":"type-product","3":"status-publish","4":"has-post-thumbnail","6":"product_cat-rohove-supravy","7":"product_cat-sedacie-supravy","9":"first","10":"onbackorder","11":"shipping-taxable","12":"purchasable","13":"product-type-variable"},"_links":{"self":[{"href":"https:\/\/nabytoklaguna.sk\/sk\/wp-json\/wp\/v2\/product\/89793","targetHints":{"allow":["GET"]}}],"collection":[{"href":"https:\/\/nabytoklaguna.sk\/sk\/wp-json\/wp\/v2\/product"}],"about":[{"href":"https:\/\/nabytoklaguna.sk\/sk\/wp-json\/wp\/v2\/types\/product"}],"replies":[{"embeddable":true,"href":"https:\/\/nabytoklaguna.sk\/sk\/wp-json\/wp\/v2\/comments?post=89793"}],"wp:featuredmedia":[{"embeddable":true,"href":"https:\/\/nabytoklaguna.sk\/sk\/wp-json\/wp\/v2\/media\/89795"}],"wp:attachment":[{"href":"https:\/\/nabytoklaguna.sk\/sk\/wp-json\/wp\/v2\/media?parent=89793"}],"wp:term":[{"taxonomy":"product_brand","embeddable":true,"href":"https:\/\/nabytoklaguna.sk\/sk\/wp-json\/wp\/v2\/product_brand?post=89793"},{"taxonomy":"product_cat","embeddable":true,"href":"https:\/\/nabytoklaguna.sk\/sk\/wp-json\/wp\/v2\/product_cat?post=89793"},{"taxonomy":"product_tag","embeddable":true,"href":"https:\/\/nabytoklaguna.sk\/sk\/wp-json\/wp\/v2\/product_tag?post=89793"}],"curies":[{"name":"wp","href":"https:\/\/api.w.org\/{rel}","templated":true}]}}

<p><strong>Elegantná rohová</strong> sedacia súprava<strong> MIA</strong> si získa najmä milovníkov retro štýlu. Sedenie je <strong>jemne prešívané</strong> a na prvý pohľad si zamilujete <strong>vysoké drevené nožičky</strong>. O pohodlie pri sedení sa postará pružina <strong>FALISTA</strong> a pur pena. Vďake tomuto jadru bude sedenie stredne tvrdé. Funkcia <strong>rozkladu a úložný priestor</strong> nesmú chýbať pri takejto<strong> krásnej</strong> elegantnej sedacej súprave. <strong>Možnosť výberu</strong> pravého alebo ľavého prevedenia. Fotka je len ilustračná.</p>
<p><strong>Cena</strong> <strong>sa mení v závislosti od výberu poťahovej látky. Cena je uvedená v cenovej skupine 0.</strong></p>
<p><strong>VZORKOVNÍK LÁTOK</strong></p>
<p><a href="https://nabytoklaguna.sk/sk/wp-content/uploads/2021/02/stagra-vzorkovniky.docx"><img loading="lazy" decoding="async" class="alignnone size-full wp-image-100592" src="https://nabytoklaguna.sk/sk/wp-content/uploads/2021/01/tlacidlo-vzorkovnik-latok-2.jpg" alt="tlacidlo vzorkovnik latok (2)" width="100" height="100" /></a></p>
<h3 class="page-product-heading">VLASTNOSTI</h3>
<table class="table-data-sheet">
<tbody>
<tr class="odd">
<td>Hĺbka</td>
<td>163 cm</td>
</tr>
<tr class="even">
<td>Šírka</td>
<td>230 cm</td>
</tr>
<tr class="odd">
<td>Výška</td>
<td>88cm</td>
</tr>
<tr class="even">
<td>Vhodná miestnosť</td>
<td>obývačka, spoločenská miestnosť, hotely, kaviarne</td>
</tr>
<tr class="odd">
<td>Typ nábytku</td>
<td>rohová sedacia súprava</td>
</tr>
<tr class="even">
<td>Štýl nábytku</td>
<td>moderný</td>
</tr>
<tr class="odd">
<td>Záruka</td>
<td>2 roky</td>
</tr>
<tr class="even">
<td>Spôsob dodania</td>
<td>demont v dvoch balíkoch</td>
</tr>
<tr class="odd">
<td>Hmotnosť</td>
<td>120 kg</td>
</tr>
<tr class="even">
<td>Úložný priestor</td>
<td>áno</td>
</tr>
<tr class="odd">
<td>Rohové prevedenie</td>
<td>áno</td>
</tr>
<tr class="even">
<td>Výška sedáka</td>
<td>45 cm</td>
</tr>
<tr class="odd">
<td>Výška zadného čela</td>
<td>max. 90 cm</td>
</tr>
<tr class="even">
<td>Možnosť rozkladania</td>
<td>áno</td>
</tr>
<tr class="odd">
<td>Plocha po rozložení</td>
<td>145×200 cm</td>
</tr>
<tr class="even">
<td>Konštrukcia</td>
<td>DTD</td>
</tr>
<tr class="odd">
<td>Nôžky</td>
<td>drevo</td>
</tr>
<tr class="even">
<td>Obsahuje vankúše</td>
<td>áno</td>
</tr>
<tr class="odd">
<td>Nastavenie opierok</td>
<td>nie</td>
</tr>
<tr class="even">
<td>Výplň sedačky</td>
<td>pena+ pružina</td>
</tr>
</tbody>
</table>
<p>&nbsp;</p>

<p>Elegantná rohová sedacia súprava MIA si získa najmä milovníkov retro štýlu. Sedenie je jemne prešívané a na prvý pohľad si zamilujete vysoké drevené nožičky. O pohodlie pri sedení sa postará pružina FALISTA a pur pena. Vďake tomuto jadru bude sedenie stredne tvrdé. Funkcia rozkladu a úložný priestor nesmú chýbať pri takejto krásnej elegantnej sedacej súprave. Možnosť&#8230;</p>
