{"id":89960,"date":"2021-05-30T13:46:44","date_gmt":"2021-05-30T11:46:44","guid":{"rendered":"https:\/\/nabytoklaguna.sk\/sk\/?post_type=product&#038;p=89960"},"modified":"2025-11-19T09:33:32","modified_gmt":"2025-11-19T08:33:32","slug":"stg-tonus-u","status":"publish","type":"product","link":"https:\/\/nabytoklaguna.sk\/sk\/produkt\/stg-tonus-u\/","title":{"rendered":"STG VASTO U"},"content":{"rendered":"<p>Elegantn\u00e1\u00a0 sedacia s\u00faprava<strong> VASTO\u00a0 U<\/strong> sa vyzna\u010duje svojimi \u010dist\u00fdmi l\u00edniami. Hlbok\u00e9 sedenie a pohodln\u00e1 chrbtov\u00e1 \u010das\u0165 V\u00e1m poskytne dokonal\u00fd oddych po n\u00e1ro\u010dnom dni v pr\u00e1ci. Sez\u00f3nne veci odlo\u017e\u00edte v \u00falo\u017enom ,ktor\u00fd n\u00e1jdete v kon\u0161trukcii sedacej s\u00fapravy. Jednoduch\u00fdmi krokmi premen\u00edte sedaciu s\u00fapravu na plochu pre pr\u00edle\u017eitostn\u00e9 spanie pre V\u00e1s \u010di Va\u0161\u00edch bl\u00edzkych. Komfortn\u00e9 sedenie zabezpe\u010d\u00ed pru\u017eina FALISTA a v kombin\u00e1cii s polyuret\u00e1novou penou bude sedenie stredne m\u00e4kk\u00e9. Mo\u017enos\u0165 v\u00fdberu prav\u00e9ho alebo \u013eav\u00e9ho prevedenia. T\u00e1to sedacia s\u00faprava V\u00e1m poskytne dostatok miesta na sedenie.<\/p>\n<p>Fotka je len <strong>ilustra\u010dn\u00e1.\u00a0 \u00a0 \u00a0<\/strong><\/p>\n<p><strong>Cena<\/strong> <strong>sa men\u00ed v z\u00e1vislosti od v\u00fdberu po\u0165ahovej l\u00e1tky. Cena je uveden\u00e1 v cenovej skupine 0.<\/strong><\/p>\n<p><strong>VZORKOVN\u00cdK L\u00c1TOK<\/strong><\/p>\n<p><a href=\"https:\/\/nabytoklaguna.sk\/sk\/wp-content\/uploads\/2021\/02\/stagra-vzorkovniky.docx\"><img loading=\"lazy\" decoding=\"async\" class=\"alignnone size-full wp-image-100592\" src=\"https:\/\/nabytoklaguna.sk\/sk\/wp-content\/uploads\/2021\/01\/tlacidlo-vzorkovnik-latok-2.jpg\" alt=\"tlacidlo vzorkovnik latok (2)\" width=\"100\" height=\"100\" \/><\/a><\/p>\n<h3 class=\"page-product-heading\">VLASTNOSTI<\/h3>\n<table class=\"table-data-sheet\">\n<tbody>\n<tr class=\"odd\">\n<td>H\u013abka<\/td>\n<td>255\/280 cm<\/td>\n<\/tr>\n<tr class=\"even\">\n<td>\u0160\u00edrka<\/td>\n<td>360 cm<\/td>\n<\/tr>\n<tr class=\"odd\">\n<td>V\u00fd\u0161ka<\/td>\n<td>74-90cm<\/td>\n<\/tr>\n<tr class=\"even\">\n<td>Vhodn\u00e1 miestnos\u0165<\/td>\n<td>ob\u00fdva\u010dka, spolo\u010densk\u00e1 miestnos\u0165, hotely, kaviarne<\/td>\n<\/tr>\n<tr class=\"odd\">\n<td>Typ n\u00e1bytku<\/td>\n<td>\u00a0sedacia s\u00faprava v tvare U<\/td>\n<\/tr>\n<tr class=\"even\">\n<td>\u0160t\u00fdl n\u00e1bytku<\/td>\n<td>modern\u00fd<\/td>\n<\/tr>\n<tr class=\"odd\">\n<td>Z\u00e1ruka<\/td>\n<td>2 roky<\/td>\n<\/tr>\n<tr class=\"even\">\n<td>Sp\u00f4sob dodania<\/td>\n<td>demont v troch bal\u00edkoch<\/td>\n<\/tr>\n<tr class=\"odd\">\n<td>Hmotnos\u0165<\/td>\n<td>145 kg<\/td>\n<\/tr>\n<tr class=\"even\">\n<td>\u00dalo\u017en\u00fd priestor<\/td>\n<td>\u00e1no<\/td>\n<\/tr>\n<tr class=\"odd\">\n<td>Rohov\u00e9 prevedenie<\/td>\n<td>\u00e1no<\/td>\n<\/tr>\n<tr class=\"even\">\n<td>V\u00fd\u0161ka sed\u00e1ka<\/td>\n<td>44 cm<\/td>\n<\/tr>\n<tr class=\"odd\">\n<td>V\u00fd\u0161ka zadn\u00e9ho \u010dela<\/td>\n<td>max. 90 cm<\/td>\n<\/tr>\n<tr class=\"even\">\n<td>Mo\u017enos\u0165 rozkladania<\/td>\n<td>\u00e1no<\/td>\n<\/tr>\n<tr class=\"odd\">\n<td>Plocha na spanie<\/td>\n<td>131x270cm<\/td>\n<\/tr>\n<tr class=\"even\">\n<td>Kon\u0161trukcia<\/td>\n<td>DTD<\/td>\n<\/tr>\n<tr class=\"odd\">\n<td>N\u00f4\u017eky<\/td>\n<td>kov<\/td>\n<\/tr>\n<tr class=\"even\">\n<td>Obsahuje vank\u00fa\u0161e<\/td>\n<td>nie<\/td>\n<\/tr>\n<tr class=\"odd\">\n<td>Nastavenie opierok<\/td>\n<td>nie<\/td>\n<\/tr>\n<tr class=\"even\">\n<td>V\u00fdpl\u0148 seda\u010dky<\/td>\n<td>pena+ pru\u017eina<\/td>\n<\/tr>\n<\/tbody>\n<\/table>\n","protected":false},"excerpt":{"rendered":"<p>Elegantn\u00e1\u00a0 sedacia s\u00faprava VASTO\u00a0 U sa vyzna\u010duje svojimi \u010dist\u00fdmi l\u00edniami. Hlbok\u00e9 sedenie a pohodln\u00e1 chrbtov\u00e1 \u010das\u0165 V\u00e1m poskytne dokonal\u00fd oddych po n\u00e1ro\u010dnom dni v pr\u00e1ci. Sez\u00f3nne veci odlo\u017e\u00edte v \u00falo\u017enom ,ktor\u00fd n\u00e1jdete v kon\u0161trukcii sedacej s\u00fapravy. Jednoduch\u00fdmi krokmi premen\u00edte sedaciu s\u00fapravu na plochu pre pr\u00edle\u017eitostn\u00e9 spanie pre V\u00e1s \u010di Va\u0161\u00edch bl\u00edzkych. Komfortn\u00e9 sedenie zabezpe\u010d\u00ed pru\u017eina&#8230;<\/p>\n","protected":false},"featured_media":89961,"comment_status":"closed","ping_status":"closed","template":"","meta":{"_seopress_robots_primary_cat":"140","_seopress_titles_title":"","_seopress_titles_desc":"","_seopress_robots_index":""},"product_brand":[],"product_cat":[140],"product_tag":[],"class_list":{"0":"post-89960","1":"product","2":"type-product","3":"status-publish","4":"has-post-thumbnail","6":"product_cat-sedacie-supravy","8":"first","9":"onbackorder","10":"shipping-taxable","11":"purchasable","12":"product-type-variable"},"_links":{"self":[{"href":"https:\/\/nabytoklaguna.sk\/sk\/wp-json\/wp\/v2\/product\/89960","targetHints":{"allow":["GET"]}}],"collection":[{"href":"https:\/\/nabytoklaguna.sk\/sk\/wp-json\/wp\/v2\/product"}],"about":[{"href":"https:\/\/nabytoklaguna.sk\/sk\/wp-json\/wp\/v2\/types\/product"}],"replies":[{"embeddable":true,"href":"https:\/\/nabytoklaguna.sk\/sk\/wp-json\/wp\/v2\/comments?post=89960"}],"wp:featuredmedia":[{"embeddable":true,"href":"https:\/\/nabytoklaguna.sk\/sk\/wp-json\/wp\/v2\/media\/89961"}],"wp:attachment":[{"href":"https:\/\/nabytoklaguna.sk\/sk\/wp-json\/wp\/v2\/media?parent=89960"}],"wp:term":[{"taxonomy":"product_brand","embeddable":true,"href":"https:\/\/nabytoklaguna.sk\/sk\/wp-json\/wp\/v2\/product_brand?post=89960"},{"taxonomy":"product_cat","embeddable":true,"href":"https:\/\/nabytoklaguna.sk\/sk\/wp-json\/wp\/v2\/product_cat?post=89960"},{"taxonomy":"product_tag","embeddable":true,"href":"https:\/\/nabytoklaguna.sk\/sk\/wp-json\/wp\/v2\/product_tag?post=89960"}],"curies":[{"name":"wp","href":"https:\/\/api.w.org\/{rel}","templated":true}]}}

<p>Elegantná  sedacia súprava<strong> VASTO  U</strong> sa vyznačuje svojimi čistými líniami. Hlboké sedenie a pohodlná chrbtová časť Vám poskytne dokonalý oddych po náročnom dni v práci. Sezónne veci odložíte v úložnom ,ktorý nájdete v konštrukcii sedacej súpravy. Jednoduchými krokmi premeníte sedaciu súpravu na plochu pre príležitostné spanie pre Vás či Vaších blízkych. Komfortné sedenie zabezpečí pružina FALISTA a v kombinácii s polyuretánovou penou bude sedenie stredne mäkké. Možnosť výberu pravého alebo ľavého prevedenia. Táto sedacia súprava Vám poskytne dostatok miesta na sedenie.</p>
<p>Fotka je len <strong>ilustračná.     </strong></p>
<p><strong>Cena</strong> <strong>sa mení v závislosti od výberu poťahovej látky. Cena je uvedená v cenovej skupine 0.</strong></p>
<p><strong>VZORKOVNÍK LÁTOK</strong></p>
<p><a href="https://nabytoklaguna.sk/sk/wp-content/uploads/2021/02/stagra-vzorkovniky.docx"><img loading="lazy" decoding="async" class="alignnone size-full wp-image-100592" src="https://nabytoklaguna.sk/sk/wp-content/uploads/2021/01/tlacidlo-vzorkovnik-latok-2.jpg" alt="tlacidlo vzorkovnik latok (2)" width="100" height="100" /></a></p>
<h3 class="page-product-heading">VLASTNOSTI</h3>
<table class="table-data-sheet">
<tbody>
<tr class="odd">
<td>Hĺbka</td>
<td>255/280 cm</td>
</tr>
<tr class="even">
<td>Šírka</td>
<td>360 cm</td>
</tr>
<tr class="odd">
<td>Výška</td>
<td>74-90cm</td>
</tr>
<tr class="even">
<td>Vhodná miestnosť</td>
<td>obývačka, spoločenská miestnosť, hotely, kaviarne</td>
</tr>
<tr class="odd">
<td>Typ nábytku</td>
<td> sedacia súprava v tvare U</td>
</tr>
<tr class="even">
<td>Štýl nábytku</td>
<td>moderný</td>
</tr>
<tr class="odd">
<td>Záruka</td>
<td>2 roky</td>
</tr>
<tr class="even">
<td>Spôsob dodania</td>
<td>demont v troch balíkoch</td>
</tr>
<tr class="odd">
<td>Hmotnosť</td>
<td>145 kg</td>
</tr>
<tr class="even">
<td>Úložný priestor</td>
<td>áno</td>
</tr>
<tr class="odd">
<td>Rohové prevedenie</td>
<td>áno</td>
</tr>
<tr class="even">
<td>Výška sedáka</td>
<td>44 cm</td>
</tr>
<tr class="odd">
<td>Výška zadného čela</td>
<td>max. 90 cm</td>
</tr>
<tr class="even">
<td>Možnosť rozkladania</td>
<td>áno</td>
</tr>
<tr class="odd">
<td>Plocha na spanie</td>
<td>131x270cm</td>
</tr>
<tr class="even">
<td>Konštrukcia</td>
<td>DTD</td>
</tr>
<tr class="odd">
<td>Nôžky</td>
<td>kov</td>
</tr>
<tr class="even">
<td>Obsahuje vankúše</td>
<td>nie</td>
</tr>
<tr class="odd">
<td>Nastavenie opierok</td>
<td>nie</td>
</tr>
<tr class="even">
<td>Výplň sedačky</td>
<td>pena+ pružina</td>
</tr>
</tbody>
</table>

<p>Elegantná  sedacia súprava VASTO  U sa vyznačuje svojimi čistými líniami. Hlboké sedenie a pohodlná chrbtová časť Vám poskytne dokonalý oddych po náročnom dni v práci. Sezónne veci odložíte v úložnom ,ktorý nájdete v konštrukcii sedacej súpravy. Jednoduchými krokmi premeníte sedaciu súpravu na plochu pre príležitostné spanie pre Vás či Vaších blízkych. Komfortné sedenie zabezpečí pružina&#8230;</p>
