{"id":89968,"date":"2021-05-30T13:46:44","date_gmt":"2021-05-30T11:46:44","guid":{"rendered":"https:\/\/nabytoklaguna.sk\/sk\/?post_type=product&#038;p=89968"},"modified":"2025-11-18T12:49:43","modified_gmt":"2025-11-18T11:49:43","slug":"stg-tonus-3","status":"publish","type":"product","link":"https:\/\/nabytoklaguna.sk\/sk\/produkt\/stg-tonus-3\/","title":{"rendered":"STG VASTO 3"},"content":{"rendered":"<p>Elegantn\u00e1\u00a0 sedacia s\u00faprava <strong>VASTO 3<\/strong> <span style=\"font-size: 15.008px;\">\u00a0sa vyzna\u010duje svojimi \u010dist\u00fdmi l\u00edniami. Hlbok\u00e9 sedenie a pohodln\u00e1 chrbtov\u00e1 \u010das\u0165 V\u00e1m poskytne dokonal\u00fd oddych po n\u00e1ro\u010dnom dni v pr\u00e1ci. Komfortn\u00e9 sedenie zabezpe\u010d\u00ed pru\u017eina FALISTA a v kombin\u00e1cii s polyuret\u00e1novou penou bude sedenie stredne m\u00e4kk\u00e9.<\/span><\/p>\n<p>Pohovku je mo\u017en\u00e9 objedna\u0165 :<\/p>\n<ul>\n<li>pohovka <strong>VASTO 3 &#8211;<\/strong> bez rozkladu<\/li>\n<li>pohovka<strong> VASTO 3F<\/strong> &#8211; s rozkladom<\/li>\n<\/ul>\n<p>Mo\u017enos\u0165 v\u00fdberu farebn\u00e9ho prevedenia zo vzorkovn\u00edka l\u00e1tok CENOVA SKUPINA 0-bez pr\u00edplatku<\/p>\n<p>Pri v\u00fdbere po\u0165ahov\u00fdch l\u00e1tok n\u00e1s kontaktujte radi V\u00e1m porad\u00edme. V\u00fdber po\u0165ahov\u00fdch l\u00e1tok n\u00e1jdete TU:\u00a0\u00a0<a href=\"https:\/\/nabytoklaguna.sk\/sk\/farebne-prevedenia\/\">https:\/\/nabytoklaguna.sk\/sk\/farebne-prevedenia\/<\/a><\/p>\n<p>Odpor\u00fa\u010dame l\u00e1tky: <strong>Power, Orinocco, Lira<\/strong>\u2013 n\u00e1jdete v gal\u00e9rii pod hlavn\u00fdm obr\u00e1zkom<\/p>\n<p>Fotka je len <strong>ilustra\u010dn\u00e1.\u00a0 \u00a0 \u00a0<\/strong><\/p>\n<p><strong>Cena<\/strong> <strong>sa men\u00ed v z\u00e1vislosti od v\u00fdberu po\u0165ahovej l\u00e1tky. Cena je uveden\u00e1 v cenovej skupine 0.<\/strong><\/p>\n<h3 class=\"page-product-heading\">VLASTNOSTI<\/h3>\n<table class=\"table-data-sheet\">\n<tbody>\n<tr class=\"odd\">\n<td>H\u013abka<\/td>\n<td>110 cm<\/td>\n<\/tr>\n<tr class=\"even\">\n<td>\u0160\u00edrka<\/td>\n<td>200 cm<\/td>\n<\/tr>\n<tr class=\"odd\">\n<td>V\u00fd\u0161ka<\/td>\n<td>74-90cm<\/td>\n<\/tr>\n<tr class=\"even\">\n<td>Vhodn\u00e1 miestnos\u0165<\/td>\n<td>ob\u00fdva\u010dka, spolo\u010densk\u00e1 miestnos\u0165, hotely, kaviarne<\/td>\n<\/tr>\n<tr class=\"odd\">\n<td>Typ n\u00e1bytku<\/td>\n<td>\u00a0pohovka<\/td>\n<\/tr>\n<tr class=\"even\">\n<td>\u0160t\u00fdl n\u00e1bytku<\/td>\n<td>modern\u00fd<\/td>\n<\/tr>\n<tr class=\"odd\">\n<td>Z\u00e1ruka<\/td>\n<td>2 roky<\/td>\n<\/tr>\n<tr class=\"even\">\n<td>Sp\u00f4sob dodania<\/td>\n<td>demont v jednom bal\u00edkoch<\/td>\n<\/tr>\n<tr class=\"odd\">\n<td>Hmotnos\u0165<\/td>\n<td>110 kg<\/td>\n<\/tr>\n<tr class=\"even\">\n<td>\u00dalo\u017en\u00fd priestor<\/td>\n<td>nie<\/td>\n<\/tr>\n<tr class=\"odd\">\n<td>Rohov\u00e9 prevedenie<\/td>\n<td>nie<\/td>\n<\/tr>\n<tr class=\"even\">\n<td>V\u00fd\u0161ka sed\u00e1ka<\/td>\n<td>44 cm<\/td>\n<\/tr>\n<tr class=\"odd\">\n<td>V\u00fd\u0161ka zadn\u00e9ho \u010dela<\/td>\n<td>max. 90 cm<\/td>\n<\/tr>\n<tr class=\"even\">\n<td>Mo\u017enos\u0165 rozkladania<\/td>\n<td>\u00e1no\/nie<\/td>\n<\/tr>\n<tr class=\"odd\">\n<td>Plocha na spanie<\/td>\n<td>130x195cm<\/td>\n<\/tr>\n<tr class=\"even\">\n<td>Kon\u0161trukcia<\/td>\n<td>DTD<\/td>\n<\/tr>\n<tr class=\"odd\">\n<td>N\u00f4\u017eky<\/td>\n<td>kov<\/td>\n<\/tr>\n<tr class=\"even\">\n<td>Obsahuje vank\u00fa\u0161e<\/td>\n<td>nie<\/td>\n<\/tr>\n<tr class=\"odd\">\n<td>Nastavenie opierok<\/td>\n<td>nie<\/td>\n<\/tr>\n<tr class=\"even\">\n<td>V\u00fdpl\u0148 seda\u010dky<\/td>\n<td>pena+ pru\u017eina<\/td>\n<\/tr>\n<\/tbody>\n<\/table>\n","protected":false},"excerpt":{"rendered":"<p>Elegantn\u00e1\u00a0 sedacia s\u00faprava VASTO 3 \u00a0sa vyzna\u010duje svojimi \u010dist\u00fdmi l\u00edniami. Hlbok\u00e9 sedenie a pohodln\u00e1 chrbtov\u00e1 \u010das\u0165 V\u00e1m poskytne dokonal\u00fd oddych po n\u00e1ro\u010dnom dni v pr\u00e1ci. Komfortn\u00e9 sedenie zabezpe\u010d\u00ed pru\u017eina FALISTA a v kombin\u00e1cii s polyuret\u00e1novou penou bude sedenie stredne m\u00e4kk\u00e9. Pohovku je mo\u017en\u00e9 objedna\u0165 : pohovka VASTO 3 &#8211; bez rozkladu pohovka VASTO 3F &#8211;&#8230;<\/p>\n","protected":false},"featured_media":89969,"comment_status":"closed","ping_status":"closed","template":"","meta":{"_seopress_robots_primary_cat":"219","_seopress_titles_title":"","_seopress_titles_desc":"","_seopress_robots_index":""},"product_brand":[],"product_cat":[219],"product_tag":[],"class_list":{"0":"post-89968","1":"product","2":"type-product","3":"status-publish","4":"has-post-thumbnail","6":"product_cat-pohovky","7":"pa_typ-produktu-pohovka-tonus-3","8":"pa_typ-produktu-pohovka-tonus-3f","10":"first","11":"onbackorder","12":"shipping-taxable","13":"purchasable","14":"product-type-variable"},"_links":{"self":[{"href":"https:\/\/nabytoklaguna.sk\/sk\/wp-json\/wp\/v2\/product\/89968","targetHints":{"allow":["GET"]}}],"collection":[{"href":"https:\/\/nabytoklaguna.sk\/sk\/wp-json\/wp\/v2\/product"}],"about":[{"href":"https:\/\/nabytoklaguna.sk\/sk\/wp-json\/wp\/v2\/types\/product"}],"replies":[{"embeddable":true,"href":"https:\/\/nabytoklaguna.sk\/sk\/wp-json\/wp\/v2\/comments?post=89968"}],"wp:featuredmedia":[{"embeddable":true,"href":"https:\/\/nabytoklaguna.sk\/sk\/wp-json\/wp\/v2\/media\/89969"}],"wp:attachment":[{"href":"https:\/\/nabytoklaguna.sk\/sk\/wp-json\/wp\/v2\/media?parent=89968"}],"wp:term":[{"taxonomy":"product_brand","embeddable":true,"href":"https:\/\/nabytoklaguna.sk\/sk\/wp-json\/wp\/v2\/product_brand?post=89968"},{"taxonomy":"product_cat","embeddable":true,"href":"https:\/\/nabytoklaguna.sk\/sk\/wp-json\/wp\/v2\/product_cat?post=89968"},{"taxonomy":"product_tag","embeddable":true,"href":"https:\/\/nabytoklaguna.sk\/sk\/wp-json\/wp\/v2\/product_tag?post=89968"}],"curies":[{"name":"wp","href":"https:\/\/api.w.org\/{rel}","templated":true}]}}

<p>Elegantná  sedacia súprava <strong>VASTO 3</strong> <span style="font-size: 15.008px;"> sa vyznačuje svojimi čistými líniami. Hlboké sedenie a pohodlná chrbtová časť Vám poskytne dokonalý oddych po náročnom dni v práci. Komfortné sedenie zabezpečí pružina FALISTA a v kombinácii s polyuretánovou penou bude sedenie stredne mäkké.</span></p>
<p>Pohovku je možné objednať :</p>
<ul>
<li>pohovka <strong>VASTO 3 &#8211;</strong> bez rozkladu</li>
<li>pohovka<strong> VASTO 3F</strong> &#8211; s rozkladom</li>
</ul>
<p>Možnosť výberu farebného prevedenia zo vzorkovníka látok CENOVA SKUPINA 0-bez príplatku</p>
<p>Pri výbere poťahových látok nás kontaktujte radi Vám poradíme. Výber poťahových látok nájdete TU:  <a href="https://nabytoklaguna.sk/sk/farebne-prevedenia/">https://nabytoklaguna.sk/sk/farebne-prevedenia/</a></p>
<p>Odporúčame látky: <strong>Power, Orinocco, Lira</strong>– nájdete v galérii pod hlavným obrázkom</p>
<p>Fotka je len <strong>ilustračná.     </strong></p>
<p><strong>Cena</strong> <strong>sa mení v závislosti od výberu poťahovej látky. Cena je uvedená v cenovej skupine 0.</strong></p>
<h3 class="page-product-heading">VLASTNOSTI</h3>
<table class="table-data-sheet">
<tbody>
<tr class="odd">
<td>Hĺbka</td>
<td>110 cm</td>
</tr>
<tr class="even">
<td>Šírka</td>
<td>200 cm</td>
</tr>
<tr class="odd">
<td>Výška</td>
<td>74-90cm</td>
</tr>
<tr class="even">
<td>Vhodná miestnosť</td>
<td>obývačka, spoločenská miestnosť, hotely, kaviarne</td>
</tr>
<tr class="odd">
<td>Typ nábytku</td>
<td> pohovka</td>
</tr>
<tr class="even">
<td>Štýl nábytku</td>
<td>moderný</td>
</tr>
<tr class="odd">
<td>Záruka</td>
<td>2 roky</td>
</tr>
<tr class="even">
<td>Spôsob dodania</td>
<td>demont v jednom balíkoch</td>
</tr>
<tr class="odd">
<td>Hmotnosť</td>
<td>110 kg</td>
</tr>
<tr class="even">
<td>Úložný priestor</td>
<td>nie</td>
</tr>
<tr class="odd">
<td>Rohové prevedenie</td>
<td>nie</td>
</tr>
<tr class="even">
<td>Výška sedáka</td>
<td>44 cm</td>
</tr>
<tr class="odd">
<td>Výška zadného čela</td>
<td>max. 90 cm</td>
</tr>
<tr class="even">
<td>Možnosť rozkladania</td>
<td>áno/nie</td>
</tr>
<tr class="odd">
<td>Plocha na spanie</td>
<td>130x195cm</td>
</tr>
<tr class="even">
<td>Konštrukcia</td>
<td>DTD</td>
</tr>
<tr class="odd">
<td>Nôžky</td>
<td>kov</td>
</tr>
<tr class="even">
<td>Obsahuje vankúše</td>
<td>nie</td>
</tr>
<tr class="odd">
<td>Nastavenie opierok</td>
<td>nie</td>
</tr>
<tr class="even">
<td>Výplň sedačky</td>
<td>pena+ pružina</td>
</tr>
</tbody>
</table>

<p>Elegantná  sedacia súprava VASTO 3  sa vyznačuje svojimi čistými líniami. Hlboké sedenie a pohodlná chrbtová časť Vám poskytne dokonalý oddych po náročnom dni v práci. Komfortné sedenie zabezpečí pružina FALISTA a v kombinácii s polyuretánovou penou bude sedenie stredne mäkké. Pohovku je možné objednať : pohovka VASTO 3 &#8211; bez rozkladu pohovka VASTO 3F &#8211;&#8230;</p>
