{"id":91242,"date":"2021-01-15T15:33:45","date_gmt":"2021-01-15T14:33:45","guid":{"rendered":"https:\/\/nabytoklaguna.sk\/sk\/?post_type=product&#038;p=91242"},"modified":"2025-02-26T11:38:31","modified_gmt":"2025-02-26T10:38:31","slug":"tempo-kondela-kesada","status":"publish","type":"product","link":"https:\/\/nabytoklaguna.sk\/sk\/produkt\/tempo-kondela-kesada\/","title":{"rendered":"K KESADA"},"content":{"rendered":"<p>Modern\u00e1 poste\u013e <b>KESADA <\/b>v \u0161t\u00fdle Glamour je \u010dal\u00fanen\u00e1 v <b>smaragdovej Velvet l\u00e1tke<\/b>, ktor\u00e1 jej prid\u00e1va na elegancii a luxuse. Kesadu zdob\u00ed\u00a0 <b>vysok\u00e9 pre\u0161\u00edvan\u00e9 \u010delo<\/b>, ktor\u00e9 V\u00e1m poskytne podporu chrbta pri \u010d\u00edtan\u00ed knihy. Dod\u00e1van\u00e1 je s <b>lamelov\u00fdm ro\u0161tom ZDARMA<\/b>. Disponuje <b>\u00falo\u017en\u00fdm priestorom<\/b>\u00a0v podobe\u00a0<b>troch \u0161upl\u00edkov,<\/b> ktor\u00e9 sa postaraj\u00fa \u010di u\u017e o poste\u013en\u00fa bielize\u0148 alebo aj ak\u00e9ko\u013evek in\u00e9 vec\u00ed, ktor\u00e9 potrebujete uskladni\u0165. Kvalita sp\u00e1nku je z\u00e1visl\u00e1 hlavne od kvality matraca, preto odpor\u00fa\u010dame zak\u00fapi\u0165 poste\u013e spolu s<strong>\u00a023 cm vysok\u00fdm luxusn\u00fdm matracom\u00a0VENDY,\u00a0<\/strong>\u010d\u00edm bude poste\u013e KESADA nielen luxusn\u00fdm a praktick\u00fdm prvkom, ale zabezpe\u010d\u00ed V\u00e1m aj, \u017ee sa budete budi\u0165 odd\u00fdchnut\u00ed a pln\u00ed sily do nov\u00e9ho d\u0148a.<\/p>\n<ul>\n<li><b>Materi\u00e1l:<\/b>\u00a0Velvet l\u00e1tka<\/li>\n<li><b>Farba:<\/b>\u00a0smaragdov\u00e1<\/li>\n<li><b>Rozmery (\u0160xHxV):<\/b>170&#215;213,5&#215;126,5cm, <b>Plocha na spanie (\u0160xH):<\/b> 160&#215;200 cm<\/li>\n<li><b>Rozmery (\u0160xHxV):<\/b>190&#215;213,5&#215;126,5cm, <b>Plocha na spanie (\u0160xH):<\/b>\u00a0180&#215;200 cm<\/li>\n<li>Dod\u00e1van\u00e9 s lamelov\u00fdm ro\u0161tom ZDARMA<\/li>\n<li>Nosnos\u0165 na jedno l\u00f4\u017eko: 110 kg<\/li>\n<li>S \u00falo\u017en\u00fdm priestorom<\/li>\n<li>3 \u0161upl\u00edky<\/li>\n<li>Poste\u013e odpor\u00fa\u010dame umiestni\u0165 do priestoru<\/li>\n<li>Dekorat\u00edvne pre\u0161\u00edvan\u00e9 \u010delo<\/li>\n<li>Dod\u00e1van\u00e9 v demonte<\/li>\n<\/ul>\n<table style=\"width: 100%;\" border=\"0\" cellspacing=\"1\" cellpadding=\"1\">\n<tbody>\n<tr>\n<td style=\"width: 41.1023%;\"><img loading=\"lazy\" decoding=\"async\" class=\"\" src=\"https:\/\/i2.wp.com\/nabytoklaguna.sk\/sk\/wp-content\/uploads\/2021\/01\/matrac-LENNA.jpg?resize=252%2C252&amp;ssl=1\" width=\"259\" height=\"259\" \/><\/td>\n<td style=\"width: 58.7348%;\"><u><strong>Matrac LENNA:<\/strong><\/u><\/p>\n<p>Kvalitn\u00fd 5-z\u00f3nov\u00fd profilovan\u00fd matrac Lenna je z\u00e1stupcom matracov bez pou\u017eitia lepidiel. \u0160peci\u00e1lne jadro tvoria dva d\u00f4myselne rezan\u00e9 diely z kvalitn\u00fdch polyuret\u00e1nov\u00fdch Sleepfoam pien. Pri sp\u00e1nku umo\u017e\u0148uje tento matrac bez lepidiel pohyb pien v\u010faka vo\u013en\u00e9mu ulo\u017eeniu a t\u00fdm vyhovuje individu\u00e1lnym potreb\u00e1m u\u017e\u00edvate\u013ea. V\u010faka rozdielnym objemov\u00fdm hmotnostiam Sleepfoam pien tento matrac poskytuje tvrd\u0161iu a m\u00e4k\u0161iu stranu. Matrac je ur\u010den\u00fd pre v\u00e1hov\u00fa kateg\u00f3riu do 100 kg. Celkov\u00e1 v\u00fd\u0161ka matraca je 17 cm. Po\u0165ah je z kvalitn\u00e9ho \u00fapletu, z\u00f3novo pre\u0161it\u00fd, delite\u013en\u00fd a na jeho v\u00fdrobu je pou\u017eit\u00e9 r\u00fano vysokej gram\u00e1\u017ee. Po\u0165ah je prate\u013en\u00fd na 60 \u00baC.<\/td>\n<\/tr>\n<tr>\n<td style=\"width: 41.1023%;\">&nbsp;<\/p>\n<p><img loading=\"lazy\" decoding=\"async\" class=\"\" src=\"https:\/\/i1.wp.com\/nabytoklaguna.sk\/sk\/wp-content\/uploads\/2021\/01\/matrac-VENDY.jpg?resize=258%2C258&amp;ssl=1\" width=\"259\" height=\"259\" \/><\/td>\n<td style=\"width: 58.7348%;\"><strong><u>Matrac VENDY:<\/u><\/strong><\/p>\n<p>Luxusn\u00fd matrac tvor\u00ed z oboch str\u00e1n a\u017e 9 cm vysok\u00e1 vrstva polyuret\u00e1novej peny. Ru\u017eov\u00e1 (m\u00e4kk\u0161ia) pena je gram\u00e1\u017ee 25 kg \/ m3 a zelen\u00e1 ( tvrd\u0161ia ) a\u017e 28 kg \/ m3. V\u00fdrazn\u00e9 profilovanie povrchu oboch pien zabezpe\u010d\u00ed spr\u00e1vny a z\u00e1rove\u0148 ve\u013emi kvalitn\u00fd sp\u00e1nkov\u00fd komfort, v\u010faka ktor\u00e9mu je zaru\u010den\u00e9 od\u013eah\u010denie exponovan\u00fdch miest na tele. T\u00fdm sa zrete\u013ene zlep\u0161uje prekrvenie poko\u017eky a uvo\u013enenie svalov. Pre dosiahnutie nosnosti 130 kg je matrac spevnen\u00fd 4 cm vrstvou RE peny. Celkov\u00e1 v\u00fd\u0161ka vr\u00e1tane po\u0165ahu ALOE VERA je 23 cm. Po\u0165ah je z ALOE VERA. Po\u0165ah je prate\u013en\u00fd na 60 \u00baC.<\/td>\n<\/tr>\n<\/tbody>\n<\/table>\n","protected":false},"excerpt":{"rendered":"<p>Modern\u00e1 poste\u013e KESADA v \u0161t\u00fdle Glamour je \u010dal\u00fanen\u00e1 v smaragdovej Velvet l\u00e1tke, ktor\u00e1 jej prid\u00e1va na elegancii a luxuse. Kesadu zdob\u00ed\u00a0 vysok\u00e9 pre\u0161\u00edvan\u00e9 \u010delo, ktor\u00e9 V\u00e1m poskytne podporu chrbta pri \u010d\u00edtan\u00ed knihy. Dod\u00e1van\u00e1 je s lamelov\u00fdm ro\u0161tom ZDARMA. Disponuje \u00falo\u017en\u00fdm priestorom\u00a0v podobe\u00a0troch \u0161upl\u00edkov, ktor\u00e9 sa postaraj\u00fa \u010di u\u017e o poste\u013en\u00fa bielize\u0148 alebo aj ak\u00e9ko\u013evek in\u00e9&#8230;<\/p>\n","protected":false},"featured_media":91258,"comment_status":"closed","ping_status":"closed","template":"","meta":{"_seopress_robots_primary_cat":"4012","_seopress_titles_title":"","_seopress_titles_desc":"","_seopress_robots_index":""},"product_brand":[],"product_cat":[4012,228],"product_tag":[],"class_list":{"0":"post-91242","1":"product","2":"type-product","3":"status-publish","4":"has-post-thumbnail","6":"product_cat-postele","7":"product_cat-calunene-postele","8":"pa_typ-produktu-s-matracom-lenna-2-ks-80-x-200-cm-11-zdarma","9":"pa_typ-produktu-s-matracom-lenna-2-ks-90-x-200-cm-11-zdarma","10":"pa_typ-produktu-s-matracom-vendy-2-ks-80-x-200-cm-11-zdarma","11":"pa_typ-produktu-s-matracom-vendy-2-ks-90-x-200-cm-11-zdarma","12":"pa_typ-produktu-s-rostom-bez-matraca-2","14":"first","15":"onbackorder","16":"shipping-taxable","17":"purchasable","18":"product-type-variable"},"_links":{"self":[{"href":"https:\/\/nabytoklaguna.sk\/sk\/wp-json\/wp\/v2\/product\/91242","targetHints":{"allow":["GET"]}}],"collection":[{"href":"https:\/\/nabytoklaguna.sk\/sk\/wp-json\/wp\/v2\/product"}],"about":[{"href":"https:\/\/nabytoklaguna.sk\/sk\/wp-json\/wp\/v2\/types\/product"}],"replies":[{"embeddable":true,"href":"https:\/\/nabytoklaguna.sk\/sk\/wp-json\/wp\/v2\/comments?post=91242"}],"wp:featuredmedia":[{"embeddable":true,"href":"https:\/\/nabytoklaguna.sk\/sk\/wp-json\/wp\/v2\/media\/91258"}],"wp:attachment":[{"href":"https:\/\/nabytoklaguna.sk\/sk\/wp-json\/wp\/v2\/media?parent=91242"}],"wp:term":[{"taxonomy":"product_brand","embeddable":true,"href":"https:\/\/nabytoklaguna.sk\/sk\/wp-json\/wp\/v2\/product_brand?post=91242"},{"taxonomy":"product_cat","embeddable":true,"href":"https:\/\/nabytoklaguna.sk\/sk\/wp-json\/wp\/v2\/product_cat?post=91242"},{"taxonomy":"product_tag","embeddable":true,"href":"https:\/\/nabytoklaguna.sk\/sk\/wp-json\/wp\/v2\/product_tag?post=91242"}],"curies":[{"name":"wp","href":"https:\/\/api.w.org\/{rel}","templated":true}]}}

<p>Moderná posteľ <b>KESADA </b>v štýle Glamour je čalúnená v <b>smaragdovej Velvet látke</b>, ktorá jej pridáva na elegancii a luxuse. Kesadu zdobí  <b>vysoké prešívané čelo</b>, ktoré Vám poskytne podporu chrbta pri čítaní knihy. Dodávaná je s <b>lamelovým roštom ZDARMA</b>. Disponuje <b>úložným priestorom</b> v podobe <b>troch šuplíkov,</b> ktoré sa postarajú či už o posteľnú bielizeň alebo aj akékoľvek iné vecí, ktoré potrebujete uskladniť. Kvalita spánku je závislá hlavne od kvality matraca, preto odporúčame zakúpiť posteľ spolu s<strong> 23 cm vysokým luxusným matracom VENDY, </strong>čím bude posteľ KESADA nielen luxusným a praktickým prvkom, ale zabezpečí Vám aj, že sa budete budiť oddýchnutí a plní sily do nového dňa.</p>
<ul>
<li><b>Materiál:</b> Velvet látka</li>
<li><b>Farba:</b> smaragdová</li>
<li><b>Rozmery (ŠxHxV):</b>170&#215;213,5&#215;126,5cm, <b>Plocha na spanie (ŠxH):</b> 160&#215;200 cm</li>
<li><b>Rozmery (ŠxHxV):</b>190&#215;213,5&#215;126,5cm, <b>Plocha na spanie (ŠxH):</b> 180&#215;200 cm</li>
<li>Dodávané s lamelovým roštom ZDARMA</li>
<li>Nosnosť na jedno lôžko: 110 kg</li>
<li>S úložným priestorom</li>
<li>3 šuplíky</li>
<li>Posteľ odporúčame umiestniť do priestoru</li>
<li>Dekoratívne prešívané čelo</li>
<li>Dodávané v demonte</li>
</ul>
<table style="width: 100%;" border="0" cellspacing="1" cellpadding="1">
<tbody>
<tr>
<td style="width: 41.1023%;"><img loading="lazy" decoding="async" class="" src="https://i2.wp.com/nabytoklaguna.sk/sk/wp-content/uploads/2021/01/matrac-LENNA.jpg?resize=252%2C252&amp;ssl=1" width="259" height="259" /></td>
<td style="width: 58.7348%;"><u><strong>Matrac LENNA:</strong></u></p>
<p>Kvalitný 5-zónový profilovaný matrac Lenna je zástupcom matracov bez použitia lepidiel. Špeciálne jadro tvoria dva dômyselne rezané diely z kvalitných polyuretánových Sleepfoam pien. Pri spánku umožňuje tento matrac bez lepidiel pohyb pien vďaka voľnému uloženiu a tým vyhovuje individuálnym potrebám užívateľa. Vďaka rozdielnym objemovým hmotnostiam Sleepfoam pien tento matrac poskytuje tvrdšiu a mäkšiu stranu. Matrac je určený pre váhovú kategóriu do 100 kg. Celková výška matraca je 17 cm. Poťah je z kvalitného úpletu, zónovo prešitý, deliteľný a na jeho výrobu je použité rúno vysokej gramáže. Poťah je prateľný na 60 ºC.</td>
</tr>
<tr>
<td style="width: 41.1023%;">&nbsp;</p>
<p><img loading="lazy" decoding="async" class="" src="https://i1.wp.com/nabytoklaguna.sk/sk/wp-content/uploads/2021/01/matrac-VENDY.jpg?resize=258%2C258&amp;ssl=1" width="259" height="259" /></td>
<td style="width: 58.7348%;"><strong><u>Matrac VENDY:</u></strong></p>
<p>Luxusný matrac tvorí z oboch strán až 9 cm vysoká vrstva polyuretánovej peny. Ružová (mäkkšia) pena je gramáže 25 kg / m3 a zelená ( tvrdšia ) až 28 kg / m3. Výrazné profilovanie povrchu oboch pien zabezpečí správny a zároveň veľmi kvalitný spánkový komfort, vďaka ktorému je zaručené odľahčenie exponovaných miest na tele. Tým sa zreteľne zlepšuje prekrvenie pokožky a uvoľnenie svalov. Pre dosiahnutie nosnosti 130 kg je matrac spevnený 4 cm vrstvou RE peny. Celková výška vrátane poťahu ALOE VERA je 23 cm. Poťah je z ALOE VERA. Poťah je prateľný na 60 ºC.</td>
</tr>
</tbody>
</table>

<p>Moderná posteľ KESADA v štýle Glamour je čalúnená v smaragdovej Velvet látke, ktorá jej pridáva na elegancii a luxuse. Kesadu zdobí  vysoké prešívané čelo, ktoré Vám poskytne podporu chrbta pri čítaní knihy. Dodávaná je s lamelovým roštom ZDARMA. Disponuje úložným priestorom v podobe troch šuplíkov, ktoré sa postarajú či už o posteľnú bielizeň alebo aj akékoľvek iné&#8230;</p>
