{"id":91319,"date":"2021-01-18T14:10:07","date_gmt":"2021-01-18T13:10:07","guid":{"rendered":"https:\/\/nabytoklaguna.sk\/sk\/?post_type=product&#038;p=91319"},"modified":"2025-09-10T12:26:14","modified_gmt":"2025-09-10T10:26:14","slug":"tempo-kondela-primo","status":"publish","type":"product","link":"https:\/\/nabytoklaguna.sk\/sk\/produkt\/tempo-kondela-primo\/","title":{"rendered":"K PRIMO"},"content":{"rendered":"<p>H\u013ead\u00e1te pohovku na ka\u017edodenn\u00fd spanie? M\u00e1me tu pre V\u00e1s novinku-pohovku PRIMO. T\u00e1to pohovka je predstavite\u013ekou \u0161kandin\u00e1vskeho \u0161t\u00fdlu a preto si ju ob\u013e\u00fabia najm\u00e4 milovn\u00edci, ktor\u00fd tento \u0161t\u00fdl ob\u013eubuj\u00fa. Kr\u00e1sne dreven\u00e9 no\u017ei\u010dky v \u010diernej farbe zabezpe\u010duj\u00fa stabilitu pohovky a dod\u00e1vaj\u00fa ten spr\u00e1vny <em>look.\u00a0<\/em>Rozklad pohovky je ve\u013emi jednoduch\u00fd a to syst\u00e9mom KLIK-KLAK. V\u00fdhodou je \u00falo\u017en\u00fd priestor, ktor\u00fd n\u00e1jdete v kon\u0161trukcii pohovky. Ur\u010dite neostane nevyu\u017eit\u00fd. Pohovka sa vyr\u00e1ba vo viacer\u00fdch farebn\u00fdch prevedeniach a tak ju jednoducho dolad\u00edte k svojmu interi\u00e9ru. V\u00fd\u0161ka spodn\u00e9ho priestoru od podlahy je 15 cm<\/p>\n<h3 class=\"page-product-heading\">VLASTNOSTI<\/h3>\n<table class=\"table-data-sheet\">\n<tbody>\n<tr class=\"odd\">\n<td>H\u013abka<\/td>\n<td>107 cm<\/td>\n<\/tr>\n<tr class=\"even\">\n<td>\u0160\u00edrka<\/td>\n<td>206 cm<\/td>\n<\/tr>\n<tr class=\"odd\">\n<td>V\u00fd\u0161ka<\/td>\n<td>100 cm<\/td>\n<\/tr>\n<tr class=\"even\">\n<td>Vhodn\u00e1 miestnos\u0165<\/td>\n<td>ob\u00fdva\u010dka, spolo\u010densk\u00e1 miestnos\u0165, hotely, kaviarne<\/td>\n<\/tr>\n<tr class=\"odd\">\n<td>Typ n\u00e1bytku<\/td>\n<td>pohovka<\/td>\n<\/tr>\n<tr class=\"even\">\n<td>\u0160t\u00fdl n\u00e1bytku<\/td>\n<td>modern\u00fd<\/td>\n<\/tr>\n<tr class=\"odd\">\n<td>Z\u00e1ruka<\/td>\n<td>2 roky<\/td>\n<\/tr>\n<tr class=\"even\">\n<td>Sp\u00f4sob dodania<\/td>\n<td>demont v dvoch bal\u00edkoch<\/td>\n<\/tr>\n<tr class=\"odd\">\n<td>Hmotnos\u0165<\/td>\n<td>110 kg<\/td>\n<\/tr>\n<tr class=\"even\">\n<td>\u00dalo\u017en\u00fd priestor<\/td>\n<td>\u00e1no<\/td>\n<\/tr>\n<tr class=\"odd\">\n<td>Rohov\u00e9 prevedenie<\/td>\n<td>nie<\/td>\n<\/tr>\n<tr class=\"even\">\n<td>V\u00fd\u0161ka sed\u00e1ka<\/td>\n<td>46 cm<\/td>\n<\/tr>\n<tr class=\"odd\">\n<td>V\u00fd\u0161ka zadn\u00e9ho \u010dela<\/td>\n<td>max. 100 cm<\/td>\n<\/tr>\n<tr class=\"even\">\n<td>Mo\u017enos\u0165 rozkladania<\/td>\n<td>\u00e1no<\/td>\n<\/tr>\n<tr class=\"odd\">\n<td>Plocha po rozlo\u017een\u00ed<\/td>\n<td>110\u00d7175 cm<\/td>\n<\/tr>\n<tr class=\"even\">\n<td>Kon\u0161trukcia<\/td>\n<td>DTD<\/td>\n<\/tr>\n<tr class=\"odd\">\n<td>No\u017eky<\/td>\n<td>drevo<\/td>\n<\/tr>\n<tr class=\"even\">\n<td>Obsahuje vank\u00fa\u0161e<\/td>\n<td>\u00e1no(dekora\u010dn\u00e9)<\/td>\n<\/tr>\n<tr class=\"odd\">\n<td>Nastavenie opierok<\/td>\n<td>nie<\/td>\n<\/tr>\n<tr class=\"even\">\n<td>V\u00fdpl\u0148 seda\u010dky<\/td>\n<td>pena+ pru\u017eina<\/td>\n<\/tr>\n<\/tbody>\n<\/table>\n","protected":false},"excerpt":{"rendered":"<p>H\u013ead\u00e1te pohovku na ka\u017edodenn\u00fd spanie? M\u00e1me tu pre V\u00e1s novinku-pohovku PRIMO. T\u00e1to pohovka je predstavite\u013ekou \u0161kandin\u00e1vskeho \u0161t\u00fdlu a preto si ju ob\u013e\u00fabia najm\u00e4 milovn\u00edci, ktor\u00fd tento \u0161t\u00fdl ob\u013eubuj\u00fa. Kr\u00e1sne dreven\u00e9 no\u017ei\u010dky v \u010diernej farbe zabezpe\u010duj\u00fa stabilitu pohovky a dod\u00e1vaj\u00fa ten spr\u00e1vny look.\u00a0Rozklad pohovky je ve\u013emi jednoduch\u00fd a to syst\u00e9mom KLIK-KLAK. V\u00fdhodou je \u00falo\u017en\u00fd priestor, ktor\u00fd&#8230;<\/p>\n","protected":false},"featured_media":91320,"comment_status":"closed","ping_status":"closed","template":"","meta":{"_seopress_robots_primary_cat":"219","_seopress_titles_title":"","_seopress_titles_desc":"","_seopress_robots_index":""},"product_brand":[],"product_cat":[219],"product_tag":[],"class_list":{"0":"post-91319","1":"product","2":"type-product","3":"status-publish","4":"has-post-thumbnail","6":"product_cat-pohovky","7":"pa_farba-latka-mil-7372-bezova","8":"pa_farba-latka-mil-7373-mentolova","9":"pa_farba-latka-mil-7380-siva","10":"pa_farba-latka-mil-7383-pudrovoruzova","12":"first","13":"onbackorder","14":"shipping-taxable","15":"purchasable","16":"product-type-variable"},"_links":{"self":[{"href":"https:\/\/nabytoklaguna.sk\/sk\/wp-json\/wp\/v2\/product\/91319","targetHints":{"allow":["GET"]}}],"collection":[{"href":"https:\/\/nabytoklaguna.sk\/sk\/wp-json\/wp\/v2\/product"}],"about":[{"href":"https:\/\/nabytoklaguna.sk\/sk\/wp-json\/wp\/v2\/types\/product"}],"replies":[{"embeddable":true,"href":"https:\/\/nabytoklaguna.sk\/sk\/wp-json\/wp\/v2\/comments?post=91319"}],"wp:featuredmedia":[{"embeddable":true,"href":"https:\/\/nabytoklaguna.sk\/sk\/wp-json\/wp\/v2\/media\/91320"}],"wp:attachment":[{"href":"https:\/\/nabytoklaguna.sk\/sk\/wp-json\/wp\/v2\/media?parent=91319"}],"wp:term":[{"taxonomy":"product_brand","embeddable":true,"href":"https:\/\/nabytoklaguna.sk\/sk\/wp-json\/wp\/v2\/product_brand?post=91319"},{"taxonomy":"product_cat","embeddable":true,"href":"https:\/\/nabytoklaguna.sk\/sk\/wp-json\/wp\/v2\/product_cat?post=91319"},{"taxonomy":"product_tag","embeddable":true,"href":"https:\/\/nabytoklaguna.sk\/sk\/wp-json\/wp\/v2\/product_tag?post=91319"}],"curies":[{"name":"wp","href":"https:\/\/api.w.org\/{rel}","templated":true}]}}

<p>Hľadáte pohovku na každodenný spanie? Máme tu pre Vás novinku-pohovku PRIMO. Táto pohovka je predstaviteľkou škandinávskeho štýlu a preto si ju obľúbia najmä milovníci, ktorý tento štýl obľubujú. Krásne drevené nožičky v čiernej farbe zabezpečujú stabilitu pohovky a dodávajú ten správny <em>look. </em>Rozklad pohovky je veľmi jednoduchý a to systémom KLIK-KLAK. Výhodou je úložný priestor, ktorý nájdete v konštrukcii pohovky. Určite neostane nevyužitý. Pohovka sa vyrába vo viacerých farebných prevedeniach a tak ju jednoducho doladíte k svojmu interiéru. Výška spodného priestoru od podlahy je 15 cm</p>
<h3 class="page-product-heading">VLASTNOSTI</h3>
<table class="table-data-sheet">
<tbody>
<tr class="odd">
<td>Hĺbka</td>
<td>107 cm</td>
</tr>
<tr class="even">
<td>Šírka</td>
<td>206 cm</td>
</tr>
<tr class="odd">
<td>Výška</td>
<td>100 cm</td>
</tr>
<tr class="even">
<td>Vhodná miestnosť</td>
<td>obývačka, spoločenská miestnosť, hotely, kaviarne</td>
</tr>
<tr class="odd">
<td>Typ nábytku</td>
<td>pohovka</td>
</tr>
<tr class="even">
<td>Štýl nábytku</td>
<td>moderný</td>
</tr>
<tr class="odd">
<td>Záruka</td>
<td>2 roky</td>
</tr>
<tr class="even">
<td>Spôsob dodania</td>
<td>demont v dvoch balíkoch</td>
</tr>
<tr class="odd">
<td>Hmotnosť</td>
<td>110 kg</td>
</tr>
<tr class="even">
<td>Úložný priestor</td>
<td>áno</td>
</tr>
<tr class="odd">
<td>Rohové prevedenie</td>
<td>nie</td>
</tr>
<tr class="even">
<td>Výška sedáka</td>
<td>46 cm</td>
</tr>
<tr class="odd">
<td>Výška zadného čela</td>
<td>max. 100 cm</td>
</tr>
<tr class="even">
<td>Možnosť rozkladania</td>
<td>áno</td>
</tr>
<tr class="odd">
<td>Plocha po rozložení</td>
<td>110×175 cm</td>
</tr>
<tr class="even">
<td>Konštrukcia</td>
<td>DTD</td>
</tr>
<tr class="odd">
<td>Nožky</td>
<td>drevo</td>
</tr>
<tr class="even">
<td>Obsahuje vankúše</td>
<td>áno(dekoračné)</td>
</tr>
<tr class="odd">
<td>Nastavenie opierok</td>
<td>nie</td>
</tr>
<tr class="even">
<td>Výplň sedačky</td>
<td>pena+ pružina</td>
</tr>
</tbody>
</table>

<p>Hľadáte pohovku na každodenný spanie? Máme tu pre Vás novinku-pohovku PRIMO. Táto pohovka je predstaviteľkou škandinávskeho štýlu a preto si ju obľúbia najmä milovníci, ktorý tento štýl obľubujú. Krásne drevené nožičky v čiernej farbe zabezpečujú stabilitu pohovky a dodávajú ten správny look. Rozklad pohovky je veľmi jednoduchý a to systémom KLIK-KLAK. Výhodou je úložný priestor, ktorý&#8230;</p>
