{"id":92153,"date":"2021-01-26T14:27:06","date_gmt":"2021-01-26T13:27:06","guid":{"rendered":"https:\/\/nabytoklaguna.sk\/sk\/?post_type=product&#038;p=92153"},"modified":"2025-02-24T15:27:32","modified_gmt":"2025-02-24T14:27:32","slug":"tempo-kondela-fedris","status":"publish","type":"product","link":"https:\/\/nabytoklaguna.sk\/sk\/produkt\/tempo-kondela-fedris\/","title":{"rendered":"K FEDRIS"},"content":{"rendered":"<p>P\u00f4vabn\u00e9 kreslo <strong>FEDRIS<\/strong> sa dokonale hod\u00ed do modernej \u010di tradi\u010dnej dom\u00e1cnosti. Pre\u0161\u00edvan\u00e9 sedadlo dod\u00e1vaj\u00fa kreslo ten spr\u00e1vny <em>look.\u00a0 <\/em>Kreslo\u00a0je \u010dal\u00fanen\u00e9 l\u00e1tkou VELVET vo viacer\u00fdch farebn\u00fdch prevedeniach, dokonale ho dolad\u00edte k svojmu interi\u00e9ru. Stabilitu zabezpe\u010duj\u00fa kvalitn\u00e9 kovov\u00e9 nohy v \u010diernom preveden\u00ed. Kreslo FEDRIS V\u00e1m poskytne miesto, kde si m\u00f4\u017eete po n\u00e1ro\u010dnom dni odd\u00fdchnu\u0165 a zrelaxova\u0165<\/p>\n<p>&nbsp;<\/p>\n<p>VLASTNOSTI<\/p>\n<div class=\"text\">\n<ul>\n<li><b>Materi\u00e1l \u010dal\u00fanenie:<\/b> l\u00e1tka VELVET<\/li>\n<li><b>Farba:<\/b> b\u00e9\u017eov\u00e1. modr\u00e1, svetlosiv\u00e1, zelen\u00e1, ru\u017eov\u00e1, \u017elt\u00e1,siv\u00e1<\/li>\n<li><b>Materi\u00e1l nohy:<\/b>\u00a0kov<\/li>\n<li><b>Farba:<\/b>\u00a0\u010dierny n\u00e1ter<\/li>\n<li><b>Rozmery (\u0160xHxV):<\/b>\u00a058x68x80 cm<\/li>\n<li><b>V\u00fd\u0161ka sedu:<\/b>\u00a047 cm<\/li>\n<li><b>H\u013abka sedu:<\/b>\u00a044 cm<\/li>\n<li><b>Nosnos\u0165:<\/b>\u00a0130 kg<\/li>\n<li>Dod\u00e1van\u00e9 v demonte<\/li>\n<\/ul>\n<\/div>\n","protected":false},"excerpt":{"rendered":"<p>P\u00f4vabn\u00e9 kreslo FEDRIS sa dokonale hod\u00ed do modernej \u010di tradi\u010dnej dom\u00e1cnosti. Pre\u0161\u00edvan\u00e9 sedadlo dod\u00e1vaj\u00fa kreslo ten spr\u00e1vny look.\u00a0 Kreslo\u00a0je \u010dal\u00fanen\u00e9 l\u00e1tkou VELVET vo viacer\u00fdch farebn\u00fdch prevedeniach, dokonale ho dolad\u00edte k svojmu interi\u00e9ru. Stabilitu zabezpe\u010duj\u00fa kvalitn\u00e9 kovov\u00e9 nohy v \u010diernom preveden\u00ed. Kreslo FEDRIS V\u00e1m poskytne miesto, kde si m\u00f4\u017eete po n\u00e1ro\u010dnom dni odd\u00fdchnu\u0165 a zrelaxova\u0165 &nbsp;&#8230;<\/p>\n","protected":false},"featured_media":92156,"comment_status":"closed","ping_status":"closed","template":"","meta":{"_seopress_robots_primary_cat":"none","_seopress_titles_title":"","_seopress_titles_desc":"","_seopress_robots_index":""},"product_brand":[],"product_cat":[239,237,231],"product_tag":[],"class_list":{"0":"post-92153","1":"product","2":"type-product","3":"status-publish","4":"has-post-thumbnail","6":"product_cat-kovove-stolicky","7":"product_cat-stolicky","8":"product_cat-kresla","9":"pa_farba-malinova","10":"pa_farba-bezova","11":"pa_farba-modra","12":"pa_farba-ruzova","13":"pa_farba-siva","14":"pa_farba-svetlosiva","15":"pa_farba-zelena","16":"pa_farba-zlta","18":"first","19":"onbackorder","20":"shipping-taxable","21":"purchasable","22":"product-type-variable"},"_links":{"self":[{"href":"https:\/\/nabytoklaguna.sk\/sk\/wp-json\/wp\/v2\/product\/92153","targetHints":{"allow":["GET"]}}],"collection":[{"href":"https:\/\/nabytoklaguna.sk\/sk\/wp-json\/wp\/v2\/product"}],"about":[{"href":"https:\/\/nabytoklaguna.sk\/sk\/wp-json\/wp\/v2\/types\/product"}],"replies":[{"embeddable":true,"href":"https:\/\/nabytoklaguna.sk\/sk\/wp-json\/wp\/v2\/comments?post=92153"}],"wp:featuredmedia":[{"embeddable":true,"href":"https:\/\/nabytoklaguna.sk\/sk\/wp-json\/wp\/v2\/media\/92156"}],"wp:attachment":[{"href":"https:\/\/nabytoklaguna.sk\/sk\/wp-json\/wp\/v2\/media?parent=92153"}],"wp:term":[{"taxonomy":"product_brand","embeddable":true,"href":"https:\/\/nabytoklaguna.sk\/sk\/wp-json\/wp\/v2\/product_brand?post=92153"},{"taxonomy":"product_cat","embeddable":true,"href":"https:\/\/nabytoklaguna.sk\/sk\/wp-json\/wp\/v2\/product_cat?post=92153"},{"taxonomy":"product_tag","embeddable":true,"href":"https:\/\/nabytoklaguna.sk\/sk\/wp-json\/wp\/v2\/product_tag?post=92153"}],"curies":[{"name":"wp","href":"https:\/\/api.w.org\/{rel}","templated":true}]}}

<p>Pôvabné kreslo <strong>FEDRIS</strong> sa dokonale hodí do modernej či tradičnej domácnosti. Prešívané sedadlo dodávajú kreslo ten správny <em>look.  </em>Kreslo je čalúnené látkou VELVET vo viacerých farebných prevedeniach, dokonale ho doladíte k svojmu interiéru. Stabilitu zabezpečujú kvalitné kovové nohy v čiernom prevedení. Kreslo FEDRIS Vám poskytne miesto, kde si môžete po náročnom dni oddýchnuť a zrelaxovať</p>
<p>&nbsp;</p>
<p>VLASTNOSTI</p>
<div class="text">
<ul>
<li><b>Materiál čalúnenie:</b> látka VELVET</li>
<li><b>Farba:</b> béžová. modrá, svetlosivá, zelená, ružová, žltá,sivá</li>
<li><b>Materiál nohy:</b> kov</li>
<li><b>Farba:</b> čierny náter</li>
<li><b>Rozmery (ŠxHxV):</b> 58x68x80 cm</li>
<li><b>Výška sedu:</b> 47 cm</li>
<li><b>Hĺbka sedu:</b> 44 cm</li>
<li><b>Nosnosť:</b> 130 kg</li>
<li>Dodávané v demonte</li>
</ul>
</div>

<p>Pôvabné kreslo FEDRIS sa dokonale hodí do modernej či tradičnej domácnosti. Prešívané sedadlo dodávajú kreslo ten správny look.  Kreslo je čalúnené látkou VELVET vo viacerých farebných prevedeniach, dokonale ho doladíte k svojmu interiéru. Stabilitu zabezpečujú kvalitné kovové nohy v čiernom prevedení. Kreslo FEDRIS Vám poskytne miesto, kde si môžete po náročnom dni oddýchnuť a zrelaxovať &nbsp;&#8230;</p>
