{"id":92219,"date":"2021-01-26T15:09:51","date_gmt":"2021-01-26T14:09:51","guid":{"rendered":"https:\/\/nabytoklaguna.sk\/sk\/?post_type=product&#038;p=92219"},"modified":"2025-09-29T16:47:52","modified_gmt":"2025-09-29T14:47:52","slug":"k-dalio","status":"publish","type":"product","link":"https:\/\/nabytoklaguna.sk\/sk\/produkt\/k-dalio\/","title":{"rendered":"K DALIO"},"content":{"rendered":"<p>Luxusn\u00e9 kreslo <strong>DALIO<\/strong> V\u00e1s oh\u00fari hne\u010f na prav\u00fd poh\u013ead. Je \u010dal\u00fanen\u00e9 l\u00e1tkou vo farbe svetlosiv\u00e1 alebo b\u00e9\u017eov\u00e1. O stabilitu sa postaraj\u00fa mas\u00edvne bukov\u00e9 nohy. Ur\u010dite pote\u0161\u00ed aj to, \u017ee je oto\u010dn\u00e1 a tak ju m\u00f4\u017eete vyu\u017ei\u0165 nielen v kuchyni \u010di jed\u00e1lni, ale ocen\u00edte ju aj vo Va\u0161ej pracovni \u010di kancel\u00e1rii<\/p>\n<p><strong>VLASTNOSTI<\/strong><\/p>\n<div class=\"text\">\n<ul>\n<li><b>Materi\u00e1l \u010dal\u00fanenie:<\/b>\u00a0l\u00e1tka<\/li>\n<li><b>Farba:<\/b> svetlosiv\u00e1, b\u00e9\u017eov\u00e1<\/li>\n<li><b>Materi\u00e1l nohy:<\/b>\u00a0mas\u00edvne drevo<\/li>\n<li><b>Farba:<\/b>\u00a0buk<\/li>\n<li><b>Rozmery (\u0160xHxV):<\/b>\u00a058&#215;61,5&#215;82,5 cm<\/li>\n<li><b>V\u00fd\u0161ka sedu :<\/b>\u00a048 cm<\/li>\n<li><b>H\u013abka sedu:<\/b>\u00a045 cm<\/li>\n<li><b>\u0160\u00edrka sedu:<\/b>\u00a058 cm<\/li>\n<li><b>V\u00fd\u0161ka chrbtovej opierky:<\/b>\u00a040 cm<\/li>\n<li><b>\u0160\u00edrka chrbtovej opierky:<\/b>\u00a050 cm<\/li>\n<li><b>Maxim\u00e1lna nosnos\u0165:<\/b>\u00a0110 kg<\/li>\n<li>Dod\u00e1van\u00e9 v demonte<\/li>\n<\/ul>\n<\/div>\n","protected":false},"excerpt":{"rendered":"<p>Luxusn\u00e9 kreslo DALIO V\u00e1s oh\u00fari hne\u010f na prav\u00fd poh\u013ead. Je \u010dal\u00fanen\u00e9 l\u00e1tkou vo farbe svetlosiv\u00e1 alebo b\u00e9\u017eov\u00e1. O stabilitu sa postaraj\u00fa mas\u00edvne bukov\u00e9 nohy. Ur\u010dite pote\u0161\u00ed aj to, \u017ee je oto\u010dn\u00e1 a tak ju m\u00f4\u017eete vyu\u017ei\u0165 nielen v kuchyni \u010di jed\u00e1lni, ale ocen\u00edte ju aj vo Va\u0161ej pracovni \u010di kancel\u00e1rii VLASTNOSTI Materi\u00e1l \u010dal\u00fanenie:\u00a0l\u00e1tka Farba: svetlosiv\u00e1,&#8230;<\/p>\n","protected":false},"featured_media":92221,"comment_status":"closed","ping_status":"closed","template":"","meta":{"_seopress_robots_primary_cat":"none","_seopress_titles_title":"","_seopress_titles_desc":"","_seopress_robots_index":""},"product_brand":[],"product_cat":[238,237,231],"product_tag":[],"class_list":{"0":"post-92219","1":"product","2":"type-product","3":"status-publish","4":"has-post-thumbnail","6":"product_cat-drevene-stolicky","7":"product_cat-stolicky","8":"product_cat-kresla","9":"pa_farba-bezova","10":"pa_farba-svetlosiva","12":"first","13":"onbackorder","14":"shipping-taxable","15":"purchasable","16":"product-type-variable"},"_links":{"self":[{"href":"https:\/\/nabytoklaguna.sk\/sk\/wp-json\/wp\/v2\/product\/92219","targetHints":{"allow":["GET"]}}],"collection":[{"href":"https:\/\/nabytoklaguna.sk\/sk\/wp-json\/wp\/v2\/product"}],"about":[{"href":"https:\/\/nabytoklaguna.sk\/sk\/wp-json\/wp\/v2\/types\/product"}],"replies":[{"embeddable":true,"href":"https:\/\/nabytoklaguna.sk\/sk\/wp-json\/wp\/v2\/comments?post=92219"}],"wp:featuredmedia":[{"embeddable":true,"href":"https:\/\/nabytoklaguna.sk\/sk\/wp-json\/wp\/v2\/media\/92221"}],"wp:attachment":[{"href":"https:\/\/nabytoklaguna.sk\/sk\/wp-json\/wp\/v2\/media?parent=92219"}],"wp:term":[{"taxonomy":"product_brand","embeddable":true,"href":"https:\/\/nabytoklaguna.sk\/sk\/wp-json\/wp\/v2\/product_brand?post=92219"},{"taxonomy":"product_cat","embeddable":true,"href":"https:\/\/nabytoklaguna.sk\/sk\/wp-json\/wp\/v2\/product_cat?post=92219"},{"taxonomy":"product_tag","embeddable":true,"href":"https:\/\/nabytoklaguna.sk\/sk\/wp-json\/wp\/v2\/product_tag?post=92219"}],"curies":[{"name":"wp","href":"https:\/\/api.w.org\/{rel}","templated":true}]}}

<p>Luxusné kreslo <strong>DALIO</strong> Vás ohúri hneď na pravý pohľad. Je čalúnené látkou vo farbe svetlosivá alebo béžová. O stabilitu sa postarajú masívne bukové nohy. Určite poteší aj to, že je otočná a tak ju môžete využiť nielen v kuchyni či jedálni, ale oceníte ju aj vo Vašej pracovni či kancelárii</p>
<p><strong>VLASTNOSTI</strong></p>
<div class="text">
<ul>
<li><b>Materiál čalúnenie:</b> látka</li>
<li><b>Farba:</b> svetlosivá, béžová</li>
<li><b>Materiál nohy:</b> masívne drevo</li>
<li><b>Farba:</b> buk</li>
<li><b>Rozmery (ŠxHxV):</b> 58&#215;61,5&#215;82,5 cm</li>
<li><b>Výška sedu :</b> 48 cm</li>
<li><b>Hĺbka sedu:</b> 45 cm</li>
<li><b>Šírka sedu:</b> 58 cm</li>
<li><b>Výška chrbtovej opierky:</b> 40 cm</li>
<li><b>Šírka chrbtovej opierky:</b> 50 cm</li>
<li><b>Maximálna nosnosť:</b> 110 kg</li>
<li>Dodávané v demonte</li>
</ul>
</div>

<p>Luxusné kreslo DALIO Vás ohúri hneď na pravý pohľad. Je čalúnené látkou vo farbe svetlosivá alebo béžová. O stabilitu sa postarajú masívne bukové nohy. Určite poteší aj to, že je otočná a tak ju môžete využiť nielen v kuchyni či jedálni, ale oceníte ju aj vo Vašej pracovni či kancelárii VLASTNOSTI Materiál čalúnenie: látka Farba: svetlosivá,&#8230;</p>
