{"id":92227,"date":"2021-01-26T15:31:27","date_gmt":"2021-01-26T14:31:27","guid":{"rendered":"https:\/\/nabytoklaguna.sk\/sk\/?post_type=product&#038;p=92227"},"modified":"2026-03-31T15:23:18","modified_gmt":"2026-03-31T13:23:18","slug":"k-veleza","status":"publish","type":"product","link":"https:\/\/nabytoklaguna.sk\/sk\/produkt\/k-veleza\/","title":{"rendered":"K VELEZA"},"content":{"rendered":"<p>Modern\u00e1 a \u0161t\u00fdlov\u00e1 stoli\u010dka <strong>VELEZA<\/strong> V\u00e1m zaru\u010d\u00ed pohodln\u00e9 sedenie. Stoli\u010dka je oto\u010dn\u00e1, \u010d\u00edm je vhodn\u00e1 aj do kancel\u00e1rie \u010di pracovne. \u010cal\u00fanen\u00e1 je pr\u00edjemnou zamatovou l\u00e1tkou, o stabilitu sa postaraj\u00fa kovov\u00e9 nohy v \u010diernej farbe. Opierka stoli\u010dky je pre\u0161\u00edvan\u00e1 a zdoben\u00e1 dekorat\u00edvnymi gomb\u00edkmi. Doprajte si oddych po n\u00e1ro\u010dnom dni<\/p>\n<p>VLASTNOSTI<\/p>\n<div class=\"text\">\n<ul>\n<li><b>Materi\u00e1l \u010dal\u00fanenie:<\/b>\u00a0Velvet l\u00e1tka<\/li>\n<li><b>Farba:<\/b> hor\u010dicov\u00e1, tmavosiv\u00e1, siv\u00e1, zelen\u00e1,hned\u00e1, hnedosiv\u00e1 taupe<\/li>\n<li><b>Materi\u00e1l nohy:<\/b>\u00a0kov<\/li>\n<li><b>Farba:<\/b>\u00a0\u010dierna<\/li>\n<li><b>Rozmery (\u0160xHxV):<\/b>\u00a062x63x85 cm<\/li>\n<li><b>V\u00fd\u0161ka sedu :<\/b>\u00a048 cm<\/li>\n<li><b>H\u013abka sedu:<\/b>\u00a046 cm<\/li>\n<li><b>\u0160\u00edrka sedu:<\/b>\u00a048 cm<\/li>\n<li><b>V\u00fd\u0161ka chrbtovej opierky:<\/b>\u00a047,5 cm<\/li>\n<li><b>\u0160\u00edrka chrbtovej opierky:<\/b>\u00a047 cm<\/li>\n<li><b>Maxim\u00e1lna nosnos\u0165:<\/b>\u00a0110 kg<\/li>\n<li>Dod\u00e1van\u00e9 v demonte<\/li>\n<\/ul>\n<p>Farebn\u00e9 prevedenie: modr\u00e1, hor\u010dicov\u00e1, zelen\u00e1, hned\u00e1, siv\u00e1 na sklade od 02.04.2021<\/p>\n<\/div>\n","protected":false},"excerpt":{"rendered":"<p>Modern\u00e1 a \u0161t\u00fdlov\u00e1 stoli\u010dka VELEZA V\u00e1m zaru\u010d\u00ed pohodln\u00e9 sedenie. Stoli\u010dka je oto\u010dn\u00e1, \u010d\u00edm je vhodn\u00e1 aj do kancel\u00e1rie \u010di pracovne. \u010cal\u00fanen\u00e1 je pr\u00edjemnou zamatovou l\u00e1tkou, o stabilitu sa postaraj\u00fa kovov\u00e9 nohy v \u010diernej farbe. Opierka stoli\u010dky je pre\u0161\u00edvan\u00e1 a zdoben\u00e1 dekorat\u00edvnymi gomb\u00edkmi. Doprajte si oddych po n\u00e1ro\u010dnom dni VLASTNOSTI Materi\u00e1l \u010dal\u00fanenie:\u00a0Velvet l\u00e1tka Farba: hor\u010dicov\u00e1, tmavosiv\u00e1,&#8230;<\/p>\n","protected":false},"featured_media":92243,"comment_status":"closed","ping_status":"closed","template":"","meta":{"_seopress_robots_primary_cat":"none","_seopress_titles_title":"","_seopress_titles_desc":"","_seopress_robots_index":""},"product_brand":[],"product_cat":[239,237,231],"product_tag":[],"class_list":{"0":"post-92227","1":"product","2":"type-product","3":"status-publish","4":"has-post-thumbnail","6":"product_cat-kovove-stolicky","7":"product_cat-stolicky","8":"product_cat-kresla","9":"pa_farba-hnedosiva-taupe","10":"pa_farba-hneda","11":"pa_farba-horcicova","12":"pa_farba-modra","13":"pa_farba-siva","14":"pa_farba-tmavosiva","15":"pa_farba-zelena","17":"first","18":"onbackorder","19":"shipping-taxable","20":"purchasable","21":"product-type-variable"},"_links":{"self":[{"href":"https:\/\/nabytoklaguna.sk\/sk\/wp-json\/wp\/v2\/product\/92227","targetHints":{"allow":["GET"]}}],"collection":[{"href":"https:\/\/nabytoklaguna.sk\/sk\/wp-json\/wp\/v2\/product"}],"about":[{"href":"https:\/\/nabytoklaguna.sk\/sk\/wp-json\/wp\/v2\/types\/product"}],"replies":[{"embeddable":true,"href":"https:\/\/nabytoklaguna.sk\/sk\/wp-json\/wp\/v2\/comments?post=92227"}],"wp:featuredmedia":[{"embeddable":true,"href":"https:\/\/nabytoklaguna.sk\/sk\/wp-json\/wp\/v2\/media\/92243"}],"wp:attachment":[{"href":"https:\/\/nabytoklaguna.sk\/sk\/wp-json\/wp\/v2\/media?parent=92227"}],"wp:term":[{"taxonomy":"product_brand","embeddable":true,"href":"https:\/\/nabytoklaguna.sk\/sk\/wp-json\/wp\/v2\/product_brand?post=92227"},{"taxonomy":"product_cat","embeddable":true,"href":"https:\/\/nabytoklaguna.sk\/sk\/wp-json\/wp\/v2\/product_cat?post=92227"},{"taxonomy":"product_tag","embeddable":true,"href":"https:\/\/nabytoklaguna.sk\/sk\/wp-json\/wp\/v2\/product_tag?post=92227"}],"curies":[{"name":"wp","href":"https:\/\/api.w.org\/{rel}","templated":true}]}}

<p>Moderná a štýlová stolička <strong>VELEZA</strong> Vám zaručí pohodlné sedenie. Stolička je otočná, čím je vhodná aj do kancelárie či pracovne. Čalúnená je príjemnou zamatovou látkou, o stabilitu sa postarajú kovové nohy v čiernej farbe. Opierka stoličky je prešívaná a zdobená dekoratívnymi gombíkmi. Doprajte si oddych po náročnom dni</p>
<p>VLASTNOSTI</p>
<div class="text">
<ul>
<li><b>Materiál čalúnenie:</b> Velvet látka</li>
<li><b>Farba:</b> horčicová, tmavosivá, sivá, zelená,hnedá, hnedosivá taupe</li>
<li><b>Materiál nohy:</b> kov</li>
<li><b>Farba:</b> čierna</li>
<li><b>Rozmery (ŠxHxV):</b> 62x63x85 cm</li>
<li><b>Výška sedu :</b> 48 cm</li>
<li><b>Hĺbka sedu:</b> 46 cm</li>
<li><b>Šírka sedu:</b> 48 cm</li>
<li><b>Výška chrbtovej opierky:</b> 47,5 cm</li>
<li><b>Šírka chrbtovej opierky:</b> 47 cm</li>
<li><b>Maximálna nosnosť:</b> 110 kg</li>
<li>Dodávané v demonte</li>
</ul>
<p>Farebné prevedenie: modrá, horčicová, zelená, hnedá, sivá na sklade od 02.04.2021</p>
</div>

<p>Moderná a štýlová stolička VELEZA Vám zaručí pohodlné sedenie. Stolička je otočná, čím je vhodná aj do kancelárie či pracovne. Čalúnená je príjemnou zamatovou látkou, o stabilitu sa postarajú kovové nohy v čiernej farbe. Opierka stoličky je prešívaná a zdobená dekoratívnymi gombíkmi. Doprajte si oddych po náročnom dni VLASTNOSTI Materiál čalúnenie: Velvet látka Farba: horčicová, tmavosivá,&#8230;</p>
