{"id":9249,"date":"2021-02-22T16:54:36","date_gmt":"2021-02-22T15:54:36","guid":{"rendered":"http:\/\/nabytoklaguna.sk\/sk\/?post_type=product&#038;p=9249"},"modified":"2025-06-02T15:08:31","modified_gmt":"2025-06-02T13:08:31","slug":"mexx","status":"publish","type":"product","link":"https:\/\/nabytoklaguna.sk\/sk\/produkt\/mexx\/","title":{"rendered":"K MEXX"},"content":{"rendered":"<p>Zam\u00fd\u0161\u013eate nad k\u00fapou novej sedacej s\u00fapravy? Porad\u00edme V\u00e1m kr\u00e1snu a modern\u00fa sedaciu s\u00fapravu MEXX. V\u010faka svoj\u00edm rozmerom je vhodn\u00e1 aj do men\u0161\u00edch priestorov. Funkcia <strong>rozkladu<\/strong> nesmie tejto kr\u00e1savici ch\u00fdba\u0165. Neo\u010dak\u00e1van\u00e1 n\u00e1v\u0161teva V\u00e1s u\u017e neprekvap\u00ed.\u00a0 V kon\u0161trukcii seda\u010dky n\u00e1jdete <strong>\u00falo\u017en\u00fd priestor,<\/strong> veci, ktor\u00e9 potrebujete ma\u0165 po ruke si v \u0148om n\u00e1jdu svoje miesto. Mo\u017enos\u0165 v\u00fdberu prav\u00e9ho alebo \u013eav\u00e9ho prevedenia. V\u00fd\u0161ka spodn\u00e9ho priestoru od podlahy je 4 cm<\/p>\n<p>&nbsp;<\/p>\n<h3 class=\"page-product-heading\">VLASTNOSTI<\/h3>\n<table class=\"table-data-sheet\">\n<tbody>\n<tr class=\"odd\">\n<td>H\u013abka<\/td>\n<td>140 cm<\/td>\n<\/tr>\n<tr class=\"even\">\n<td>\u0160\u00edrka<\/td>\n<td>203 cm<\/td>\n<\/tr>\n<tr class=\"odd\">\n<td>V\u00fd\u0161ka<\/td>\n<td>75 cm<\/td>\n<\/tr>\n<tr class=\"even\">\n<td>Vhodn\u00e1 miestnos\u0165<\/td>\n<td>ob\u00fdva\u010dka, spolo\u010densk\u00e1 miestnos\u0165, hotely, kaviarne<\/td>\n<\/tr>\n<tr class=\"odd\">\n<td>Typ n\u00e1bytku<\/td>\n<td>\u00a0sedacia s\u00faprava<\/td>\n<\/tr>\n<tr class=\"even\">\n<td>\u0160t\u00fdl n\u00e1bytku<\/td>\n<td>modern\u00fd<\/td>\n<\/tr>\n<tr class=\"odd\">\n<td>Z\u00e1ruka<\/td>\n<td>2 roky<\/td>\n<\/tr>\n<tr class=\"even\">\n<td>Sp\u00f4sob dodania<\/td>\n<td>demont v dvoch bal\u00edkoch<\/td>\n<\/tr>\n<tr class=\"odd\">\n<td>Hmotnos\u0165<\/td>\n<td>100 kg<\/td>\n<\/tr>\n<tr class=\"even\">\n<td>\u00dalo\u017en\u00fd priestor<\/td>\n<td>nie<\/td>\n<\/tr>\n<tr class=\"odd\">\n<td>Rohov\u00e9 prevedenie<\/td>\n<td>\u00e1no<\/td>\n<\/tr>\n<tr class=\"even\">\n<td>V\u00fd\u0161ka sed\u00e1ka<\/td>\n<td>37 cm<\/td>\n<\/tr>\n<tr class=\"odd\">\n<td>V\u00fd\u0161ka zadn\u00e9ho \u010dela<\/td>\n<td>max. 75 cm<\/td>\n<\/tr>\n<tr class=\"even\">\n<td>Mo\u017enos\u0165 rozkladania<\/td>\n<td>\u00e1no<\/td>\n<\/tr>\n<tr class=\"odd\">\n<td>Plocha na spanie<\/td>\n<td>127x203cm<\/td>\n<\/tr>\n<tr class=\"even\">\n<td>Kon\u0161trukcia<\/td>\n<td>DTD<\/td>\n<\/tr>\n<tr class=\"odd\">\n<td><\/td>\n<td><\/td>\n<\/tr>\n<tr class=\"even\">\n<td>Obsahuje vank\u00fa\u0161e<\/td>\n<td>\u00e1no<\/td>\n<\/tr>\n<tr class=\"odd\">\n<td>Nastavenie opierok<\/td>\n<td>nie<\/td>\n<\/tr>\n<tr class=\"even\">\n<td>V\u00fdpl\u0148 seda\u010dky<\/td>\n<td>pena+ pru\u017eina<\/td>\n<\/tr>\n<\/tbody>\n<\/table>\n<p>&nbsp;<\/p>\n<p>&nbsp;<\/p>\n","protected":false},"excerpt":{"rendered":"<p>Zam\u00fd\u0161\u013eate nad k\u00fapou novej sedacej s\u00fapravy? Porad\u00edme V\u00e1m kr\u00e1snu a modern\u00fa sedaciu s\u00fapravu MEXX. V\u010faka svoj\u00edm rozmerom je vhodn\u00e1 aj do men\u0161\u00edch priestorov. Funkcia rozkladu nesmie tejto kr\u00e1savici ch\u00fdba\u0165. Neo\u010dak\u00e1van\u00e1 n\u00e1v\u0161teva V\u00e1s u\u017e neprekvap\u00ed.\u00a0 V kon\u0161trukcii seda\u010dky n\u00e1jdete \u00falo\u017en\u00fd priestor, veci, ktor\u00e9 potrebujete ma\u0165 po ruke si v \u0148om n\u00e1jdu svoje miesto. Mo\u017enos\u0165 v\u00fdberu prav\u00e9ho&#8230;<\/p>\n","protected":false},"featured_media":83125,"comment_status":"closed","ping_status":"closed","template":"","meta":{"_seopress_robots_primary_cat":"255","_seopress_titles_title":"","_seopress_titles_desc":"","_seopress_robots_index":""},"product_brand":[],"product_cat":[255],"product_tag":[],"class_list":{"0":"post-9249","1":"product","2":"type-product","3":"status-publish","4":"has-post-thumbnail","6":"product_cat-rohove-supravy","8":"first","9":"onbackorder","10":"shipping-taxable","11":"purchasable","12":"product-type-variable"},"_links":{"self":[{"href":"https:\/\/nabytoklaguna.sk\/sk\/wp-json\/wp\/v2\/product\/9249","targetHints":{"allow":["GET"]}}],"collection":[{"href":"https:\/\/nabytoklaguna.sk\/sk\/wp-json\/wp\/v2\/product"}],"about":[{"href":"https:\/\/nabytoklaguna.sk\/sk\/wp-json\/wp\/v2\/types\/product"}],"replies":[{"embeddable":true,"href":"https:\/\/nabytoklaguna.sk\/sk\/wp-json\/wp\/v2\/comments?post=9249"}],"wp:featuredmedia":[{"embeddable":true,"href":"https:\/\/nabytoklaguna.sk\/sk\/wp-json\/wp\/v2\/media\/83125"}],"wp:attachment":[{"href":"https:\/\/nabytoklaguna.sk\/sk\/wp-json\/wp\/v2\/media?parent=9249"}],"wp:term":[{"taxonomy":"product_brand","embeddable":true,"href":"https:\/\/nabytoklaguna.sk\/sk\/wp-json\/wp\/v2\/product_brand?post=9249"},{"taxonomy":"product_cat","embeddable":true,"href":"https:\/\/nabytoklaguna.sk\/sk\/wp-json\/wp\/v2\/product_cat?post=9249"},{"taxonomy":"product_tag","embeddable":true,"href":"https:\/\/nabytoklaguna.sk\/sk\/wp-json\/wp\/v2\/product_tag?post=9249"}],"curies":[{"name":"wp","href":"https:\/\/api.w.org\/{rel}","templated":true}]}}

<p>Zamýšľate nad kúpou novej sedacej súpravy? Poradíme Vám krásnu a modernú sedaciu súpravu MEXX. Vďaka svojím rozmerom je vhodná aj do menších priestorov. Funkcia <strong>rozkladu</strong> nesmie tejto krásavici chýbať. Neočakávaná návšteva Vás už neprekvapí.  V konštrukcii sedačky nájdete <strong>úložný priestor,</strong> veci, ktoré potrebujete mať po ruke si v ňom nájdu svoje miesto. Možnosť výberu pravého alebo ľavého prevedenia. Výška spodného priestoru od podlahy je 4 cm</p>
<p>&nbsp;</p>
<h3 class="page-product-heading">VLASTNOSTI</h3>
<table class="table-data-sheet">
<tbody>
<tr class="odd">
<td>Hĺbka</td>
<td>140 cm</td>
</tr>
<tr class="even">
<td>Šírka</td>
<td>203 cm</td>
</tr>
<tr class="odd">
<td>Výška</td>
<td>75 cm</td>
</tr>
<tr class="even">
<td>Vhodná miestnosť</td>
<td>obývačka, spoločenská miestnosť, hotely, kaviarne</td>
</tr>
<tr class="odd">
<td>Typ nábytku</td>
<td> sedacia súprava</td>
</tr>
<tr class="even">
<td>Štýl nábytku</td>
<td>moderný</td>
</tr>
<tr class="odd">
<td>Záruka</td>
<td>2 roky</td>
</tr>
<tr class="even">
<td>Spôsob dodania</td>
<td>demont v dvoch balíkoch</td>
</tr>
<tr class="odd">
<td>Hmotnosť</td>
<td>100 kg</td>
</tr>
<tr class="even">
<td>Úložný priestor</td>
<td>nie</td>
</tr>
<tr class="odd">
<td>Rohové prevedenie</td>
<td>áno</td>
</tr>
<tr class="even">
<td>Výška sedáka</td>
<td>37 cm</td>
</tr>
<tr class="odd">
<td>Výška zadného čela</td>
<td>max. 75 cm</td>
</tr>
<tr class="even">
<td>Možnosť rozkladania</td>
<td>áno</td>
</tr>
<tr class="odd">
<td>Plocha na spanie</td>
<td>127x203cm</td>
</tr>
<tr class="even">
<td>Konštrukcia</td>
<td>DTD</td>
</tr>
<tr class="odd">
<td></td>
<td></td>
</tr>
<tr class="even">
<td>Obsahuje vankúše</td>
<td>áno</td>
</tr>
<tr class="odd">
<td>Nastavenie opierok</td>
<td>nie</td>
</tr>
<tr class="even">
<td>Výplň sedačky</td>
<td>pena+ pružina</td>
</tr>
</tbody>
</table>
<p>&nbsp;</p>
<p>&nbsp;</p>

<p>Zamýšľate nad kúpou novej sedacej súpravy? Poradíme Vám krásnu a modernú sedaciu súpravu MEXX. Vďaka svojím rozmerom je vhodná aj do menších priestorov. Funkcia rozkladu nesmie tejto krásavici chýbať. Neočakávaná návšteva Vás už neprekvapí.  V konštrukcii sedačky nájdete úložný priestor, veci, ktoré potrebujete mať po ruke si v ňom nájdu svoje miesto. Možnosť výberu pravého&#8230;</p>
