{"id":92502,"date":"2021-01-28T17:03:17","date_gmt":"2021-01-28T16:03:17","guid":{"rendered":"https:\/\/nabytoklaguna.sk\/sk\/?post_type=product&#038;p=92502"},"modified":"2026-02-18T08:33:17","modified_gmt":"2026-02-18T07:33:17","slug":"tempo-kondela-be-kellen","status":"publish","type":"product","link":"https:\/\/nabytoklaguna.sk\/sk\/produkt\/tempo-kondela-be-kellen\/","title":{"rendered":"Tempo Kondela BE KELLEN"},"content":{"rendered":"<p>Zdravotn\u00fd <b>matrac BE KELLEN<\/b>\u00a0dokonale zregeneruje va\u0161e telo a u\u013eav\u00ed unavenej chrbtici. Komfortn\u00fd\u00a0<b>sendvi\u010dov\u00fd matrac z kvalitnej peny s povrchovou 7 z\u00f3novou profil\u00e1ciou r\u00f4znej tuhosti<\/b>\u00a0je \u0161peci\u00e1lne tvarovan\u00fd a dokonale prevzdu\u0161nen\u00fd. Tak\u00e1to profil\u00e1cia prekrvuje poko\u017eku a uvo\u013e\u0148uje svalstvo po\u010das sp\u00e1nku. BE KELLEN pon\u00faka mo\u017enos\u0165 zvoli\u0165 si\u00a0<b>stranu s tvarovan\u00fdm povrchom\u00a0<\/b>alebo\u00a0<b>druh\u00fa stranu s antidekubitn\u00fdm prierezom<\/b>. Rad\u00ed sa medzi\u00a0<b>zdravotn\u00e9 matrace<\/b>. Strana s\u00a0<b>antidekubitn\u00fdm prierezom &#8211; siv\u00e1 \u010das\u0165<\/b>\u00a0&#8211; zabezpe\u010duje dokonal\u00e9 prevzdu\u0161nenie pre optim\u00e1lnu regener\u00e1ciu organizmu, obmedzuje tvorbu prele\u017ean\u00edn, umo\u017e\u0148uje kop\u00edrovanie tela a oporu svalov. Antidekubitn\u00fd matrac sa\u00a0<b>odpor\u00fa\u010da dlhodobo le\u017eiacim pacientom. <\/b><b>PUR pena<\/b>\u00a0je ve\u013emi ob\u013e\u00faben\u00e1 pri v\u00fdrobe matracov. Vynik\u00e1 v\u00fdborn\u00fdmi vlastnos\u0165ami. Matrac z PUR peny je\u00a0<b>na za\u010diatku tuh\u0161\u00ed, pou\u017e\u00edvan\u00edm sa st\u00e1va komfortnej\u0161\u00edm<\/b>\u00a0bez toho, aby str\u00e1cal na objeme. Matrace z PUR peny s\u00fa ve\u013emi ob\u013e\u00faben\u00e9 kv\u00f4li svojim\u00a0<b>ortopedick\u00fdm a antialergick\u00fdm vlastnostiam<\/b>. Navy\u0161e maj\u00fa n\u00edzku hmotnos\u0165, a preto sa s nimi \u013eahko a jednoducho manipuluje. Najv\u00e4\u010d\u0161ou v\u00fdhodou tejto peny je\u00a0<b>odolnos\u0165 vo\u010di prele\u017eaniu<\/b>, \u010do je naj\u010dastej\u0161\u00ed d\u00f4vod v\u00fdmeny matraca. Matrac m\u00e1\u00a0<b>sn\u00edmate\u013en\u00fd po\u0165ah<\/b>\u00a0vyroben\u00fd vo verzii\u00a0<b>CHLOE AKTIV<\/b>\u00a0s klimatiza\u010dnou v\u00fdpl\u0148ou\u00a0<b>PES dut\u00fdm vl\u00e1knom 200gr\/m2<\/b>. Po\u0165ah je snehovobiely. Na dotyk pr\u00edjemn\u00fd po\u0165ah ocenia predov\u0161etk\u00fdm<b>\u00a0\u013eudia s citlivou poko\u017ekou<\/b>. Je kvalitn\u00fd s\u00a0<b>certifik\u00e1tom OEKO-TEX STANDARD<\/b>. Bol\u00a0<b>testovan\u00fd<\/b>\u00a0na pH hodnotu, obsah formaldehydu, pr\u00edtomnos\u0165 pestic\u00eddov, obsah \u0165a\u017ek\u00fdch kovov, konzerva\u010dn\u00fdch l\u00e1tok, tie\u017e na pr\u00edtomnos\u0165 alergizuj\u00facich a potenci\u00e1lne karcinog\u00e9nnych farb\u00edv. Tento\u00a0<b>zdravotne nez\u00e1vadn\u00fd<\/b>\u00a0po\u0165ah je odpor\u00fa\u010dan\u00fd odborn\u00edkmi. Je mo\u017en\u00e9 pra\u0165 ho v pr\u00e1\u010dke pri teplote\u00a0<b>60 \u00b0C<\/b>.<\/p>\n<ul>\n<li>Cenovo v\u00fdhodn\u00fd zdravotn\u00fd matrac<\/li>\n<li>Vhodn\u00fd pre dlhodobo le\u017eiacich pacientov<\/li>\n<li><b>Materi\u00e1l:<\/b>\u00a0PUR pena<\/li>\n<li><b>Po\u0165ah:<\/b>\u00a0snehovobiela<\/li>\n<li>7 z\u00f3nov\u00e1 vrchn\u00e1 vrstva z PUR peny 28 kg\/m3<\/li>\n<li>PUR jadro 28 kg\/m3<\/li>\n<li>7 z\u00f3nov\u00e1 spodn\u00e1 vrstva z PUR peny 30 kg\/m3<\/li>\n<li>Obojstrann\u00fd matrac &#8211; tvrd\u0161ia a m\u00e4k\u0161ia strana<\/li>\n<li><b>Tvrdos\u0165 matraca:<\/b>\u00a0stredne tvrd\u00fd<\/li>\n<li>Stredne tvrd\u00fd matrac sa dok\u00e1\u017ee najlep\u0161ie prisp\u00f4sobi\u0165 le\u017eiacemu, nevytv\u00e1ra protitlak a udr\u017euje chrbticu v rovine. Je vhodn\u00fd pre \u013eud\u00ed s hmotnos\u0165ou od 70 do 110 kilogramov. Tento typ sa hod\u00ed na spanie v akejko\u013evek polohe.<\/li>\n<li>Jedna strana s tvarovanou profil\u00e1ciou<\/li>\n<li>Druh\u00e1 strana s antidekubitn\u00fdm prierezom<\/li>\n<li><b>V\u00fd\u0161ka matraca:<\/b>\u00a016 cm<\/li>\n<li><b>Nosnos\u0165:<\/b>\u00a0110 kg<\/li>\n<li>Sn\u00edmate\u013en\u00fd po\u0165ah CHLOE AKTIV<\/li>\n<li>Po\u0165ah s certifik\u00e1tom OEKO-TEX STANDARD<\/li>\n<li>Po\u0165ah pre\u0161it\u00fd PES dut\u00fdm vl\u00e1knom<\/li>\n<li>Po\u0165ah je sn\u00edmate\u013en\u00fd<\/li>\n<li>Mo\u017en\u00e9 pra\u0165 pri teplote max. 60 \u00b0C<\/li>\n<li>Na lamelov\u00fd ro\u0161t<\/li>\n<li>So siedmimi z\u00f3nami<\/li>\n<li><b>Antidekubitn\u00fd<\/b><\/li>\n<li>Antibakteri\u00e1lny<\/li>\n<li>Antirozto\u010dov\u00fd<\/li>\n<li>So zipsom<\/li>\n<li><b>Kvalitn\u00fd slovensk\u00fd v\u00fdrobok<\/b><\/li>\n<\/ul>\n<p><img decoding=\"async\" src=\"https:\/\/www.temponabytok.sk\/uploads\/images\/piktogramy_popis\/PUR_pena.jpg\" \/>\u00a0<img decoding=\"async\" src=\"https:\/\/www.temponabytok.sk\/uploads\/images\/piktogramy_popis\/zonovany.jpg\" \/>\u00a0<img decoding=\"async\" src=\"https:\/\/www.temponabytok.sk\/uploads\/images\/piktogramy_popis\/antialergicky.jpg\" \/>\u00a0<img decoding=\"async\" src=\"https:\/\/www.temponabytok.sk\/uploads\/images\/piktogramy_popis\/regulovatelny_rost.jpg\" \/>\u00a0<img decoding=\"async\" src=\"https:\/\/www.temponabytok.sk\/uploads\/images\/piktogramy_popis\/makka_a_tvrda.jpg\" \/>\u00a0<img decoding=\"async\" src=\"https:\/\/www.temponabytok.sk\/uploads\/images\/piktogramy_popis\/teplota_prania.jpg\" \/>\u00a0<img decoding=\"async\" src=\"https:\/\/www.temponabytok.sk\/uploads\/images\/piktogramy_popis\/zips.jpg\" \/>\u00a0<img decoding=\"async\" src=\"https:\/\/www.temponabytok.sk\/uploads\/images\/piktogramy_popis\/nosnost_110kg.jpg\" \/>\u00a0<img decoding=\"async\" src=\"https:\/\/www.temponabytok.sk\/uploads\/images\/piktogramy_popis\/Dute%20vlakno.jpg\" \/><\/p>\n<div class=\"text\">\n<p>&nbsp;<\/p>\n<\/div>\n","protected":false},"excerpt":{"rendered":"<p>Zdravotn\u00fd matrac BE KELLEN\u00a0dokonale zregeneruje va\u0161e telo a u\u013eav\u00ed unavenej chrbtici. Komfortn\u00fd\u00a0sendvi\u010dov\u00fd matrac z kvalitnej peny s povrchovou 7 z\u00f3novou profil\u00e1ciou r\u00f4znej tuhosti\u00a0je \u0161peci\u00e1lne tvarovan\u00fd a dokonale prevzdu\u0161nen\u00fd. Tak\u00e1to profil\u00e1cia prekrvuje poko\u017eku a uvo\u013e\u0148uje svalstvo po\u010das sp\u00e1nku. BE KELLEN pon\u00faka mo\u017enos\u0165 zvoli\u0165 si\u00a0stranu s tvarovan\u00fdm povrchom\u00a0alebo\u00a0druh\u00fa stranu s antidekubitn\u00fdm prierezom. Rad\u00ed sa medzi\u00a0zdravotn\u00e9 matrace. Strana&#8230;<\/p>\n","protected":false},"featured_media":92504,"comment_status":"closed","ping_status":"closed","template":"","meta":{"_seopress_robots_primary_cat":"none","_seopress_titles_title":"","_seopress_titles_desc":"","_seopress_robots_index":""},"product_brand":[],"product_cat":[1100,227,229],"product_tag":[],"class_list":{"0":"post-92502","1":"product","2":"type-product","3":"status-publish","4":"has-post-thumbnail","6":"product_cat-klasicke","7":"product_cat-rosty-matrace","8":"product_cat-matrace","10":"first","11":"onbackorder","12":"shipping-taxable","13":"purchasable","14":"product-type-variable"},"_links":{"self":[{"href":"https:\/\/nabytoklaguna.sk\/sk\/wp-json\/wp\/v2\/product\/92502","targetHints":{"allow":["GET"]}}],"collection":[{"href":"https:\/\/nabytoklaguna.sk\/sk\/wp-json\/wp\/v2\/product"}],"about":[{"href":"https:\/\/nabytoklaguna.sk\/sk\/wp-json\/wp\/v2\/types\/product"}],"replies":[{"embeddable":true,"href":"https:\/\/nabytoklaguna.sk\/sk\/wp-json\/wp\/v2\/comments?post=92502"}],"wp:featuredmedia":[{"embeddable":true,"href":"https:\/\/nabytoklaguna.sk\/sk\/wp-json\/wp\/v2\/media\/92504"}],"wp:attachment":[{"href":"https:\/\/nabytoklaguna.sk\/sk\/wp-json\/wp\/v2\/media?parent=92502"}],"wp:term":[{"taxonomy":"product_brand","embeddable":true,"href":"https:\/\/nabytoklaguna.sk\/sk\/wp-json\/wp\/v2\/product_brand?post=92502"},{"taxonomy":"product_cat","embeddable":true,"href":"https:\/\/nabytoklaguna.sk\/sk\/wp-json\/wp\/v2\/product_cat?post=92502"},{"taxonomy":"product_tag","embeddable":true,"href":"https:\/\/nabytoklaguna.sk\/sk\/wp-json\/wp\/v2\/product_tag?post=92502"}],"curies":[{"name":"wp","href":"https:\/\/api.w.org\/{rel}","templated":true}]}}

<p>Zdravotný <b>matrac BE KELLEN</b> dokonale zregeneruje vaše telo a uľaví unavenej chrbtici. Komfortný <b>sendvičový matrac z kvalitnej peny s povrchovou 7 zónovou profiláciou rôznej tuhosti</b> je špeciálne tvarovaný a dokonale prevzdušnený. Takáto profilácia prekrvuje pokožku a uvoľňuje svalstvo počas spánku. BE KELLEN ponúka možnosť zvoliť si <b>stranu s tvarovaným povrchom </b>alebo <b>druhú stranu s antidekubitným prierezom</b>. Radí sa medzi <b>zdravotné matrace</b>. Strana s <b>antidekubitným prierezom &#8211; sivá časť</b> &#8211; zabezpečuje dokonalé prevzdušnenie pre optimálnu regeneráciu organizmu, obmedzuje tvorbu preležanín, umožňuje kopírovanie tela a oporu svalov. Antidekubitný matrac sa <b>odporúča dlhodobo ležiacim pacientom. </b><b>PUR pena</b> je veľmi obľúbená pri výrobe matracov. Vyniká výbornými vlastnosťami. Matrac z PUR peny je <b>na začiatku tuhší, používaním sa stáva komfortnejším</b> bez toho, aby strácal na objeme. Matrace z PUR peny sú veľmi obľúbené kvôli svojim <b>ortopedickým a antialergickým vlastnostiam</b>. Navyše majú nízku hmotnosť, a preto sa s nimi ľahko a jednoducho manipuluje. Najväčšou výhodou tejto peny je <b>odolnosť voči preležaniu</b>, čo je najčastejší dôvod výmeny matraca. Matrac má <b>snímateľný poťah</b> vyrobený vo verzii <b>CHLOE AKTIV</b> s klimatizačnou výplňou <b>PES dutým vláknom 200gr/m2</b>. Poťah je snehovobiely. Na dotyk príjemný poťah ocenia predovšetkým<b> ľudia s citlivou pokožkou</b>. Je kvalitný s <b>certifikátom OEKO-TEX STANDARD</b>. Bol <b>testovaný</b> na pH hodnotu, obsah formaldehydu, prítomnosť pesticídov, obsah ťažkých kovov, konzervačných látok, tiež na prítomnosť alergizujúcich a potenciálne karcinogénnych farbív. Tento <b>zdravotne nezávadný</b> poťah je odporúčaný odborníkmi. Je možné prať ho v práčke pri teplote <b>60 °C</b>.</p>
<ul>
<li>Cenovo výhodný zdravotný matrac</li>
<li>Vhodný pre dlhodobo ležiacich pacientov</li>
<li><b>Materiál:</b> PUR pena</li>
<li><b>Poťah:</b> snehovobiela</li>
<li>7 zónová vrchná vrstva z PUR peny 28 kg/m3</li>
<li>PUR jadro 28 kg/m3</li>
<li>7 zónová spodná vrstva z PUR peny 30 kg/m3</li>
<li>Obojstranný matrac &#8211; tvrdšia a mäkšia strana</li>
<li><b>Tvrdosť matraca:</b> stredne tvrdý</li>
<li>Stredne tvrdý matrac sa dokáže najlepšie prispôsobiť ležiacemu, nevytvára protitlak a udržuje chrbticu v rovine. Je vhodný pre ľudí s hmotnosťou od 70 do 110 kilogramov. Tento typ sa hodí na spanie v akejkoľvek polohe.</li>
<li>Jedna strana s tvarovanou profiláciou</li>
<li>Druhá strana s antidekubitným prierezom</li>
<li><b>Výška matraca:</b> 16 cm</li>
<li><b>Nosnosť:</b> 110 kg</li>
<li>Snímateľný poťah CHLOE AKTIV</li>
<li>Poťah s certifikátom OEKO-TEX STANDARD</li>
<li>Poťah prešitý PES dutým vláknom</li>
<li>Poťah je snímateľný</li>
<li>Možné prať pri teplote max. 60 °C</li>
<li>Na lamelový rošt</li>
<li>So siedmimi zónami</li>
<li><b>Antidekubitný</b></li>
<li>Antibakteriálny</li>
<li>Antiroztočový</li>
<li>So zipsom</li>
<li><b>Kvalitný slovenský výrobok</b></li>
</ul>
<p><img decoding="async" src="https://www.temponabytok.sk/uploads/images/piktogramy_popis/PUR_pena.jpg" /> <img decoding="async" src="https://www.temponabytok.sk/uploads/images/piktogramy_popis/zonovany.jpg" /> <img decoding="async" src="https://www.temponabytok.sk/uploads/images/piktogramy_popis/antialergicky.jpg" /> <img decoding="async" src="https://www.temponabytok.sk/uploads/images/piktogramy_popis/regulovatelny_rost.jpg" /> <img decoding="async" src="https://www.temponabytok.sk/uploads/images/piktogramy_popis/makka_a_tvrda.jpg" /> <img decoding="async" src="https://www.temponabytok.sk/uploads/images/piktogramy_popis/teplota_prania.jpg" /> <img decoding="async" src="https://www.temponabytok.sk/uploads/images/piktogramy_popis/zips.jpg" /> <img decoding="async" src="https://www.temponabytok.sk/uploads/images/piktogramy_popis/nosnost_110kg.jpg" /> <img decoding="async" src="https://www.temponabytok.sk/uploads/images/piktogramy_popis/Dute%20vlakno.jpg" /></p>
<div class="text">
<p>&nbsp;</p>
</div>

<p>Zdravotný matrac BE KELLEN dokonale zregeneruje vaše telo a uľaví unavenej chrbtici. Komfortný sendvičový matrac z kvalitnej peny s povrchovou 7 zónovou profiláciou rôznej tuhosti je špeciálne tvarovaný a dokonale prevzdušnený. Takáto profilácia prekrvuje pokožku a uvoľňuje svalstvo počas spánku. BE KELLEN ponúka možnosť zvoliť si stranu s tvarovaným povrchom alebo druhú stranu s antidekubitným prierezom. Radí sa medzi zdravotné matrace. Strana&#8230;</p>
